000
CDUS43 KMPX 210647
CLIMSP


CLIMATE REPORT
NATIONAL WEATHER SERVICE CHANHASSEN MN
146 AM CDT SAT MAR 21 2015


...................................

...THE TWIN CITIES MN CLIMATE SUMMARY FOR MARCH 20 2015...

CLIMATE NORMAL PERIOD 1981 TO 2010
CLIMATE RECORD PERIOD 1871 TO 2015


WEATHER ITEM   OBSERVED TIME   RECORD YEAR NORMAL DEPARTURE LAST
                VALUE   (LST)  VALUE       VALUE  FROM      YEAR
                                                  NORMAL
..................................................................
TEMPERATURE (F)
 YESTERDAY
  MAXIMUM         56    445 PM  66    1938  43     13       44
  MINIMUM         32    639 AM  -9    1965  26      6       22
  AVERAGE         44                        34     10       33

PRECIPITATION (IN)
  YESTERDAY        T             0.86 1921   0.07  -0.07     0.00
  MONTH TO DATE    0.13                      1.13  -1.00     0.29
  SINCE MAR 1      0.13                      1.13  -1.00     0.29
  SINCE JAN 1      0.82                      2.80  -1.98     3.12

SNOWFALL (IN)
  YESTERDAY        0.0           7.0  1886   0.3   -0.3      0.0
  MONTH TO DATE    1.9                       7.7   -5.8      3.4
  SINCE MAR 1      1.9                       7.7   -5.8      3.4
  SINCE JUL 1     27.2                      49.4  -22.2     61.5
  SNOW DEPTH       0

DEGREE DAYS
 HEATING
  YESTERDAY       21                        30     -9       32
  MONTH TO DATE  582                       694   -112      829
  SINCE MAR 1    582                       694   -112      829
  SINCE JUL 1   6547                      6484     63     7282

 COOLING
  YESTERDAY        0                         0      0        0
  MONTH TO DATE    0                         0      0        0
  SINCE MAR 1      0                         0      0        0
  SINCE JAN 1      0                         0      0        0
..................................................................


WIND (MPH)
  HIGHEST WIND SPEED    23   HIGHEST WIND DIRECTION     N (340)
  HIGHEST GUST SPEED    30   HIGHEST GUST DIRECTION     N (20)
  AVERAGE WIND SPEED     8.7


SKY COVER
  POSSIBLE SUNSHINE  MM
  AVERAGE SKY COVER 0.6


WEATHER CONDITIONS
 THE FOLLOWING WEATHER WAS RECORDED YESTERDAY.
  NO SIGNIFICANT WEATHER WAS OBSERVED.


RELATIVE HUMIDITY (PERCENT)
 HIGHEST    89           600 AM
 LOWEST     41           400 PM
 AVERAGE    65

..........................................................


THE TWIN CITIES MN CLIMATE NORMALS FOR TODAY
                         NORMAL    RECORD    YEAR
 MAXIMUM TEMPERATURE (F)   44        76      1938
 MINIMUM TEMPERATURE (F)   26        -8      1965


SUNRISE AND SUNSET
MARCH 21 2015.........SUNRISE   715 AM CDT   SUNSET   726 PM CDT
MARCH 22 2015.........SUNRISE   713 AM CDT   SUNSET   728 PM CDT


-  INDICATES NEGATIVE NUMBERS.
R  INDICATES RECORD WAS SET OR TIED.
MM INDICATES DATA IS MISSING.
T  INDICATES TRACE AMOUNT.




$$
