000
CDUS43 KMPX 230628
CLIMSP


CLIMATE REPORT
NATIONAL WEATHER SERVICE CHANHASSEN MN
127 AM CDT THU JUL 23 2015


...................................

...THE TWIN CITIES MN CLIMATE SUMMARY FOR JULY 22 2015...

CLIMATE NORMAL PERIOD 1981 TO 2010
CLIMATE RECORD PERIOD 1871 TO 2015


WEATHER ITEM   OBSERVED TIME   RECORD YEAR NORMAL DEPARTURE LAST
                VALUE   (LST)  VALUE       VALUE  FROM      YEAR
                                                  NORMAL
..................................................................
TEMPERATURE (F)
 YESTERDAY
  MAXIMUM         82    411 PM 105    1934  83     -1       86
  MINIMUM         66    546 AM  49    1947  64      2       70
  AVERAGE         74                        74      0       78

PRECIPITATION (IN)
  YESTERDAY        0.00          2.69 1997   0.13  -0.13     0.00
  MONTH TO DATE    5.80                      2.83   2.97     1.82
  SINCE JUN 1     10.20                      7.08   3.12    13.18
  SINCE JAN 1     17.53                     16.66   0.87    27.65

SNOWFALL (IN)
  YESTERDAY        0.0           0.0    MM   0.0    0.0      0.0
  MONTH TO DATE    0.0                       0.0    0.0      0.0
  SINCE JUN 1      0.0                       0.0    0.0      0.0
  SINCE JUL 1      0.0                       0.0    0.0      0.0
  SNOW DEPTH       0

DEGREE DAYS
 HEATING
  YESTERDAY        0                         0      0        0
  MONTH TO DATE    2                         0      2        7
  SINCE JUN 1      9                        44    -35       28
  SINCE JUL 1      2                         0      2        7

 COOLING
  YESTERDAY        9                         9      0       13
  MONTH TO DATE  162                       196    -34      146
  SINCE JUN 1    318                       354    -36      308
  SINCE JAN 1    345                       396    -51      360
..................................................................


WIND (MPH)
  HIGHEST WIND SPEED    13   HIGHEST WIND DIRECTION     W (250)
  HIGHEST GUST SPEED    19   HIGHEST GUST DIRECTION     W (260)
  AVERAGE WIND SPEED     6.2


SKY COVER
  POSSIBLE SUNSHINE  MM
  AVERAGE SKY COVER 0.4


WEATHER CONDITIONS
 THE FOLLOWING WEATHER WAS RECORDED YESTERDAY.
  NO SIGNIFICANT WEATHER WAS OBSERVED.


RELATIVE HUMIDITY (PERCENT)
 HIGHEST    73           300 AM
 LOWEST     43           400 PM
 AVERAGE    58

..........................................................


THE TWIN CITIES MN CLIMATE NORMALS FOR TODAY
                         NORMAL    RECORD    YEAR
 MAXIMUM TEMPERATURE (F)   83       105      1934
 MINIMUM TEMPERATURE (F)   64        47      1876


SUNRISE AND SUNSET
JULY 23 2015..........SUNRISE   549 AM CDT   SUNSET   850 PM CDT
JULY 24 2015..........SUNRISE   550 AM CDT   SUNSET   849 PM CDT


-  INDICATES NEGATIVE NUMBERS.
R  INDICATES RECORD WAS SET OR TIED.
MM INDICATES DATA IS MISSING.
T  INDICATES TRACE AMOUNT.




$$
