000
CDUS43 KMPX 170842
CLIMSP


CLIMATE REPORT
NATIONAL WEATHER SERVICE CHANHASSEN MN
341 AM CDT TUE MAY 17 2016


...................................

...THE TWIN CITIES MN CLIMATE SUMMARY FOR MAY 16 2016...

CLIMATE NORMAL PERIOD 1981 TO 2010
CLIMATE RECORD PERIOD 1871 TO 2016


WEATHER ITEM   OBSERVED TIME   RECORD YEAR NORMAL DEPARTURE LAST
                VALUE   (LST)  VALUE       VALUE  FROM      YEAR
                                                  NORMAL
..................................................................
TEMPERATURE (F)
 YESTERDAY
  MAXIMUM         66    254 PM  94    1934  69     -3       76
  MINIMUM         49    514 AM  31    1929  49      0       58
                                      1890
  AVERAGE         58                        59     -1       67

PRECIPITATION (IN)
  YESTERDAY        0.00          1.10 1905   0.11  -0.11     0.06
  MONTH TO DATE    1.25                      1.74  -0.49     1.66
  SINCE MAR 1      6.35                      6.29   0.06     4.75
  SINCE JAN 1      7.75                      7.96  -0.21     5.44

SNOWFALL (IN)
  YESTERDAY        0.0           T    1916   0.0    0.0      0.0
  MONTH TO DATE    0.0                       0.0    0.0      0.0
  SINCE MAR 1      5.9                      12.7   -6.8      7.1
  SINCE JUL 1     36.7                      54.4  -17.7     32.4
  SNOW DEPTH       0

DEGREE DAYS
 HEATING
  YESTERDAY        7                         7      0        0
  MONTH TO DATE  154                       141     13      100
  SINCE MAR 1   1391                      1669   -278     1457
  SINCE JUL 1   6256                      7459  -1203     7422

 COOLING
  YESTERDAY        0                         1     -1        2
  MONTH TO DATE   11                        14     -3       14
  SINCE MAR 1     19                        19      0       14
  SINCE JAN 1     19                        19      0       14
..................................................................


WIND (MPH)
  HIGHEST WIND SPEED    17   HIGHEST WIND DIRECTION    NE (30)
  HIGHEST GUST SPEED    27   HIGHEST GUST DIRECTION    NE (40)
  AVERAGE WIND SPEED     7.5


SKY COVER
  POSSIBLE SUNSHINE  MM
  AVERAGE SKY COVER 0.4


WEATHER CONDITIONS
 THE FOLLOWING WEATHER WAS RECORDED YESTERDAY.
  NO SIGNIFICANT WEATHER WAS OBSERVED.


RELATIVE HUMIDITY (PERCENT)
 HIGHEST    61           500 AM
 LOWEST     34           300 PM
 AVERAGE    48

..........................................................


THE TWIN CITIES MN CLIMATE NORMALS FOR TODAY
                         NORMAL    RECORD    YEAR
 MAXIMUM TEMPERATURE (F)   70        93      1987
 MINIMUM TEMPERATURE (F)   49        31      1915


SUNRISE AND SUNSET
MAY 17 2016...........SUNRISE   541 AM CDT   SUNSET   838 PM CDT
MAY 18 2016...........SUNRISE   540 AM CDT   SUNSET   839 PM CDT


-  INDICATES NEGATIVE NUMBERS.
R  INDICATES RECORD WAS SET OR TIED.
MM INDICATES DATA IS MISSING.
T  INDICATES TRACE AMOUNT.




$$
