000
CDUS43 KMPX 040748
CLIMSP


CLIMATE REPORT
NATIONAL WEATHER SERVICE CHANHASSEN MN
148 AM CST THU FEB 4 2016


...................................

...THE TWIN CITIES MN CLIMATE SUMMARY FOR FEBRUARY 3 2016...

CLIMATE NORMAL PERIOD 1981 TO 2010
CLIMATE RECORD PERIOD 1871 TO 2016


WEATHER ITEM   OBSERVED TIME   RECORD YEAR NORMAL DEPARTURE LAST
                VALUE   (LST)  VALUE       VALUE  FROM      YEAR
                                                  NORMAL
..................................................................
TEMPERATURE (F)
 YESTERDAY
  MAXIMUM         24   1251 AM  51    1934  26     -2       16
  MINIMUM         11   1159 PM -27    1886   9      2        6
  AVERAGE         18                        17      1       11

PRECIPITATION (IN)
  YESTERDAY        0.04          0.42 1943   0.02   0.02     0.06
  MONTH TO DATE    0.55                      0.07   0.48     0.08
  SINCE DEC 1      3.18                      2.13   1.05     1.28
  SINCE JAN 1      0.86                      0.97  -0.11     0.42

SNOWFALL (IN)
  YESTERDAY        0.6           3.4  1936   0.3    0.3      1.5
  MONTH TO DATE    9.4                       0.9    8.5      2.0
  SINCE DEC 1     23.0                      25.0   -2.0     13.0
  SINCE JUL 1     28.1                      34.9   -6.8     22.4
  SNOW DEPTH       8

DEGREE DAYS
 HEATING
  YESTERDAY       47                        48     -1       54
  MONTH TO DATE  121                       144    -23      163
  SINCE DEC 1   2655                      3079   -424     2834
  SINCE JUL 1   3830                      4698   -868     4627

 COOLING
  YESTERDAY        0                         0      0        0
  MONTH TO DATE    0                         0      0        0
  SINCE DEC 1      0                         0      0        0
  SINCE JAN 1      0                         0      0        0
..................................................................


WIND (MPH)
  HIGHEST WIND SPEED    26   HIGHEST WIND DIRECTION     N (340)
  HIGHEST GUST SPEED    34   HIGHEST GUST DIRECTION     N (340)
  AVERAGE WIND SPEED    13.9


SKY COVER
  POSSIBLE SUNSHINE  MM
  AVERAGE SKY COVER 0.7


WEATHER CONDITIONS
 THE FOLLOWING WEATHER WAS RECORDED YESTERDAY.
  LIGHT SNOW
  FOG
  BLOWING SNOW


RELATIVE HUMIDITY (PERCENT)
 HIGHEST    88           100 AM
 LOWEST     47           200 PM
 AVERAGE    68

..........................................................


THE TWIN CITIES MN CLIMATE NORMALS FOR TODAY
                         NORMAL    RECORD    YEAR
 MAXIMUM TEMPERATURE (F)   26        51      2005
 MINIMUM TEMPERATURE (F)    9       -28      1886


SUNRISE AND SUNSET
FEBRUARY  4 2016......SUNRISE   729 AM CST   SUNSET   525 PM CST
FEBRUARY  5 2016......SUNRISE   728 AM CST   SUNSET   526 PM CST


-  INDICATES NEGATIVE NUMBERS.
R  INDICATES RECORD WAS SET OR TIED.
MM INDICATES DATA IS MISSING.
T  INDICATES TRACE AMOUNT.




$$
