000
CDUS43 KMPX 200645
CLIMSP


CLIMATE REPORT
NATIONAL WEATHER SERVICE CHANHASSEN MN
1245 AM CST TUE JAN 20 2015


...................................

...THE TWIN CITIES MN CLIMATE SUMMARY FOR JANUARY 19 2015...

CLIMATE NORMAL PERIOD 1981 TO 2010
CLIMATE RECORD PERIOD 1871 TO 2015


WEATHER ITEM   OBSERVED TIME   RECORD YEAR NORMAL DEPARTURE LAST
                VALUE   (LST)  VALUE       VALUE  FROM      YEAR
                                                  NORMAL
..................................................................
TEMPERATURE (F)
 YESTERDAY
  MAXIMUM         37    258 PM  49    1921  24     13       39
  MINIMUM         22    332 AM -34    1970   7     15       17
  AVERAGE         30                        15     15       28

PRECIPITATION (IN)
  YESTERDAY        0.01          0.57 1988   0.03  -0.02     0.00
  MONTH TO DATE    0.25                      0.58  -0.33     0.66
  SINCE DEC 1      1.11                      1.74  -0.63     2.12
  SINCE JAN 1      0.25                      0.58  -0.33     0.66

SNOWFALL (IN)
  YESTERDAY        0.1           7.5  1988   0.4   -0.3      0.0
  MONTH TO DATE    4.4                       7.6   -3.2     10.3
  SINCE DEC 1     10.0                      19.5   -9.5     26.2
  SINCE JUL 1     19.4                      29.4  -10.0     27.3
  SNOW DEPTH       2

DEGREE DAYS
 HEATING
  YESTERDAY       35                        50    -15       37
  MONTH TO DATE  983                       944     39     1029
  SINCE DEC 1   2236                      2348   -112     2651
  SINCE JUL 1   4029                      3967     62     4152

 COOLING
  YESTERDAY        0                         0      0        0
  MONTH TO DATE    0                         0      0        0
  SINCE DEC 1      0                         0      0        0
  SINCE JAN 1      0                         0      0        0
..................................................................


WIND (MPH)
  HIGHEST WIND SPEED    16   HIGHEST WIND DIRECTION    SE (150)
  HIGHEST GUST SPEED    21   HIGHEST GUST DIRECTION    SE (150)
  AVERAGE WIND SPEED     7.8


SKY COVER
  POSSIBLE SUNSHINE  MM
  AVERAGE SKY COVER 0.9


WEATHER CONDITIONS
 THE FOLLOWING WEATHER WAS RECORDED YESTERDAY.
  LIGHT RAIN
  LIGHT SNOW
  FOG


RELATIVE HUMIDITY (PERCENT)
 HIGHEST    96           500 AM
 LOWEST     75          1200 PM
 AVERAGE    86

..........................................................


THE TWIN CITIES MN CLIMATE NORMALS FOR TODAY
                         NORMAL    RECORD    YEAR
 MAXIMUM TEMPERATURE (F)   24        52      1908
 MINIMUM TEMPERATURE (F)    7       -32      1888


SUNRISE AND SUNSET
JANUARY 20 2015.......SUNRISE   744 AM CST   SUNSET   504 PM CST
JANUARY 21 2015.......SUNRISE   743 AM CST   SUNSET   505 PM CST


-  INDICATES NEGATIVE NUMBERS.
R  INDICATES RECORD WAS SET OR TIED.
MM INDICATES DATA IS MISSING.
T  INDICATES TRACE AMOUNT.




$$
