000
CDUS43 KMPX 110629
CLIMSP


CLIMATE REPORT
NATIONAL WEATHER SERVICE CHANHASSEN MN
1228 AM CST WED JAN 11 2017


...................................

...THE TWIN CITIES MN CLIMATE SUMMARY FOR JANUARY 10 2017...

CLIMATE NORMAL PERIOD 1981 TO 2010
CLIMATE RECORD PERIOD 1871 TO 2017


WEATHER ITEM   OBSERVED TIME   RECORD YEAR NORMAL DEPARTURE LAST
                VALUE   (LST)  VALUE       VALUE  FROM      YEAR
                                                  NORMAL
..................................................................
TEMPERATURE (F)
 YESTERDAY
  MAXIMUM         28   1000 AM  52    2012  23      5       -1
  MINIMUM          4   1125 PM -30    1886   7     -3      -10
  AVERAGE         16                        15      1       -5

PRECIPITATION (IN)
  YESTERDAY        0.23          1.13 1975   0.03   0.20     0.00
  MONTH TO DATE    0.32                      0.32   0.00     0.17
  SINCE DEC 1      2.46                      1.48   0.98     2.49
  SINCE JAN 1      0.32                      0.32   0.00     0.17

SNOWFALL (IN)
  YESTERDAY        2.2           4.0  1975   0.5    1.7      0.0
                                      1976
  MONTH TO DATE    2.9                       4.0   -1.1      2.0
  SINCE DEC 1     18.7                      15.9    2.8     11.5
  SINCE JUL 1     21.0                      25.8   -4.8     16.6
  SNOW DEPTH       1

DEGREE DAYS
 HEATING
  YESTERDAY       49                        50     -1       70
  MONTH TO DATE  532                       493     39      443
  SINCE DEC 1   1890                      1897     -7     1514
  SINCE JUL 1   2934                      3516   -582     2689

 COOLING
  YESTERDAY        0                         0      0        0
  MONTH TO DATE    0                         0      0        0
  SINCE DEC 1      0                         0      0        0
  SINCE JAN 1      0                         0      0        0
..................................................................


WIND (MPH)
  HIGHEST WIND SPEED    25   HIGHEST WIND DIRECTION     W (290)
  HIGHEST GUST SPEED    34   HIGHEST GUST DIRECTION    NW (300)
  AVERAGE WIND SPEED    12.7


SKY COVER
  POSSIBLE SUNSHINE  MM
  AVERAGE SKY COVER 0.8


WEATHER CONDITIONS
 THE FOLLOWING WEATHER WAS RECORDED YESTERDAY.
  LT FREEZING RAIN
  SNOW
  LIGHT SNOW
  SLEET
  FOG
  BLOWING SNOW


RELATIVE HUMIDITY (PERCENT)
 HIGHEST    92           800 AM
 LOWEST     66           500 PM
 AVERAGE    79

..........................................................


THE TWIN CITIES MN CLIMATE NORMALS FOR TODAY
                         NORMAL    RECORD    YEAR
 MAXIMUM TEMPERATURE (F)   23        44      1986
 MINIMUM TEMPERATURE (F)    7       -31      1977


SUNRISE AND SUNSET
JANUARY 11 2017.......SUNRISE   749 AM CST   SUNSET   453 PM CST
JANUARY 12 2017.......SUNRISE   748 AM CST   SUNSET   455 PM CST


-  INDICATES NEGATIVE NUMBERS.
R  INDICATES RECORD WAS SET OR TIED.
MM INDICATES DATA IS MISSING.
T  INDICATES TRACE AMOUNT.




$$
