000
CDUS43 KMPX 052223
CLIMSP


CLIMATE REPORT
NATIONAL WEATHER SERVICE CHANHASSEN MN
423 PM CST MON FEB 5 2018


...................................

...THE TWIN CITIES MN CLIMATE SUMMARY FOR FEBRUARY 5 2018...
VALID TODAY AS OF 0400 PM LOCAL TIME.

CLIMATE NORMAL PERIOD 1981 TO 2010
CLIMATE RECORD PERIOD 1871 TO 2018


WEATHER ITEM   OBSERVED TIME   RECORD YEAR NORMAL DEPARTURE LAST
                VALUE   (LST)  VALUE       VALUE  FROM      YEAR
                                                  NORMAL
..................................................................
TEMPERATURE (F)
 TODAY
  MAXIMUM         14    359 PM  51    2005  26    -12       32
  MINIMUM         -4    151 AM -27    1979  10    -14       18
  AVERAGE          5                        18    -13       25

PRECIPITATION (IN)
  TODAY            T             0.52 1908   0.02  -0.02     0.00
  MONTH TO DATE    0.15                      0.12   0.03      T
  SINCE DEC 1      2.49                      2.18   0.31     3.12
  SINCE JAN 1      1.70                      1.02   0.68     0.98

SNOWFALL (IN)
  TODAY           MM             7.5  1908   0.3   MM        0.0
  MONTH TO DATE    2.5                       1.5    1.0      0.3
  SINCE DEC 1     29.3                      25.6    3.7     24.5
  SINCE JUL 1     30.0                      35.5   -5.5     26.8
  SNOW DEPTH       6

DEGREE DAYS
 HEATING
  TODAY           60                        47     13       40
  MONTH TO DATE  299                       239     60      226
  SINCE DEC 1   3213                      3174     39     2944
  SINCE JUL 1   4623                      4793   -170     3988

 COOLING
  TODAY            0                         0      0        0
  MONTH TO DATE    0                         0      0        0
  SINCE DEC 1      0                         0      0        0
  SINCE JAN 1      0                         0      0        0
..................................................................


WIND (MPH)
  HIGHEST WIND SPEED    14   HIGHEST WIND DIRECTION     W (280)
  HIGHEST GUST SPEED    17   HIGHEST GUST DIRECTION    SW (230)
  AVERAGE WIND SPEED     4.8


SKY COVER
  POSSIBLE SUNSHINE  MM
  AVERAGE SKY COVER 0.6


WEATHER CONDITIONS
 THE FOLLOWING WEATHER WAS RECORDED TODAY.
  LIGHT SNOW


RELATIVE HUMIDITY (PERCENT)
 HIGHEST    86           800 AM
 LOWEST     67           400 PM
 AVERAGE    77

..........................................................


THE TWIN CITIES MN CLIMATE NORMALS FOR TOMORROW
                         NORMAL    RECORD    YEAR
 MAXIMUM TEMPERATURE (F)   26        51      1925
 MINIMUM TEMPERATURE (F)   10       -24      1936
                                             1875


SUNRISE AND SUNSET
FEBRUARY  5 2018......SUNRISE   727 AM CST   SUNSET   527 PM CST
FEBRUARY  6 2018......SUNRISE   726 AM CST   SUNSET   528 PM CST


-  INDICATES NEGATIVE NUMBERS.
R  INDICATES RECORD WAS SET OR TIED.
MM INDICATES DATA IS MISSING.
T  INDICATES TRACE AMOUNT.




$$
