567
CDUS43 KMPX 220634
CLIMSP


CLIMATE REPORT
NATIONAL WEATHER SERVICE CHANHASSEN MN
133 AM CDT WED MAR 22 2017


...................................

...THE TWIN CITIES MN CLIMATE SUMMARY FOR MARCH 21 2017...

CLIMATE NORMAL PERIOD 1981 TO 2010
CLIMATE RECORD PERIOD 1871 TO 2017


WEATHER ITEM   OBSERVED TIME   RECORD YEAR NORMAL DEPARTURE LAST
                VALUE   (LST)  VALUE       VALUE  FROM      YEAR
                                                  NORMAL
..................................................................
TEMPERATURE (F)
 YESTERDAY
  MAXIMUM         40    133 AM  76    1938  44     -4       53
  MINIMUM         25   1159 PM  -8    1965  26     -1       28
  AVERAGE         33                        35     -2       41

PRECIPITATION (IN)
  YESTERDAY        0.00          0.83 1904   0.07  -0.07     0.00
  MONTH TO DATE    0.39                      1.20  -0.81     1.04
  SINCE MAR 1      0.39                      1.20  -0.81     1.04
  SINCE JAN 1      2.01                      2.87  -0.86     2.44

SNOWFALL (IN)
  YESTERDAY        0.0           3.9  2008   0.3   -0.3      0.0
  MONTH TO DATE    4.7                       8.0   -3.3      1.7
  SINCE MAR 1      4.7                       8.0   -3.3      1.7
  SINCE JUL 1     31.5                      49.7  -18.2     32.5
  SNOW DEPTH       0

DEGREE DAYS
 HEATING
  YESTERDAY       32                        30      2       24
  MONTH TO DATE  731                       724      7      502
  SINCE MAR 1    731                       724      7      502
  SINCE JUL 1   5432                      6514  -1082     5367

 COOLING
  YESTERDAY        0                         0      0        0
  MONTH TO DATE    0                         0      0        0
  SINCE MAR 1      0                         0      0        0
  SINCE JAN 1      0                         0      0        0
..................................................................


WIND (MPH)
  HIGHEST WIND SPEED    22   HIGHEST WIND DIRECTION     N (360)
  HIGHEST GUST SPEED    28   HIGHEST GUST DIRECTION     N (10)
  AVERAGE WIND SPEED    13.1


SKY COVER
  POSSIBLE SUNSHINE  MM
  AVERAGE SKY COVER 0.2


WEATHER CONDITIONS
 THE FOLLOWING WEATHER WAS RECORDED YESTERDAY.
  NO SIGNIFICANT WEATHER WAS OBSERVED.


RELATIVE HUMIDITY (PERCENT)
 HIGHEST    61           500 AM
 LOWEST     25           300 PM
 AVERAGE    43

..........................................................


THE TWIN CITIES MN CLIMATE NORMALS FOR TODAY
                         NORMAL    RECORD    YEAR
 MAXIMUM TEMPERATURE (F)   44        71      1945
 MINIMUM TEMPERATURE (F)   27       -14      1888


SUNRISE AND SUNSET
MARCH 22 2017.........SUNRISE   712 AM CDT   SUNSET   728 PM CDT
MARCH 23 2017.........SUNRISE   710 AM CDT   SUNSET   730 PM CDT


-  INDICATES NEGATIVE NUMBERS.
R  INDICATES RECORD WAS SET OR TIED.
MM INDICATES DATA IS MISSING.
T  INDICATES TRACE AMOUNT.




$$
