785
CDUS43 KMPX 130629
CLIMSP


CLIMATE REPORT
NATIONAL WEATHER SERVICE CHANHASSEN MN
1228 AM CST FRI JAN 13 2017


...................................

...THE TWIN CITIES MN CLIMATE SUMMARY FOR JANUARY 12 2017...

CLIMATE NORMAL PERIOD 1981 TO 2010
CLIMATE RECORD PERIOD 1871 TO 2017


WEATHER ITEM   OBSERVED TIME   RECORD YEAR NORMAL DEPARTURE LAST
                VALUE   (LST)  VALUE       VALUE  FROM      YEAR
                                                  NORMAL
..................................................................
TEMPERATURE (F)
 YESTERDAY
  MAXIMUM         14    202 PM  48    1987  23     -9        3
  MINIMUM         -6   1159 PM -31    1912   7    -13       -7
  AVERAGE          4                        15    -11       -2

PRECIPITATION (IN)
  YESTERDAY        0.00          0.70 1935   0.03  -0.03      T
  MONTH TO DATE    0.44                      0.38   0.06     0.19
  SINCE DEC 1      2.58                      1.54   1.04     2.51
  SINCE JAN 1      0.44                      0.38   0.06     0.19

SNOWFALL (IN)
  YESTERDAY        0.0           8.7  2000   0.4   -0.4       T
  MONTH TO DATE    5.0                       4.8    0.2      2.5
  SINCE DEC 1     20.8                      16.7    4.1     12.0
  SINCE JUL 1     23.1                      26.6   -3.5     17.1
  SNOW DEPTH       4

DEGREE DAYS
 HEATING
  YESTERDAY       61                        50     11       67
  MONTH TO DATE  651                       593     58      576
  SINCE DEC 1   2009                      1997     12     1647
  SINCE JUL 1   3053                      3616   -563     2822

 COOLING
  YESTERDAY        0                         0      0        0
  MONTH TO DATE    0                         0      0        0
  SINCE DEC 1      0                         0      0        0
  SINCE JAN 1      0                         0      0        0
..................................................................


WIND (MPH)
  HIGHEST WIND SPEED    25   HIGHEST WIND DIRECTION    NW (300)
  HIGHEST GUST SPEED    32   HIGHEST GUST DIRECTION     W (280)
  AVERAGE WIND SPEED    11.9


SKY COVER
  POSSIBLE SUNSHINE  MM
  AVERAGE SKY COVER 0.6


WEATHER CONDITIONS
 THE FOLLOWING WEATHER WAS RECORDED YESTERDAY.
  HAZE


RELATIVE HUMIDITY (PERCENT)
 HIGHEST    72           400 AM
 LOWEST     49           500 PM
 AVERAGE    61

..........................................................


THE TWIN CITIES MN CLIMATE NORMALS FOR TODAY
                         NORMAL    RECORD    YEAR
 MAXIMUM TEMPERATURE (F)   23        48      1987
                                             1980
                                             1891
 MINIMUM TEMPERATURE (F)    7       -30      1916


SUNRISE AND SUNSET
JANUARY 13 2017.......SUNRISE   748 AM CST   SUNSET   456 PM CST
JANUARY 14 2017.......SUNRISE   747 AM CST   SUNSET   457 PM CST


-  INDICATES NEGATIVE NUMBERS.
R  INDICATES RECORD WAS SET OR TIED.
MM INDICATES DATA IS MISSING.
T  INDICATES TRACE AMOUNT.




$$
