249
CDUS43 KMPX 180802
CLIMSP


CLIMATE REPORT
NATIONAL WEATHER SERVICE CHANHASSEN MN
302 AM CDT SUN JUN 18 2017


...................................

...THE TWIN CITIES MN CLIMATE SUMMARY FOR JUNE 17 2017...

CLIMATE NORMAL PERIOD 1981 TO 2010
CLIMATE RECORD PERIOD 1871 TO 2017


WEATHER ITEM   OBSERVED TIME   RECORD YEAR NORMAL DEPARTURE LAST
                VALUE   (LST)  VALUE       VALUE  FROM      YEAR
                                                  NORMAL
..................................................................
TEMPERATURE (F)
 YESTERDAY
  MAXIMUM         85    210 PM  97    1933  80      5       86
  MINIMUM         63   1159 PM  42    1960  60      3       66
  AVERAGE         74                        70      4       76

PRECIPITATION (IN)
  YESTERDAY        0.20          1.72 1883   0.15   0.05      T
  MONTH TO DATE    2.46                      2.34   0.12     3.72
  SINCE JUN 1      2.46                      2.34   0.12     3.72
  SINCE JAN 1     14.01                     11.92   2.09    12.64

SNOWFALL (IN)
  YESTERDAY        0.0           0.0    MM   0.0    0.0      0.0
  MONTH TO DATE    T                         0.0    0.0      0.0
  SINCE JUN 1      T                         0.0    0.0      0.0
  SINCE JUL 1     32.0                      54.4  -22.4     36.7
  SNOW DEPTH       0

DEGREE DAYS
 HEATING
  YESTERDAY        0                         1     -1        0
  MONTH TO DATE    1                        36    -35        7
  SINCE JUN 1      1                        36    -35        7
  SINCE JUL 1   6299                      7572  -1273     6283

 COOLING
  YESTERDAY        9                         6      3       11
  MONTH TO DATE  174                        67    107       88
  SINCE JUN 1    174                        67    107       88
  SINCE JAN 1    195                       109     86      164
..................................................................


WIND (MPH)
  HIGHEST WIND SPEED    21   HIGHEST WIND DIRECTION    SW (230)
  HIGHEST GUST SPEED    28   HIGHEST GUST DIRECTION     W (280)
  AVERAGE WIND SPEED     7.1


SKY COVER
  POSSIBLE SUNSHINE  MM
  AVERAGE SKY COVER 0.7


WEATHER CONDITIONS
 THE FOLLOWING WEATHER WAS RECORDED YESTERDAY.
  LIGHT RAIN
  FOG


RELATIVE HUMIDITY (PERCENT)
 HIGHEST    93          1100 PM
 LOWEST     37           200 PM
 AVERAGE    65

..........................................................


THE TWIN CITIES MN CLIMATE NORMALS FOR TODAY
                         NORMAL    RECORD    YEAR
 MAXIMUM TEMPERATURE (F)   80        98      1953
 MINIMUM TEMPERATURE (F)   60        39      1876


SUNRISE AND SUNSET
JUNE 18 2017..........SUNRISE   526 AM CDT   SUNSET   902 PM CDT
JUNE 19 2017..........SUNRISE   526 AM CDT   SUNSET   902 PM CDT


-  INDICATES NEGATIVE NUMBERS.
R  INDICATES RECORD WAS SET OR TIED.
MM INDICATES DATA IS MISSING.
T  INDICATES TRACE AMOUNT.




$$
