000
CDUS43 KMPX 240751
CLIMSP


CLIMATE REPORT
NATIONAL WEATHER SERVICE CHANHASSEN MN
250 AM CDT WED SEP 24 2014


...................................

...THE TWIN CITIES MN CLIMATE SUMMARY FOR SEPTEMBER 23 2014...

CLIMATE NORMAL PERIOD 1981 TO 2010
CLIMATE RECORD PERIOD 1871 TO 2014


WEATHER ITEM   OBSERVED TIME   RECORD YEAR NORMAL DEPARTURE LAST
                VALUE   (LST)  VALUE       VALUE  FROM      YEAR
                                                  NORMAL
..................................................................
TEMPERATURE (F)
 YESTERDAY
  MAXIMUM         74    416 PM  90    1937  69      5       74
                                      1891
  MINIMUM         51    611 AM  30    1983  49      2       53
  AVERAGE         63                        59      4       64

PRECIPITATION (IN)
  YESTERDAY        0.00          1.98 2010   0.10  -0.10     0.00
  MONTH TO DATE    0.81                      2.39  -1.58     1.21
  SINCE SEP 1      0.81                      2.39  -1.58     1.21
  SINCE JAN 1     31.81                     24.56   7.25    27.65

SNOWFALL (IN)
  YESTERDAY        0.0           T    1928   0.0    0.0      0.0
                                      1942
                                      1995
  MONTH TO DATE    0.0                       0.0    0.0      0.0
  SINCE SEP 1      0.0                       0.0    0.0      0.0
  SINCE JUL 1      0.0                       0.0    0.0       T
  SNOW DEPTH       0

DEGREE DAYS
 HEATING
  YESTERDAY        2                         7     -5        1
  MONTH TO DATE   98                        93      5       52
  SINCE SEP 1     98                        93      5       52
  SINCE JUL 1    105                       112     -7       60

 COOLING
  YESTERDAY        0                         1     -1        0
  MONTH TO DATE   41                        60    -19      113
  SINCE SEP 1     41                        60    -19      113
  SINCE JAN 1    737                       741     -4      962
..................................................................


WIND (MPH)
  HIGHEST WIND SPEED    21   HIGHEST WIND DIRECTION     S (160)
  HIGHEST GUST SPEED    25   HIGHEST GUST DIRECTION    SE (140)
  AVERAGE WIND SPEED     8.1


SKY COVER
  POSSIBLE SUNSHINE  MM
  AVERAGE SKY COVER 0.5


WEATHER CONDITIONS
 THE FOLLOWING WEATHER WAS RECORDED YESTERDAY.
  NO SIGNIFICANT WEATHER WAS OBSERVED.


RELATIVE HUMIDITY (PERCENT)
 HIGHEST    89           200 AM
 LOWEST     44          1200 PM
 AVERAGE    67

..........................................................


THE TWIN CITIES MN CLIMATE NORMALS FOR TODAY
                         NORMAL    RECORD    YEAR
 MAXIMUM TEMPERATURE (F)   68        89      1935
 MINIMUM TEMPERATURE (F)   49        30      1942


SUNRISE AND SUNSET
SEPTEMBER 24 2014.....SUNRISE   702 AM CDT   SUNSET   706 PM CDT
SEPTEMBER 25 2014.....SUNRISE   704 AM CDT   SUNSET   705 PM CDT


-  INDICATES NEGATIVE NUMBERS.
R  INDICATES RECORD WAS SET OR TIED.
MM INDICATES DATA IS MISSING.
T  INDICATES TRACE AMOUNT.




$$
