000
CDUS43 KMPX 220135
CLIMSP


CLIMATE REPORT
NATIONAL WEATHER SERVICE CHANHASSEN MN
734 PM CST MON NOV 21 2016


...................................

...THE TWIN CITIES MN CLIMATE SUMMARY FOR NOVEMBER 21 2016...
VALID TODAY AS OF 0700 PM LOCAL TIME.

CLIMATE NORMAL PERIOD 1981 TO 2010
CLIMATE RECORD PERIOD 1871 TO 2016


WEATHER ITEM   OBSERVED TIME   RECORD YEAR NORMAL DEPARTURE LAST
                VALUE   (LST)  VALUE       VALUE  FROM      YEAR
                                                  NORMAL
..................................................................
TEMPERATURE (F)
 TODAY
  MAXIMUM         38    316 PM  67    1990  38      0       28
  MINIMUM         22    415 AM -11    1880  23     -1       15
  AVERAGE         30                        30      0       22

PRECIPITATION (IN)
  TODAY            0.00          0.54 1994   0.06  -0.06      T
  MONTH TO DATE    0.80                      1.28  -0.48     3.99
  SINCE SEP 1      9.68                      6.79   2.89    11.25
  SINCE JAN 1     36.00                     28.96   7.04    33.29

SNOWFALL (IN)
  TODAY            0.0           4.8  1989   0.4   -0.4       T
  MONTH TO DATE    0.3                       5.6   -5.3       T
  SINCE SEP 1      0.3                       6.2   -5.9       T
  SINCE JUL 1      0.3                       6.2   -5.9       T
  SNOW DEPTH       0

DEGREE DAYS
 HEATING
  TODAY           35                        35      0       43
  MONTH TO DATE  371                       604   -233      395
  SINCE SEP 1    790                      1265   -475      852
  SINCE JUL 1    793                      1284   -491      867

 COOLING
  TODAY            0                         0      0        0
  MONTH TO DATE    0                         0      0        0
  SINCE SEP 1     93                        72     21      160
  SINCE JAN 1    964                       753    211      809
..................................................................


WIND (MPH)
  HIGHEST WIND SPEED    16   HIGHEST WIND DIRECTION    SE (130)
  HIGHEST GUST SPEED    18   HIGHEST GUST DIRECTION    SE (130)
  AVERAGE WIND SPEED     9.6


SKY COVER
  POSSIBLE SUNSHINE  MM
  AVERAGE SKY COVER 0.3


WEATHER CONDITIONS
 THE FOLLOWING WEATHER WAS RECORDED TODAY.
  NO SIGNIFICANT WEATHER WAS OBSERVED.


RELATIVE HUMIDITY (PERCENT)
 HIGHEST    81           400 AM
 LOWEST     47           500 PM
 AVERAGE    64

..........................................................


THE TWIN CITIES MN CLIMATE NORMALS FOR TOMORROW
                         NORMAL    RECORD    YEAR
 MAXIMUM TEMPERATURE (F)   37        60      2012
 MINIMUM TEMPERATURE (F)   23        -6      1880


SUNRISE AND SUNSET
NOVEMBER 21 2016......SUNRISE   719 AM CST   SUNSET   439 PM CST
NOVEMBER 22 2016......SUNRISE   720 AM CST   SUNSET   438 PM CST


-  INDICATES NEGATIVE NUMBERS.
R  INDICATES RECORD WAS SET OR TIED.
MM INDICATES DATA IS MISSING.
T  INDICATES TRACE AMOUNT.




$$
