000
CDUS43 KMPX 130642
CLIMSP


CLIMATE REPORT
NATIONAL WEATHER SERVICE CHANHASSEN MN
136 AM CDT SAT SEP 13 2014


...................................

...THE TWIN CITIES MN CLIMATE SUMMARY FOR SEPTEMBER 12 2014...

CLIMATE NORMAL PERIOD 1981 TO 2010
CLIMATE RECORD PERIOD 1871 TO 2014


WEATHER ITEM   OBSERVED TIME   RECORD YEAR NORMAL DEPARTURE LAST
                VALUE   (LST)  VALUE       VALUE  FROM      YEAR
                                                  NORMAL
..................................................................
TEMPERATURE (F)
 YESTERDAY
  MAXIMUM         56    202 PM  94    1948  73    -17       76
                                      1908
  MINIMUM         43   1159 PM  36    1940  54    -11       57
                                      1878
  AVERAGE         50                        64    -14       67

PRECIPITATION (IN)
  YESTERDAY        0.00          4.96 1903   0.11  -0.11     0.00
  MONTH TO DATE    0.51                      1.30  -0.79     0.02
  SINCE SEP 1      0.51                      1.30  -0.79     0.02
  SINCE JAN 1     31.51                     23.47   8.04    26.46

SNOWFALL (IN)
  YESTERDAY        0.0           0.0    MM   0.0    0.0      0.0
  MONTH TO DATE    0.0                       0.0    0.0      0.0
  SINCE SEP 1      0.0                       0.0    0.0      0.0
  SINCE JUL 1      0.0                       0.0    0.0       T
  SNOW DEPTH       0

DEGREE DAYS
 HEATING
  YESTERDAY       15                         4     11        0
  MONTH TO DATE   41                        31     10        3
  SINCE SEP 1     41                        31     10        3
  SINCE JUL 1     48                        50     -2       11

 COOLING
  YESTERDAY        0                         3     -3        2
  MONTH TO DATE   34                        42     -8      104
  SINCE SEP 1     34                        42     -8      104
  SINCE JAN 1    730                       723      7      953
..................................................................


WIND (MPH)
  HIGHEST WIND SPEED    20   HIGHEST WIND DIRECTION    NW (310)
  HIGHEST GUST SPEED    28   HIGHEST GUST DIRECTION    NW (320)
  AVERAGE WIND SPEED     7.2


SKY COVER
  POSSIBLE SUNSHINE  MM
  AVERAGE SKY COVER 0.8


WEATHER CONDITIONS
 THE FOLLOWING WEATHER WAS RECORDED YESTERDAY.
  NO SIGNIFICANT WEATHER WAS OBSERVED.


RELATIVE HUMIDITY (PERCENT)
 HIGHEST    89           400 AM
 LOWEST     41           100 PM
 AVERAGE    65

..........................................................


THE TWIN CITIES MN CLIMATE NORMALS FOR TODAY
                         NORMAL    RECORD    YEAR
 MAXIMUM TEMPERATURE (F)   73        95      1939
 MINIMUM TEMPERATURE (F)   54        33      1890


SUNRISE AND SUNSET
SEPTEMBER 13 2014.....SUNRISE   649 AM CDT   SUNSET   727 PM CDT
SEPTEMBER 14 2014.....SUNRISE   650 AM CDT   SUNSET   725 PM CDT


-  INDICATES NEGATIVE NUMBERS.
R  INDICATES RECORD WAS SET OR TIED.
MM INDICATES DATA IS MISSING.
T  INDICATES TRACE AMOUNT.




$$
