000
CDUS43 KMPX 150645
CLIMSP


CLIMATE REPORT
NATIONAL WEATHER SERVICE CHANHASSEN MN
143 AM CDT WED OCT 15 2014


...................................

...THE TWIN CITIES MN CLIMATE SUMMARY FOR OCTOBER 14 2014...

CLIMATE NORMAL PERIOD 1981 TO 2010
CLIMATE RECORD PERIOD 1871 TO 2014


WEATHER ITEM   OBSERVED TIME   RECORD YEAR NORMAL DEPARTURE LAST
                VALUE   (LST)  VALUE       VALUE  FROM      YEAR
                                                  NORMAL
..................................................................
TEMPERATURE (F)
 YESTERDAY
  MAXIMUM         65    232 PM  86    1947  59      6       55
  MINIMUM         47   1159 PM  24    1937  40      7       42
  AVERAGE         56                        50      6       49

PRECIPITATION (IN)
  YESTERDAY        0.00          1.89 1966   0.09  -0.09     0.56
  MONTH TO DATE    1.61                      1.26   0.35     1.88
  SINCE SEP 1      2.53                      4.34  -1.81     3.23
  SINCE JAN 1     33.53                     26.51   7.02    29.67

SNOWFALL (IN)
  YESTERDAY        0.0           T    1909   0.0    0.0      0.0
                                      1943
                                      1959
  MONTH TO DATE    0.0                       0.0    0.0      0.0
  SINCE SEP 1      0.0                       T      0.0      0.0
  SINCE JUL 1      0.0                       T      0.0       T
  SNOW DEPTH       0

DEGREE DAYS
 HEATING
  YESTERDAY        9                        15     -6       16
  MONTH TO DATE  226                       181     45       99
  SINCE SEP 1    350                       335     15      157
  SINCE JUL 1    357                       354      3      165

 COOLING
  YESTERDAY        0                         0      0        0
  MONTH TO DATE    0                         3     -3        2
  SINCE SEP 1     63                        69     -6      134
  SINCE JAN 1    759                       750      9      983
..................................................................


WIND (MPH)
  HIGHEST WIND SPEED    25   HIGHEST WIND DIRECTION     N (350)
  HIGHEST GUST SPEED    32   HIGHEST GUST DIRECTION     N (340)
  AVERAGE WIND SPEED    13.5


SKY COVER
  POSSIBLE SUNSHINE  MM
  AVERAGE SKY COVER 0.5


WEATHER CONDITIONS
 THE FOLLOWING WEATHER WAS RECORDED YESTERDAY.
  NO SIGNIFICANT WEATHER WAS OBSERVED.


RELATIVE HUMIDITY (PERCENT)
 HIGHEST    86           200 AM
 LOWEST     36           400 PM
 AVERAGE    61

..........................................................


THE TWIN CITIES MN CLIMATE NORMALS FOR TODAY
                         NORMAL    RECORD    YEAR
 MAXIMUM TEMPERATURE (F)   59        85      1968
                                             1947
 MINIMUM TEMPERATURE (F)   40        21      1876


SUNRISE AND SUNSET
OCTOBER 15 2014.......SUNRISE   728 AM CDT   SUNSET   628 PM CDT
OCTOBER 16 2014.......SUNRISE   730 AM CDT   SUNSET   626 PM CDT


-  INDICATES NEGATIVE NUMBERS.
R  INDICATES RECORD WAS SET OR TIED.
MM INDICATES DATA IS MISSING.
T  INDICATES TRACE AMOUNT.




$$
