000
CDUS43 KMPX 302143
CLIMSP


CLIMATE REPORT
NATIONAL WEATHER SERVICE CHANHASSEN MN
443 PM CDT TUE JUN 30 2015


...................................

...THE TWIN CITIES MN CLIMATE SUMMARY FOR JUNE 30 2015...
VALID AS OF 0400 PM LOCAL TIME.

CLIMATE NORMAL PERIOD 1981 TO 2010
CLIMATE RECORD PERIOD 1871 TO 2015


WEATHER ITEM   OBSERVED TIME   RECORD YEAR NORMAL DEPARTURE LAST
                VALUE   (LST)  VALUE       VALUE  FROM      YEAR
                                                  NORMAL
..................................................................
TEMPERATURE (F)
 TODAY
  MAXIMUM         77    259 PM 100    1931  83     -6       81
  MINIMUM         62    451 AM  47    1892  63     -1       65
  AVERAGE         70                        73     -3       73

PRECIPITATION (IN)
  TODAY            0.00          1.56 1978   0.14  -0.14      T
  MONTH TO DATE    4.40                      4.25   0.15    11.36
  SINCE JUN 1      4.40                      4.25   0.15    11.36
  SINCE JAN 1     11.73                     13.83  -2.10    25.83

SNOWFALL (IN)
  TODAY            0.0           0.0    MM   0.0    0.0      0.0
  MONTH TO DATE    0.0                       0.0    0.0      0.0
  SINCE JUN 1      0.0                       0.0    0.0      0.0
  SINCE JUL 1     32.4                      54.4  -22.0     69.8
  SNOW DEPTH       0

DEGREE DAYS
 HEATING
  TODAY            0                         0      0        0
  MONTH TO DATE    7                        44    -37       21
  SINCE JUN 1      7                        44    -37       21
  SINCE JUL 1   7528                      7580    -52     8597

 COOLING
  TODAY            5                         8     -3        8
  MONTH TO DATE  156                       158     -2      162
  SINCE JUN 1    156                       158     -2      162
  SINCE JAN 1    183                       200    -17      214
..................................................................


WIND (MPH)
  HIGHEST WIND SPEED    13   HIGHEST WIND DIRECTION    NE (30)
  HIGHEST GUST SPEED    24   HIGHEST GUST DIRECTION     N (360)
  AVERAGE WIND SPEED     6.0


SKY COVER
  POSSIBLE SUNSHINE  MM
  AVERAGE SKY COVER 0.5


WEATHER CONDITIONS
 THE FOLLOWING WEATHER WAS RECORDED TODAY.
  FOG
  HAZE


RELATIVE HUMIDITY (PERCENT)
 HIGHEST    93          1200 AM
 LOWEST     50           200 PM
 AVERAGE    72

..........................................................


THE TWIN CITIES MN CLIMATE NORMALS FOR TOMORROW
                         NORMAL    RECORD    YEAR
 MAXIMUM TEMPERATURE (F)   83       100      1883
 MINIMUM TEMPERATURE (F)   63        46      1995
                                             1969


SUNRISE AND SUNSET
JUNE 30 2015..........SUNRISE   530 AM CDT   SUNSET   903 PM CDT
JULY  1 2015..........SUNRISE   530 AM CDT   SUNSET   903 PM CDT


-  INDICATES NEGATIVE NUMBERS.
R  INDICATES RECORD WAS SET OR TIED.
MM INDICATES DATA IS MISSING.
T  INDICATES TRACE AMOUNT.




$$
