000
CDUS43 KMPX 110044
CLIMSP


CLIMATE REPORT
NATIONAL WEATHER SERVICE CHANHASSEN MN
743 PM CDT SAT SEP 10 2016


...................................

...THE TWIN CITIES MN CLIMATE SUMMARY FOR SEPTEMBER 10 2016...
VALID TODAY AS OF 0700 PM LOCAL TIME.

CLIMATE NORMAL PERIOD 1981 TO 2010
CLIMATE RECORD PERIOD 1871 TO 2016


WEATHER ITEM   OBSERVED TIME   RECORD YEAR NORMAL DEPARTURE LAST
                VALUE   (LST)  VALUE       VALUE  FROM      YEAR
                                                  NORMAL
..................................................................
TEMPERATURE (F)
 TODAY
  MAXIMUM         72    339 PM 104    1931  74     -2       71
  MINIMUM         57    616 AM  37    1917  55      2       54
  AVERAGE         65                        65      0       63

PRECIPITATION (IN)
  TODAY            T             2.08 1913   0.11  -0.11     0.02
  MONTH TO DATE    1.66                      1.09   0.57     1.40
  SINCE SEP 1      1.66                      1.09   0.57     1.40
  SINCE JAN 1     27.98                     23.26   4.72    23.44

SNOWFALL (IN)
  TODAY            0.0           0.0    MM   0.0    0.0      0.0
  MONTH TO DATE    0.0                       0.0    0.0      0.0
  SINCE SEP 1      0.0                       0.0    0.0      0.0
  SINCE JUL 1      0.0                       0.0    0.0      0.0
  SNOW DEPTH       0

DEGREE DAYS
 HEATING
  TODAY            0                         3     -3        2
  MONTH TO DATE    0                        23    -23        3
  SINCE SEP 1      0                        23    -23        3
  SINCE JUL 1      3                        42    -39       18

 COOLING
  TODAY            0                         3     -3        0
  MONTH TO DATE   50                        36     14       91
  SINCE SEP 1     50                        36     14       91
  SINCE JAN 1    921                       717    204      740
..................................................................


WIND (MPH)
  HIGHEST WIND SPEED    24   HIGHEST WIND DIRECTION    NW (310)
  HIGHEST GUST SPEED    29   HIGHEST GUST DIRECTION    NW (300)
  AVERAGE WIND SPEED    13.1


SKY COVER
  POSSIBLE SUNSHINE  MM
  AVERAGE SKY COVER 0.4


WEATHER CONDITIONS
 THE FOLLOWING WEATHER WAS RECORDED TODAY.
  LIGHT RAIN


RELATIVE HUMIDITY (PERCENT)
 HIGHEST    86           500 AM
 LOWEST     40           400 PM
 AVERAGE    63

..........................................................


THE TWIN CITIES MN CLIMATE NORMALS FOR TOMORROW
                         NORMAL    RECORD    YEAR
 MAXIMUM TEMPERATURE (F)   74        96      1931
                                             1895
 MINIMUM TEMPERATURE (F)   55        35      1962


SUNRISE AND SUNSET
SEPTEMBER 10 2016.....SUNRISE   646 AM CDT   SUNSET   732 PM CDT
SEPTEMBER 11 2016.....SUNRISE   647 AM CDT   SUNSET   730 PM CDT


-  INDICATES NEGATIVE NUMBERS.
R  INDICATES RECORD WAS SET OR TIED.
MM INDICATES DATA IS MISSING.
T  INDICATES TRACE AMOUNT.




$$
