000
CDUS43 KMPX 112226
CLIMSP


CLIMATE REPORT
NATIONAL WEATHER SERVICE CHANHASSEN MN
426 PM CST WED JAN 11 2017


...................................

...THE TWIN CITIES MN CLIMATE SUMMARY FOR JANUARY 11 2017...
VALID AS OF 0400 PM LOCAL TIME.

CLIMATE NORMAL PERIOD 1981 TO 2010
CLIMATE RECORD PERIOD 1871 TO 2017


WEATHER ITEM   OBSERVED TIME   RECORD YEAR NORMAL DEPARTURE LAST
                VALUE   (LST)  VALUE       VALUE  FROM      YEAR
                                                  NORMAL
..................................................................
TEMPERATURE (F)
 TODAY
  MAXIMUM         10    225 PM  44    1986  23    -13        6
  MINIMUM          4    203 AM -31    1977   7     -3       -9
  AVERAGE          7                        15     -8       -1

PRECIPITATION (IN)
  TODAY            0.12          0.47 1930   0.03   0.09     0.02
  MONTH TO DATE    0.44                      0.35   0.09     0.19
  SINCE DEC 1      2.58                      1.51   1.07     2.51
  SINCE JAN 1      0.44                      0.35   0.09     0.19

SNOWFALL (IN)
  TODAY            2.1           6.0  1905   0.4    1.7      0.5
  MONTH TO DATE    5.0                       4.4    0.6      2.5
  SINCE DEC 1     20.8                      16.3    4.5     12.0
  SINCE JUL 1     23.1                      26.2   -3.1     17.1
  SNOW DEPTH       4

DEGREE DAYS
 HEATING
  TODAY           58                        50      8       66
  MONTH TO DATE  590                       543     47      509
  SINCE DEC 1   1948                      1947      1     1580
  SINCE JUL 1   2992                      3566   -574     2755

 COOLING
  TODAY            0                         0      0        0
  MONTH TO DATE    0                         0      0        0
  SINCE DEC 1      0                         0      0        0
  SINCE JAN 1      0                         0      0        0
..................................................................


WIND (MPH)
  HIGHEST WIND SPEED    14   HIGHEST WIND DIRECTION    NW (320)
  HIGHEST GUST SPEED    21   HIGHEST GUST DIRECTION     N (350)
  AVERAGE WIND SPEED     7.0


SKY COVER
  POSSIBLE SUNSHINE  MM
  AVERAGE SKY COVER 0.9


WEATHER CONDITIONS
 THE FOLLOWING WEATHER WAS RECORDED TODAY.
  SNOW
  LIGHT SNOW
  FOG
  HAZE


RELATIVE HUMIDITY (PERCENT)
 HIGHEST    83           400 AM
 LOWEST     69           300 PM
 AVERAGE    76

..........................................................


THE TWIN CITIES MN CLIMATE NORMALS FOR TOMORROW
                         NORMAL    RECORD    YEAR
 MAXIMUM TEMPERATURE (F)   23        48      1987
 MINIMUM TEMPERATURE (F)    7       -31      1912


SUNRISE AND SUNSET
JANUARY 11 2017.......SUNRISE   749 AM CST   SUNSET   453 PM CST
JANUARY 12 2017.......SUNRISE   748 AM CST   SUNSET   455 PM CST


-  INDICATES NEGATIVE NUMBERS.
R  INDICATES RECORD WAS SET OR TIED.
MM INDICATES DATA IS MISSING.
T  INDICATES TRACE AMOUNT.




$$
