000
CDUS43 KMPX 250631
CLIMSP


CLIMATE REPORT
NATIONAL WEATHER SERVICE CHANHASSEN MN
128 AM CDT MON SEP 25 2017


...................................

...THE TWIN CITIES MN CLIMATE SUMMARY FOR SEPTEMBER 24 2017...

CLIMATE NORMAL PERIOD 1981 TO 2010
CLIMATE RECORD PERIOD 1871 TO 2017


WEATHER ITEM   OBSERVED TIME   RECORD YEAR NORMAL DEPARTURE LAST
                VALUE   (LST)  VALUE       VALUE  FROM      YEAR
                                                  NORMAL
..................................................................
TEMPERATURE (F)
 YESTERDAY
  MAXIMUM         90R   401 PM  89    1935  68     22       73
  MINIMUM         70   1154 PM  30    1942  49     21       63
  AVERAGE         80                        58     22       68

PRECIPITATION (IN)
  YESTERDAY        T             1.06 1934   0.10  -0.10      T
  MONTH TO DATE    0.52                      2.49  -1.97     5.20
  SINCE SEP 1      0.52                      2.49  -1.97     5.20
  SINCE JAN 1     26.17                     24.66   1.51    31.52

SNOWFALL (IN)
  YESTERDAY        0.0           0.4  1985   0.0    0.0      0.0
  MONTH TO DATE    0.0                       0.0    0.0       T
  SINCE SEP 1      0.0                       0.0    0.0       T
  SINCE JUL 1      0.0                       0.0    0.0       T
  SNOW DEPTH       0

DEGREE DAYS
 HEATING
  YESTERDAY        0                         8     -8        0
  MONTH TO DATE   35                       101    -66       10
  SINCE SEP 1     35                       101    -66       10
  SINCE JUL 1     42                       120    -78       13

 COOLING
  YESTERDAY       15                         1     14        3
  MONTH TO DATE  141                        61     80       91
  SINCE SEP 1    141                        61     80       91
  SINCE JAN 1    829                       742     87      962
..................................................................


WIND (MPH)
  HIGHEST WIND SPEED    24   HIGHEST WIND DIRECTION     W (280)
  HIGHEST GUST SPEED    29   HIGHEST GUST DIRECTION     W (270)
  AVERAGE WIND SPEED    10.2


SKY COVER
  POSSIBLE SUNSHINE  MM
  AVERAGE SKY COVER 0.6


WEATHER CONDITIONS
 THE FOLLOWING WEATHER WAS RECORDED YESTERDAY.
  LIGHT RAIN


RELATIVE HUMIDITY (PERCENT)
 HIGHEST    84          1100 PM
 LOWEST     41           200 PM
 AVERAGE    63

..........................................................


THE TWIN CITIES MN CLIMATE NORMALS FOR TODAY
                         NORMAL    RECORD    YEAR
 MAXIMUM TEMPERATURE (F)   68        91      1920
 MINIMUM TEMPERATURE (F)   48        31      1926


SUNRISE AND SUNSET
SEPTEMBER 25 2017.....SUNRISE   704 AM CDT   SUNSET   704 PM CDT
SEPTEMBER 26 2017.....SUNRISE   705 AM CDT   SUNSET   702 PM CDT


-  INDICATES NEGATIVE NUMBERS.
R  INDICATES RECORD WAS SET OR TIED.
MM INDICATES DATA IS MISSING.
T  INDICATES TRACE AMOUNT.




$$
