655
CDUS43 KMPX 200630
CLIMSP


CLIMATE REPORT
NATIONAL WEATHER SERVICE CHANHASSEN MN
1229 AM CST MON NOV 20 2017


...................................

...THE TWIN CITIES MN CLIMATE SUMMARY FOR NOVEMBER 19 2017...

CLIMATE NORMAL PERIOD 1981 TO 2010
CLIMATE RECORD PERIOD 1871 TO 2017


WEATHER ITEM   OBSERVED TIME   RECORD YEAR NORMAL DEPARTURE LAST
                VALUE   (LST)  VALUE       VALUE  FROM      YEAR
                                                  NORMAL
..................................................................
TEMPERATURE (F)
 YESTERDAY
  MAXIMUM         41    421 PM  65    1930  39      2       32
  MINIMUM         18    755 AM  -5    1932  24     -6       23
  AVERAGE         30                        32     -2       28

PRECIPITATION (IN)
  YESTERDAY        0.00          1.00 1983   0.07  -0.07      T
  MONTH TO DATE    0.39                      1.16  -0.77     0.80
  SINCE SEP 1      5.92                      6.67  -0.75     9.68
  SINCE JAN 1     31.57                     28.84   2.73    36.00

SNOWFALL (IN)
  YESTERDAY        0.0           6.2  1981   0.4   -0.4       T
  MONTH TO DATE    0.6                       4.8   -4.2      0.3
  SINCE SEP 1      0.7                       5.4   -4.7      0.3
  SINCE JUL 1      0.7                       5.4   -4.7      0.3
  SNOW DEPTH       0

DEGREE DAYS
 HEATING
  YESTERDAY       35                        33      2       37
  MONTH TO DATE  622                       535     87      298
  SINCE SEP 1   1104                      1196    -92      717
  SINCE JUL 1   1111                      1215   -104      720

 COOLING
  YESTERDAY        0                         0      0        0
  MONTH TO DATE    0                         0      0        0
  SINCE SEP 1    142                        72     70       93
  SINCE JAN 1    830                       753     77      964
..................................................................


WIND (MPH)
  HIGHEST WIND SPEED    15   HIGHEST WIND DIRECTION    NW (300)
  HIGHEST GUST SPEED    18   HIGHEST GUST DIRECTION    SW (220)
  AVERAGE WIND SPEED     6.6


SKY COVER
  POSSIBLE SUNSHINE  MM
  AVERAGE SKY COVER 0.4


WEATHER CONDITIONS
 THE FOLLOWING WEATHER WAS RECORDED YESTERDAY.
  NO SIGNIFICANT WEATHER WAS OBSERVED.


RELATIVE HUMIDITY (PERCENT)
 HIGHEST    80           700 AM
 LOWEST     50           300 PM
 AVERAGE    65

..........................................................


THE TWIN CITIES MN CLIMATE NORMALS FOR TODAY
                         NORMAL    RECORD    YEAR
 MAXIMUM TEMPERATURE (F)   38        63      1925
 MINIMUM TEMPERATURE (F)   24        -3      1921


SUNRISE AND SUNSET
NOVEMBER 20 2017......SUNRISE   717 AM CST   SUNSET   440 PM CST
NOVEMBER 21 2017......SUNRISE   719 AM CST   SUNSET   439 PM CST


-  INDICATES NEGATIVE NUMBERS.
R  INDICATES RECORD WAS SET OR TIED.
MM INDICATES DATA IS MISSING.
T  INDICATES TRACE AMOUNT.




$$
