000
CDUS43 KMPX 190815
CLIMSP


CLIMATE REPORT
NATIONAL WEATHER SERVICE CHANHASSEN MN
215 AM CST FRI JAN 19 2018


...................................

...THE TWIN CITIES MN CLIMATE SUMMARY FOR JANUARY 18 2018...

CLIMATE NORMAL PERIOD 1981 TO 2010
CLIMATE RECORD PERIOD 1871 TO 2018


WEATHER ITEM   OBSERVED TIME   RECORD YEAR NORMAL DEPARTURE LAST
                VALUE   (LST)  VALUE       VALUE  FROM      YEAR
                                                  NORMAL
..................................................................
TEMPERATURE (F)
 YESTERDAY
  MAXIMUM         41    324 PM  48    1891  23     18       41
                                      1880
  MINIMUM         21    319 AM -36    1887   7     14       25
  AVERAGE         31                        15     16       33

PRECIPITATION (IN)
  YESTERDAY        0.00          0.31 1895   0.03  -0.03     0.00
  MONTH TO DATE    0.38                      0.55  -0.17     0.67
  SINCE DEC 1      1.17                      1.71  -0.54     2.81
  SINCE JAN 1      0.38                      0.55  -0.17     0.67

SNOWFALL (IN)
  YESTERDAY        0.0           4.5  2014   0.4   -0.4      0.0
  MONTH TO DATE    5.8                       7.2   -1.4      5.6
  SINCE DEC 1     12.2                      19.1   -6.9     21.4
  SINCE JUL 1     12.9                      29.0  -16.1     23.7
  SNOW DEPTH       3

DEGREE DAYS
 HEATING
  YESTERDAY       34                        50    -16       32
  MONTH TO DATE  977                       893     84      920
  SINCE DEC 1   2400                      2297    103     2278
  SINCE JUL 1   3810                      3916   -106     3322

 COOLING
  YESTERDAY        0                         0      0        0
  MONTH TO DATE    0                         0      0        0
  SINCE DEC 1      0                         0      0        0
  SINCE JAN 1      0                         0      0        0
..................................................................


WIND (MPH)
  HIGHEST WIND SPEED    13   HIGHEST WIND DIRECTION    SW (240)
  HIGHEST GUST SPEED    17   HIGHEST GUST DIRECTION     W (260)
  AVERAGE WIND SPEED     6.5


SKY COVER
  POSSIBLE SUNSHINE  MM
  AVERAGE SKY COVER 0.5


WEATHER CONDITIONS
 THE FOLLOWING WEATHER WAS RECORDED YESTERDAY.
  NO SIGNIFICANT WEATHER WAS OBSERVED.


RELATIVE HUMIDITY (PERCENT)
 HIGHEST    85          1100 PM
 LOWEST     54           100 PM
 AVERAGE    70

..........................................................


THE TWIN CITIES MN CLIMATE NORMALS FOR TODAY
                         NORMAL    RECORD    YEAR
 MAXIMUM TEMPERATURE (F)   24        49      1921
 MINIMUM TEMPERATURE (F)    7       -34      1970


SUNRISE AND SUNSET
JANUARY 19 2018.......SUNRISE   745 AM CST   SUNSET   503 PM CST
JANUARY 20 2018.......SUNRISE   744 AM CST   SUNSET   505 PM CST


-  INDICATES NEGATIVE NUMBERS.
R  INDICATES RECORD WAS SET OR TIED.
MM INDICATES DATA IS MISSING.
T  INDICATES TRACE AMOUNT.




$$
