000
CDUS43 KMPX 090242
CLIMSP


CLIMATE REPORT
NATIONAL WEATHER SERVICE CHANHASSEN MN
842 PM CST WED FEB 8 2017


...................................

...THE TWIN CITIES MN CLIMATE SUMMARY FOR FEBRUARY 8 2017...
VALID TODAY AS OF 0800 PM LOCAL TIME.

CLIMATE NORMAL PERIOD 1981 TO 2010
CLIMATE RECORD PERIOD 1871 TO 2017


WEATHER ITEM   OBSERVED TIME   RECORD YEAR NORMAL DEPARTURE LAST
                VALUE   (LST)  VALUE       VALUE  FROM      YEAR
                                                  NORMAL
..................................................................
TEMPERATURE (F)
 TODAY
  MAXIMUM         14        MM  50    2002  27    -13       17
                                      1991
  MINIMUM          1        MM -29    1899  10     -9       11
  AVERAGE          8                        18    -10       14

PRECIPITATION (IN)
  TODAY            0.00          1.08 1966   0.02  -0.02      T
  MONTH TO DATE    0.01                      0.18  -0.17     0.60
  SINCE DEC 1      3.13                      2.24   0.89     3.23
  SINCE JAN 1      0.99                      1.08  -0.09     0.91

SNOWFALL (IN)
  TODAY            0.0           5.0  1905   0.2   -0.2       T
  MONTH TO DATE    0.3                       2.2   -1.9     10.1
  SINCE DEC 1     24.5                      26.3   -1.8     23.7
  SINCE JUL 1     26.8                      36.2   -9.4     28.8
  SNOW DEPTH       T

DEGREE DAYS
 HEATING
  TODAY           57                        46     11       51
  MONTH TO DATE  365                       379    -14      337
  SINCE DEC 1   3083                      3314   -231     2871
  SINCE JUL 1   4127                      4933   -806     4046

 COOLING
  TODAY            0                         0      0        0
  MONTH TO DATE    0                         0      0        0
  SINCE DEC 1      0                         0      0        0
  SINCE JAN 1      0                         0      0        0
..................................................................


WIND (MPH)
  HIGHEST WIND SPEED    15   HIGHEST WIND DIRECTION     W (290)
  HIGHEST GUST SPEED    22   HIGHEST GUST DIRECTION    NW (320)
  AVERAGE WIND SPEED    12.4


SKY COVER
  POSSIBLE SUNSHINE  MM
  AVERAGE SKY COVER 0.3


WEATHER CONDITIONS
 THE FOLLOWING WEATHER WAS RECORDED TODAY.
  NO SIGNIFICANT WEATHER WAS OBSERVED.


RELATIVE HUMIDITY (PERCENT)
 HIGHEST    79           500 AM
 LOWEST     46           300 PM
 AVERAGE    63

..........................................................


THE TWIN CITIES MN CLIMATE NORMALS FOR TOMORROW
                         NORMAL    RECORD    YEAR
 MAXIMUM TEMPERATURE (F)   27        52      1966
 MINIMUM TEMPERATURE (F)   11       -33      1899
                                             1888


SUNRISE AND SUNSET
FEBRUARY  8 2017......SUNRISE   723 AM CST   SUNSET   532 PM CST
FEBRUARY  9 2017......SUNRISE   722 AM CST   SUNSET   533 PM CST


-  INDICATES NEGATIVE NUMBERS.
R  INDICATES RECORD WAS SET OR TIED.
MM INDICATES DATA IS MISSING.
T  INDICATES TRACE AMOUNT.




$$
