000
CDUS43 KMPX 100123
CLIMSP


CLIMATE REPORT
NATIONAL WEATHER SERVICE CHANHASSEN MN
823 PM CDT SUN APR 9 2017


...................................

...THE TWIN CITIES MN CLIMATE SUMMARY FOR APRIL 9 2017...
VALID TODAY AS OF 0800 PM LOCAL TIME.

CLIMATE NORMAL PERIOD 1981 TO 2010
CLIMATE RECORD PERIOD 1871 TO 2017


WEATHER ITEM   OBSERVED TIME   RECORD YEAR NORMAL DEPARTURE LAST
                VALUE   (LST)  VALUE       VALUE  FROM      YEAR
                                                  NORMAL
..................................................................
TEMPERATURE (F)
 TODAY
  MAXIMUM         72    155 PM  81    1930  55     17       43
  MINIMUM         53    617 AM  15    1997  34     19       20
  AVERAGE         63                        44     19       32

PRECIPITATION (IN)
  TODAY            0.02          0.75 1919   0.08  -0.06     0.00
  MONTH TO DATE    0.14                      0.68  -0.54     0.15
  SINCE MAR 1      0.82                      2.57  -1.75     2.41
  SINCE JAN 1      2.44                      4.24  -1.80     3.81

SNOWFALL (IN)
  TODAY            0.0           5.5  1894   0.1   -0.1      0.0
  MONTH TO DATE    0.0                       1.0   -1.0      0.5
  SINCE MAR 1      4.7                      11.3   -6.6      5.9
  SINCE JUL 1     31.5                      53.0  -21.5     36.7
  SNOW DEPTH       0

DEGREE DAYS
 HEATING
  TODAY            2                        21    -19       33
  MONTH TO DATE  119                       205    -86      261
  SINCE MAR 1   1074                      1203   -129      989
  SINCE JUL 1   5775                      6993  -1218     5854

 COOLING
  TODAY            0                         0      0        0
  MONTH TO DATE    0                         0      0        0
  SINCE MAR 1      0                         0      0        0
  SINCE JAN 1      0                         0      0        0
..................................................................


WIND (MPH)
  HIGHEST WIND SPEED    16   HIGHEST WIND DIRECTION     N (20)
  HIGHEST GUST SPEED    18   HIGHEST GUST DIRECTION     E (70)
  AVERAGE WIND SPEED     9.3


SKY COVER
  POSSIBLE SUNSHINE  MM
  AVERAGE SKY COVER 0.9


WEATHER CONDITIONS
 THE FOLLOWING WEATHER WAS RECORDED TODAY.
  THUNDERSTORM


RELATIVE HUMIDITY (PERCENT)
 HIGHEST    71           700 AM
 LOWEST     38           200 PM
 AVERAGE    55

..........................................................


THE TWIN CITIES MN CLIMATE NORMALS FOR TOMORROW
                         NORMAL    RECORD    YEAR
 MAXIMUM TEMPERATURE (F)   55        88      1977
 MINIMUM TEMPERATURE (F)   35        18      1962


SUNRISE AND SUNSET
APRIL  9 2017.........SUNRISE   638 AM CDT   SUNSET   751 PM CDT
APRIL 10 2017.........SUNRISE   637 AM CDT   SUNSET   752 PM CDT


-  INDICATES NEGATIVE NUMBERS.
R  INDICATES RECORD WAS SET OR TIED.
MM INDICATES DATA IS MISSING.
T  INDICATES TRACE AMOUNT.




$$
