000
CDUS43 KMPX 140623
CLIMSP


CLIMATE REPORT
NATIONAL WEATHER SERVICE CHANHASSEN MN
122 AM CDT SAT MAY 14 2016


...................................

...THE TWIN CITIES MN CLIMATE SUMMARY FOR MAY 13 2016...

CLIMATE NORMAL PERIOD 1981 TO 2010
CLIMATE RECORD PERIOD 1871 TO 2016


WEATHER ITEM   OBSERVED TIME   RECORD YEAR NORMAL DEPARTURE LAST
                VALUE   (LST)  VALUE       VALUE  FROM      YEAR
                                                  NORMAL
..................................................................
TEMPERATURE (F)
 YESTERDAY
  MAXIMUM         50   1223 AM  92    2007  69    -19       67
  MINIMUM         39   1005 PM  29    1953  48     -9       43
                                      1888
  AVERAGE         45                        58    -13       55

PRECIPITATION (IN)
  YESTERDAY        0.18          0.98 1962   0.10   0.08     0.00
  MONTH TO DATE    1.25                      1.42  -0.17     1.26
  SINCE MAR 1      6.35                      5.97   0.38     4.35
  SINCE JAN 1      7.75                      7.64   0.11     5.04

SNOWFALL (IN)
  YESTERDAY        0.0           T    1902   0.0    0.0      0.0
                                      1935
  MONTH TO DATE    0.0                       0.0    0.0      0.0
  SINCE MAR 1      5.9                      12.7   -6.8      7.1
  SINCE JUL 1     36.7                      54.4  -17.7     32.4
  SNOW DEPTH       0

DEGREE DAYS
 HEATING
  YESTERDAY       20                         8     12       10
  MONTH TO DATE  110                       120    -10       84
  SINCE MAR 1   1347                      1648   -301     1441
  SINCE JUL 1   6212                      7438  -1226     7406

 COOLING
  YESTERDAY        0                         1     -1        0
  MONTH TO DATE   11                        11      0       12
  SINCE MAR 1     19                        16      3       12
  SINCE JAN 1     19                        16      3       12
..................................................................


WIND (MPH)
  HIGHEST WIND SPEED    29   HIGHEST WIND DIRECTION    NW (320)
  HIGHEST GUST SPEED    38   HIGHEST GUST DIRECTION    NW (310)
  AVERAGE WIND SPEED    13.8


SKY COVER
  POSSIBLE SUNSHINE  MM
  AVERAGE SKY COVER 0.8


WEATHER CONDITIONS
 THE FOLLOWING WEATHER WAS RECORDED YESTERDAY.
  RAIN
  LIGHT RAIN
  FOG


RELATIVE HUMIDITY (PERCENT)
 HIGHEST    86           800 AM
 LOWEST     46           900 PM
 AVERAGE    66

..........................................................


THE TWIN CITIES MN CLIMATE NORMALS FOR TODAY
                         NORMAL    RECORD    YEAR
 MAXIMUM TEMPERATURE (F)   69        98      2013
 MINIMUM TEMPERATURE (F)   48        32      1907


SUNRISE AND SUNSET
MAY 14 2016...........SUNRISE   545 AM CDT   SUNSET   834 PM CDT
MAY 15 2016...........SUNRISE   544 AM CDT   SUNSET   836 PM CDT


-  INDICATES NEGATIVE NUMBERS.
R  INDICATES RECORD WAS SET OR TIED.
MM INDICATES DATA IS MISSING.
T  INDICATES TRACE AMOUNT.




$$
