000
CDUS43 KMPX 110941
CLIMSP


CLIMATE REPORT
NATIONAL WEATHER SERVICE CHANHASSEN MN
340 AM CST THU DEC 11 2014


...................................

...THE TWIN CITIES MN CLIMATE SUMMARY FOR DECEMBER 10 2014...

CLIMATE NORMAL PERIOD 1981 TO 2010
CLIMATE RECORD PERIOD 1871 TO 2014


WEATHER ITEM   OBSERVED TIME   RECORD YEAR NORMAL DEPARTURE LAST
                VALUE   (LST)  VALUE       VALUE  FROM      YEAR
                                                  NORMAL
..................................................................
TEMPERATURE (F)
 YESTERDAY
  MAXIMUM         29    801 PM  54    1979  29      0       13
  MINIMUM         21    554 AM -18    1977  14      7        2
  AVERAGE         25                        21      4        8

PRECIPITATION (IN)
  YESTERDAY        0.00          0.61 1911   0.04  -0.04     0.06
  MONTH TO DATE    0.01                      0.42  -0.41     0.85
  SINCE DEC 1      0.01                      0.42  -0.41     0.85
  SINCE JAN 1     34.55                     29.87   4.68    32.16

SNOWFALL (IN)
  YESTERDAY        0.0           1.8  2013   0.4   -0.4      1.8
  MONTH TO DATE    0.1                       4.1   -4.0      8.1
  SINCE DEC 1      0.1                       4.1   -4.0      8.1
  SINCE JUL 1      9.5                      14.0   -4.5      9.2
  SNOW DEPTH       1

DEGREE DAYS
 HEATING
  YESTERDAY       40                        44     -4       57
  MONTH TO DATE  441                       419     22      512
  SINCE DEC 1    441                       419     22      512
  SINCE JUL 1   2234                      2038    196     2013

 COOLING
  YESTERDAY        0                         0      0        0
  MONTH TO DATE    0                         0      0        0
  SINCE DEC 1      0                         0      0        0
  SINCE JAN 1    759                       753      6      983
..................................................................


WIND (MPH)
  HIGHEST WIND SPEED    16   HIGHEST WIND DIRECTION    SE (120)
  HIGHEST GUST SPEED    18   HIGHEST GUST DIRECTION     E (110)
  AVERAGE WIND SPEED     8.6


SKY COVER
  POSSIBLE SUNSHINE  MM
  AVERAGE SKY COVER 1.0


WEATHER CONDITIONS
 THE FOLLOWING WEATHER WAS RECORDED YESTERDAY.
  FOG


RELATIVE HUMIDITY (PERCENT)
 HIGHEST    96          1200 AM
 LOWEST     78           600 PM
 AVERAGE    87

..........................................................


THE TWIN CITIES MN CLIMATE NORMALS FOR TODAY
                         NORMAL    RECORD    YEAR
 MAXIMUM TEMPERATURE (F)   28        56      1913
 MINIMUM TEMPERATURE (F)   14       -14      1972


SUNRISE AND SUNSET
DECEMBER 11 2014......SUNRISE   741 AM CST   SUNSET   432 PM CST
DECEMBER 12 2014......SUNRISE   741 AM CST   SUNSET   432 PM CST


-  INDICATES NEGATIVE NUMBERS.
R  INDICATES RECORD WAS SET OR TIED.
MM INDICATES DATA IS MISSING.
T  INDICATES TRACE AMOUNT.




$$
