000
CDUS43 KMPX 030721
CLIMSP


CLIMATE REPORT
NATIONAL WEATHER SERVICE CHANHASSEN MN
121 AM CST WED FEB 3 2016


...................................

...THE TWIN CITIES MN CLIMATE SUMMARY FOR FEBRUARY 2 2016...

CLIMATE NORMAL PERIOD 1981 TO 2010
CLIMATE RECORD PERIOD 1871 TO 2016


WEATHER ITEM   OBSERVED TIME   RECORD YEAR NORMAL DEPARTURE LAST
                VALUE   (LST)  VALUE       VALUE  FROM      YEAR
                                                  NORMAL
..................................................................
TEMPERATURE (F)
 YESTERDAY
  MAXIMUM         30   1140 AM  48    1991  25      5       16
  MINIMUM         24   1159 PM -32    1996   9     15        0
  AVERAGE         27                        17     10        8

PRECIPITATION (IN)
  YESTERDAY        0.77          0.80 1983   0.03   0.74     0.00
                                      1919
  MONTH TO DATE    0.77                      0.05   0.72     0.02
  SINCE DEC 1      3.40                      2.11   1.29     1.22
  SINCE JAN 1      1.08                      0.95   0.13     0.36

SNOWFALL (IN)
  YESTERDAY        8.8 R         6.2  1983   0.3    8.5      0.0
  MONTH TO DATE    8.8                       0.6    8.2      0.5
  SINCE DEC 1     22.4                      24.7   -2.3     11.5
  SINCE JUL 1     27.5                      34.6   -7.1     20.9
  SNOW DEPTH       1

DEGREE DAYS
 HEATING
  YESTERDAY       38                        48    -10       57
  MONTH TO DATE   74                        96    -22      109
  SINCE DEC 1   2608                      3031   -423     2780
  SINCE JUL 1   3783                      4650   -867     4573

 COOLING
  YESTERDAY        0                         0      0        0
  MONTH TO DATE    0                         0      0        0
  SINCE DEC 1      0                         0      0        0
  SINCE JAN 1      0                         0      0        0
..................................................................


WIND (MPH)
  HIGHEST WIND SPEED    28   HIGHEST WIND DIRECTION     N (20)
  HIGHEST GUST SPEED    33   HIGHEST GUST DIRECTION     N (20)
  AVERAGE WIND SPEED    15.0


SKY COVER
  POSSIBLE SUNSHINE  MM
  AVERAGE SKY COVER 1.0


WEATHER CONDITIONS
 THE FOLLOWING WEATHER WAS RECORDED YESTERDAY.
  HEAVY SNOW
  SNOW
  LIGHT SNOW
  FOG
  HAZE
  BLOWING SNOW


RELATIVE HUMIDITY (PERCENT)
 HIGHEST    92           100 PM
 LOWEST     69          1100 AM
 AVERAGE    81

..........................................................


THE TWIN CITIES MN CLIMATE NORMALS FOR TODAY
                         NORMAL    RECORD    YEAR
 MAXIMUM TEMPERATURE (F)   26        51      1934
 MINIMUM TEMPERATURE (F)    9       -27      1886


SUNRISE AND SUNSET
FEBRUARY  3 2016......SUNRISE   730 AM CST   SUNSET   523 PM CST
FEBRUARY  4 2016......SUNRISE   729 AM CST   SUNSET   525 PM CST


-  INDICATES NEGATIVE NUMBERS.
R  INDICATES RECORD WAS SET OR TIED.
MM INDICATES DATA IS MISSING.
T  INDICATES TRACE AMOUNT.




$$
