000
CDUS43 KMPX 122220
CLIMSP


CLIMATE REPORT
NATIONAL WEATHER SERVICE CHANHASSEN MN
420 PM CST MON FEB 12 2018


...................................

...THE TWIN CITIES MN CLIMATE SUMMARY FOR FEBRUARY 12 2018...
VALID TODAY AS OF 0400 PM LOCAL TIME.

CLIMATE NORMAL PERIOD 1981 TO 2010
CLIMATE RECORD PERIOD 1871 TO 2018


WEATHER ITEM   OBSERVED TIME   RECORD YEAR NORMAL DEPARTURE LAST
                VALUE   (LST)  VALUE       VALUE  FROM      YEAR
                                                  NORMAL
..................................................................
TEMPERATURE (F)
 TODAY
  MAXIMUM         13    335 PM  59    1990  28    -15       40
  MINIMUM         -2    611 AM -30    1875  12    -14       29
  AVERAGE          6                        20    -14       35

PRECIPITATION (IN)
  TODAY            0.00          0.42 1984   0.03  -0.03      T
  MONTH TO DATE    0.18                      0.28  -0.10     0.03
  SINCE DEC 1      2.52                      2.34   0.18     3.15
  SINCE JAN 1      1.73                      1.18   0.55     1.01

SNOWFALL (IN)
  TODAY            0.0           3.2  1940   0.3   -0.3      0.0
                                      1965
  MONTH TO DATE    3.2                       3.2    0.0      0.3
  SINCE DEC 1     30.0                      27.3    2.7     24.5
  SINCE JUL 1     30.7                      37.2   -6.5     26.8
  SNOW DEPTH       5

DEGREE DAYS
 HEATING
  TODAY           59                        45     14       30
  MONTH TO DATE  704                       562    142      505
  SINCE DEC 1   3618                      3497    121     3223
  SINCE JUL 1   5028                      5116    -88     4267

 COOLING
  TODAY            0                         0      0        0
  MONTH TO DATE    0                         0      0        0
  SINCE DEC 1      0                         0      0        0
  SINCE JAN 1      0                         0      0        0
..................................................................


WIND (MPH)
  HIGHEST WIND SPEED    13   HIGHEST WIND DIRECTION    NW (310)
  HIGHEST GUST SPEED    16   HIGHEST GUST DIRECTION     N (20)
  AVERAGE WIND SPEED     6.0


SKY COVER
  POSSIBLE SUNSHINE  MM
  AVERAGE SKY COVER 0.5


WEATHER CONDITIONS
 THE FOLLOWING WEATHER WAS RECORDED TODAY.
  NO SIGNIFICANT WEATHER WAS OBSERVED.


RELATIVE HUMIDITY (PERCENT)
 HIGHEST    87           400 AM
 LOWEST     46           400 PM
 AVERAGE    67

..........................................................


THE TWIN CITIES MN CLIMATE NORMALS FOR TOMORROW
                         NORMAL    RECORD    YEAR
 MAXIMUM TEMPERATURE (F)   28        51      1890
 MINIMUM TEMPERATURE (F)   12       -23      1905


SUNRISE AND SUNSET
FEBRUARY 12 2018......SUNRISE   718 AM CST   SUNSET   537 PM CST
FEBRUARY 13 2018......SUNRISE   716 AM CST   SUNSET   538 PM CST


-  INDICATES NEGATIVE NUMBERS.
R  INDICATES RECORD WAS SET OR TIED.
MM INDICATES DATA IS MISSING.
T  INDICATES TRACE AMOUNT.




$$
