000
CDUS43 KMPX 090055
CLIMSP


CLIMATE REPORT
NATIONAL WEATHER SERVICE CHANHASSEN MN
755 PM CDT SAT JUL 8 2017


...................................

...THE TWIN CITIES MN CLIMATE SUMMARY FOR JULY 8 2017...
VALID TODAY AS OF 0700 PM LOCAL TIME.

CLIMATE NORMAL PERIOD 1981 TO 2010
CLIMATE RECORD PERIOD 1871 TO 2017


WEATHER ITEM   OBSERVED TIME   RECORD YEAR NORMAL DEPARTURE LAST
                VALUE   (LST)  VALUE       VALUE  FROM      YEAR
                                                  NORMAL
..................................................................
TEMPERATURE (F)
 TODAY
  MAXIMUM         85    353 PM 101    1974  84      1       80
                                      1936
  MINIMUM         62    428 AM  51    1958  64     -2       66
  AVERAGE         74                        74      0       73

PRECIPITATION (IN)
  TODAY            0.00          3.07 1925   0.12  -0.12     0.00
  MONTH TO DATE    0.01                      1.01  -1.00     1.28
  SINCE JUN 1      4.24                      5.26  -1.02     5.77
  SINCE JAN 1     15.79                     14.84   0.95    14.69

SNOWFALL (IN)
  TODAY            0.0           0.0    MM   0.0    0.0      0.0
  MONTH TO DATE    0.0                       0.0    0.0      0.0
  SINCE JUN 1      T                         0.0    0.0      0.0
  SINCE JUL 1      0.0                       0.0    0.0      0.0
  SNOW DEPTH       0

DEGREE DAYS
 HEATING
  TODAY            0                         0      0        0
  MONTH TO DATE    0                         0      0        1
  SINCE JUN 1     12                        44    -32        8
  SINCE JUL 1      0                         0      0        1

 COOLING
  TODAY            9                         9      0        8
  MONTH TO DATE   88                        70     18       62
  SINCE JUN 1    298                       228     70      265
  SINCE JAN 1    319                       270     49      341
..................................................................


WIND (MPH)
  HIGHEST WIND SPEED    16   HIGHEST WIND DIRECTION     W (290)
  HIGHEST GUST SPEED    23   HIGHEST GUST DIRECTION    NW (310)
  AVERAGE WIND SPEED     6.1


SKY COVER
  POSSIBLE SUNSHINE  MM
  AVERAGE SKY COVER 0.5


WEATHER CONDITIONS
 THE FOLLOWING WEATHER WAS RECORDED TODAY.
  NO SIGNIFICANT WEATHER WAS OBSERVED.


RELATIVE HUMIDITY (PERCENT)
 HIGHEST    78           400 AM
 LOWEST     32           400 PM
 AVERAGE    55

..........................................................


THE TWIN CITIES MN CLIMATE NORMALS FOR TOMORROW
                         NORMAL    RECORD    YEAR
 MAXIMUM TEMPERATURE (F)   84        99      1976
 MINIMUM TEMPERATURE (F)   64        48      1895


SUNRISE AND SUNSET
JULY  8 2017..........SUNRISE   535 AM CDT   SUNSET   900 PM CDT
JULY  9 2017..........SUNRISE   536 AM CDT   SUNSET   900 PM CDT


-  INDICATES NEGATIVE NUMBERS.
R  INDICATES RECORD WAS SET OR TIED.
MM INDICATES DATA IS MISSING.
T  INDICATES TRACE AMOUNT.




$$
