000
CDUS43 KMPX 160751
CLIMSP


CLIMATE REPORT
NATIONAL WEATHER SERVICE CHANHASSEN MN
250 AM CDT SAT AUG 16 2014


...................................

...THE TWIN CITIES MN CLIMATE SUMMARY FOR AUGUST 15 2014...

CLIMATE NORMAL PERIOD 1981 TO 2010
CLIMATE RECORD PERIOD 1871 TO 2014


WEATHER ITEM   OBSERVED TIME   RECORD YEAR NORMAL DEPARTURE LAST
                VALUE   (LST)  VALUE       VALUE  FROM      YEAR
                                                  NORMAL
..................................................................
TEMPERATURE (F)
 YESTERDAY
  MAXIMUM         85    439 PM 103    1936  81      4       79
  MINIMUM         64    534 AM  47    1960  62      2       59
  AVERAGE         75                        72      3       69

PRECIPITATION (IN)
  YESTERDAY        0.00          1.23 1966   0.15  -0.15     0.00
  MONTH TO DATE    0.86                      2.20  -1.34     1.98
  SINCE JUN 1     14.49                     10.49   4.00    10.66
  SINCE JAN 1     28.96                     20.07   8.89    26.35

SNOWFALL (IN)
  YESTERDAY        0.0           0.0    MM   0.0    0.0      0.0
  MONTH TO DATE    0.0                       0.0    0.0       T
  SINCE JUN 1      0.0                       0.0    0.0       T
  SINCE JUL 1      0.0                       0.0    0.0       T
  SNOW DEPTH       0

DEGREE DAYS
 HEATING
  YESTERDAY        0                         0      0        0
  MONTH TO DATE    0                         0      0        0
  SINCE JUN 1     28                        49    -21       50
  SINCE JUL 1      7                         5      2        8

 COOLING
  YESTERDAY       10                         7      3        4
  MONTH TO DATE  130                       114     16       69
  SINCE JUN 1    509                       548    -39      555
  SINCE JAN 1    561                       590    -29      608
..................................................................


WIND (MPH)
  HIGHEST WIND SPEED    14   HIGHEST WIND DIRECTION    SW (220)
  HIGHEST GUST SPEED    20   HIGHEST GUST DIRECTION     S (180)
  AVERAGE WIND SPEED     7.4


SKY COVER
  POSSIBLE SUNSHINE  MM
  AVERAGE SKY COVER 0.6


WEATHER CONDITIONS
 THE FOLLOWING WEATHER WAS RECORDED YESTERDAY.
  NO SIGNIFICANT WEATHER WAS OBSERVED.


RELATIVE HUMIDITY (PERCENT)
 HIGHEST    79          1100 PM
 LOWEST     47           100 PM
 AVERAGE    63

..........................................................


THE TWIN CITIES MN CLIMATE NORMALS FOR TODAY
                         NORMAL    RECORD    YEAR
 MAXIMUM TEMPERATURE (F)   81        99      1988
 MINIMUM TEMPERATURE (F)   62        47      1962


SUNRISE AND SUNSET
AUGUST 16 2014........SUNRISE   616 AM CDT   SUNSET   817 PM CDT
AUGUST 17 2014........SUNRISE   617 AM CDT   SUNSET   816 PM CDT


-  INDICATES NEGATIVE NUMBERS.
R  INDICATES RECORD WAS SET OR TIED.
MM INDICATES DATA IS MISSING.
T  INDICATES TRACE AMOUNT.




$$
