000
CDUS43 KMPX 162229
CLIMSP


CLIMATE REPORT
NATIONAL WEATHER SERVICE CHANHASSEN MN
528 PM CDT SAT APR 16 2016


...................................

...THE TWIN CITIES MN CLIMATE SUMMARY FOR APRIL 16 2016...
VALID AS OF 0500 PM LOCAL TIME.

CLIMATE NORMAL PERIOD 1981 TO 2010
CLIMATE RECORD PERIOD 1871 TO 2016


WEATHER ITEM   OBSERVED TIME   RECORD YEAR NORMAL DEPARTURE LAST
                VALUE   (LST)  VALUE       VALUE  FROM      YEAR
                                                  NORMAL
..................................................................
TEMPERATURE (F)
 TODAY
  MAXIMUM         80    334 PM  88    1964  58     22       73
  MINIMUM         57    608 AM  10    1875  38     19       52
  AVERAGE         69                        48     21       63

PRECIPITATION (IN)
  TODAY            0.00          1.04 2003   0.08  -0.08      T
  MONTH TO DATE    0.15                      1.28  -1.13     1.82
  SINCE MAR 1      2.41                      3.17  -0.76     2.49
  SINCE JAN 1      3.81                      4.84  -1.03     3.18

SNOWFALL (IN)
  TODAY            0.0           5.0  1961   0.0    0.0      0.0
  MONTH TO DATE    0.5                       1.6   -1.1      0.3
  SINCE MAR 1      5.9                      11.9   -6.0      7.1
  SINCE JUL 1     36.7                      53.6  -16.9     32.4
  SNOW DEPTH       0

DEGREE DAYS
 HEATING
  TODAY            0                        17    -17        2
  MONTH TO DATE  346                       336     10      252
  SINCE MAR 1   1074                      1334   -260     1158
  SINCE JUL 1   5939                      7124  -1185     7123

 COOLING
  TODAY            4                         0      4        0
  MONTH TO DATE    4                         0      4        0
  SINCE MAR 1      4                         0      4        0
  SINCE JAN 1      4                         0      4        0
..................................................................


WIND (MPH)
  HIGHEST WIND SPEED    25   HIGHEST WIND DIRECTION     S (160)
  HIGHEST GUST SPEED    31   HIGHEST GUST DIRECTION     S (170)
  AVERAGE WIND SPEED    14.2


SKY COVER
  POSSIBLE SUNSHINE  MM
  AVERAGE SKY COVER 0.7


WEATHER CONDITIONS
 THE FOLLOWING WEATHER WAS RECORDED TODAY.
  NO SIGNIFICANT WEATHER WAS OBSERVED.


RELATIVE HUMIDITY (PERCENT)
 HIGHEST    55           400 AM
 LOWEST     27           400 PM
 AVERAGE    41

..........................................................


THE TWIN CITIES MN CLIMATE NORMALS FOR TOMORROW
                         NORMAL    RECORD    YEAR
 MAXIMUM TEMPERATURE (F)   59        85      1985
 MINIMUM TEMPERATURE (F)   38        10      1875


SUNRISE AND SUNSET
APRIL 16 2016.........SUNRISE   626 AM CDT   SUNSET   800 PM CDT
APRIL 17 2016.........SUNRISE   624 AM CDT   SUNSET   801 PM CDT


-  INDICATES NEGATIVE NUMBERS.
R  INDICATES RECORD WAS SET OR TIED.
MM INDICATES DATA IS MISSING.
T  INDICATES TRACE AMOUNT.




$$
