000
CDUS43 KMPX 182132
CLIMSP


CLIMATE REPORT
NATIONAL WEATHER SERVICE CHANHASSEN MN
432 PM CDT MON MAY 18 2015


...................................

...THE TWIN CITIES MN CLIMATE SUMMARY FOR MAY 18 2015...
VALID AS OF 0400 PM LOCAL TIME.

CLIMATE NORMAL PERIOD 1981 TO 2010
CLIMATE RECORD PERIOD 1871 TO 2015


WEATHER ITEM   OBSERVED TIME   RECORD YEAR NORMAL DEPARTURE LAST
                VALUE   (LST)  VALUE       VALUE  FROM      YEAR
                                                  NORMAL
..................................................................
TEMPERATURE (F)
 TODAY
  MAXIMUM         48   1251 PM  93    2012  70    -22       72
  MINIMUM         40    848 AM  27    1915  50    -10       49
  AVERAGE         44                        60    -16       61

PRECIPITATION (IN)
  TODAY            T             1.57 1892   0.10  -0.10     0.00
  MONTH TO DATE    1.74                      1.95  -0.21     1.63
  SINCE MAR 1      4.83                      6.50  -1.67     8.72
  SINCE JAN 1      5.52                      8.17  -2.65    11.55

SNOWFALL (IN)
  TODAY            0.0           2.0  1915   0.0    0.0      0.0
  MONTH TO DATE    0.0                       0.0    0.0      0.0
  SINCE MAR 1      7.1                      12.7   -5.6     11.7
  SINCE JUL 1     32.4                      54.4  -22.0     69.8
  SNOW DEPTH       0

DEGREE DAYS
 HEATING
  TODAY           21                         6     15        4
  MONTH TO DATE  125                       154    -29      220
  SINCE MAR 1   1482                      1682   -200     2099
  SINCE JUL 1   7447                      7472    -25     8552

 COOLING
  TODAY            0                         1     -1        0
  MONTH TO DATE   14                        16     -2        0
  SINCE MAR 1     14                        21     -7        0
  SINCE JAN 1     14                        21     -7        0
..................................................................


WIND (MPH)
  HIGHEST WIND SPEED    28   HIGHEST WIND DIRECTION    SW (240)
  HIGHEST GUST SPEED    37   HIGHEST GUST DIRECTION     W (250)
  AVERAGE WIND SPEED    19.1


SKY COVER
  POSSIBLE SUNSHINE  MM
  AVERAGE SKY COVER 1.0


WEATHER CONDITIONS
 THE FOLLOWING WEATHER WAS RECORDED TODAY.
  LIGHT RAIN


RELATIVE HUMIDITY (PERCENT)
 HIGHEST    73           600 AM
 LOWEST     60          1200 PM
 AVERAGE    67

..........................................................


THE TWIN CITIES MN CLIMATE NORMALS FOR TOMORROW
                         NORMAL    RECORD    YEAR
 MAXIMUM TEMPERATURE (F)   70        97      2009
 MINIMUM TEMPERATURE (F)   50        33      1961


SUNRISE AND SUNSET
MAY 18 2015...........SUNRISE   541 AM CDT   SUNSET   838 PM CDT
MAY 19 2015...........SUNRISE   540 AM CDT   SUNSET   839 PM CDT


-  INDICATES NEGATIVE NUMBERS.
R  INDICATES RECORD WAS SET OR TIED.
MM INDICATES DATA IS MISSING.
T  INDICATES TRACE AMOUNT.




$$
