000
CDUS43 KMPX 050020
CLIMSP


CLIMATE REPORT
NATIONAL WEATHER SERVICE CHANHASSEN MN
720 PM CDT FRI AUG 4 2017


...................................

...THE TWIN CITIES MN CLIMATE SUMMARY FOR AUGUST 4 2017...
VALID TODAY AS OF 0700 PM LOCAL TIME.

CLIMATE NORMAL PERIOD 1981 TO 2010
CLIMATE RECORD PERIOD 1871 TO 2017


WEATHER ITEM   OBSERVED TIME   RECORD YEAR NORMAL DEPARTURE LAST
                VALUE   (LST)  VALUE       VALUE  FROM      YEAR
                                                  NORMAL
..................................................................
TEMPERATURE (F)
 TODAY
  MAXIMUM         78    509 PM 102    1947  82     -4       85
  MINIMUM         54    547 AM  48    1978  63     -9       70
  AVERAGE         66                        73     -7       78

PRECIPITATION (IN)
  TODAY            T             2.65 1941   0.15  -0.15     1.13
  MONTH TO DATE    0.29                      0.60  -0.31     1.13
  SINCE JUN 1      7.64                      8.89  -1.25    10.71
  SINCE JAN 1     19.19                     18.47   0.72    19.63

SNOWFALL (IN)
  TODAY            0.0           0.0    MM   0.0    0.0      0.0
  MONTH TO DATE    0.0                       0.0    0.0      0.0
  SINCE JUN 1      T                         0.0    0.0      0.0
  SINCE JUL 1      0.0                       0.0    0.0      0.0
  SNOW DEPTH       0

DEGREE DAYS
 HEATING
  TODAY            0                         0      0        0
  MONTH TO DATE    4                         0      4        0
  SINCE JUN 1     16                        49    -33        8
  SINCE JUL 1      4                         5     -1        1

 COOLING
  TODAY            1                         8     -7       13
  MONTH TO DATE   25                        32     -7       60
  SINCE JUN 1    563                       466     97      587
  SINCE JAN 1    584                       508     76      663
..................................................................


WIND (MPH)
  HIGHEST WIND SPEED    18   HIGHEST WIND DIRECTION    NW (330)
  HIGHEST GUST SPEED    24   HIGHEST GUST DIRECTION     N (350)
  AVERAGE WIND SPEED    11.4


SKY COVER
  POSSIBLE SUNSHINE  MM
  AVERAGE SKY COVER 0.5


WEATHER CONDITIONS
 THE FOLLOWING WEATHER WAS RECORDED TODAY.
  LIGHT RAIN


RELATIVE HUMIDITY (PERCENT)
 HIGHEST    77           500 AM
 LOWEST     35           400 PM
 AVERAGE    56

..........................................................


THE TWIN CITIES MN CLIMATE NORMALS FOR TOMORROW
                         NORMAL    RECORD    YEAR
 MAXIMUM TEMPERATURE (F)   82       100      1947
 MINIMUM TEMPERATURE (F)   63        48      1994


SUNRISE AND SUNSET
AUGUST  4 2017........SUNRISE   602 AM CDT   SUNSET   835 PM CDT
AUGUST  5 2017........SUNRISE   603 AM CDT   SUNSET   833 PM CDT


-  INDICATES NEGATIVE NUMBERS.
R  INDICATES RECORD WAS SET OR TIED.
MM INDICATES DATA IS MISSING.
T  INDICATES TRACE AMOUNT.




$$
