000
CDUS43 KMPX 080110
CLIMSP


CLIMATE REPORT
NATIONAL WEATHER SERVICE CHANHASSEN MN
810 PM CDT WED JUN 7 2017


...................................

...THE TWIN CITIES MN CLIMATE SUMMARY FOR JUNE 7 2017...
VALID TODAY AS OF 0800 PM LOCAL TIME.

CLIMATE NORMAL PERIOD 1981 TO 2010
CLIMATE RECORD PERIOD 1871 TO 2017


WEATHER ITEM   OBSERVED TIME   RECORD YEAR NORMAL DEPARTURE LAST
                VALUE   (LST)  VALUE       VALUE  FROM      YEAR
                                                  NORMAL
..................................................................
TEMPERATURE (F)
 TODAY
  MAXIMUM         88    448 PM 103    2011  76     12       72
  MINIMUM         61    434 AM  35    1998  56      5       50
  AVERAGE         75                        66      9       61

PRECIPITATION (IN)
  TODAY            0.00          2.91 1984   0.13  -0.13     0.00
  MONTH TO DATE    T                         0.89  -0.89     0.28
  SINCE JUN 1      T                         0.89  -0.89     0.28
  SINCE JAN 1     11.55                     10.47   1.08     9.20

SNOWFALL (IN)
  TODAY            0.0           0.0    MM   0.0    0.0      0.0
  MONTH TO DATE    0.0                       0.0    0.0      0.0
  SINCE JUN 1      0.0                       0.0    0.0      0.0
  SINCE JUL 1     32.0                      54.4  -22.4     36.7
  SNOW DEPTH       0

DEGREE DAYS
 HEATING
  TODAY            0                         2     -2        4
  MONTH TO DATE    1                        21    -20        7
  SINCE JUN 1      1                        21    -20        7
  SINCE JUL 1   6299                      7557  -1258     6283

 COOLING
  TODAY           10                         3      7        0
  MONTH TO DATE   57                        21     36        7
  SINCE JUN 1     57                        21     36        7
  SINCE JAN 1     78                        63     15       83
..................................................................


WIND (MPH)
  HIGHEST WIND SPEED    16   HIGHEST WIND DIRECTION     S (160)
  HIGHEST GUST SPEED    21   HIGHEST GUST DIRECTION     S (200)
  AVERAGE WIND SPEED     8.2


SKY COVER
  POSSIBLE SUNSHINE  MM
  AVERAGE SKY COVER 0.4


WEATHER CONDITIONS
 THE FOLLOWING WEATHER WAS RECORDED TODAY.
  NO SIGNIFICANT WEATHER WAS OBSERVED.


RELATIVE HUMIDITY (PERCENT)
 HIGHEST    56           500 AM
 LOWEST     21           300 PM
 AVERAGE    39

..........................................................


THE TWIN CITIES MN CLIMATE NORMALS FOR TOMORROW
                         NORMAL    RECORD    YEAR
 MAXIMUM TEMPERATURE (F)   77       102      1985
 MINIMUM TEMPERATURE (F)   56        36      1885


SUNRISE AND SUNSET
JUNE  7 2017..........SUNRISE   527 AM CDT   SUNSET   857 PM CDT
JUNE  8 2017..........SUNRISE   527 AM CDT   SUNSET   857 PM CDT


-  INDICATES NEGATIVE NUMBERS.
R  INDICATES RECORD WAS SET OR TIED.
MM INDICATES DATA IS MISSING.
T  INDICATES TRACE AMOUNT.




$$
