000
CDUS43 KMPX 212141
CLIMSP


CLIMATE REPORT
NATIONAL WEATHER SERVICE CHANHASSEN MN
440 PM CDT THU AUG 21 2014


...................................

...THE TWIN CITIES MN CLIMATE SUMMARY FOR AUGUST 21 2014...
VALID AS OF 0400 PM LOCAL TIME.

CLIMATE NORMAL PERIOD 1981 TO 2010
CLIMATE RECORD PERIOD 1871 TO 2014


WEATHER ITEM   OBSERVED TIME   RECORD YEAR NORMAL DEPARTURE LAST
                VALUE   (LST)  VALUE       VALUE  FROM      YEAR
                                                  NORMAL
..................................................................
TEMPERATURE (F)
 TODAY
  MAXIMUM         83    141 PM  98    1947  80      3       88
  MINIMUM         70    654 AM  44    2004  61      9       74
  AVERAGE         77                        71      6       81

PRECIPITATION (IN)
  TODAY            0.07          3.64 1924   0.14  -0.07      T
  MONTH TO DATE    1.29                      3.05  -1.76     1.98
  SINCE JUN 1     14.92                     11.34   3.58    10.66
  SINCE JAN 1     29.39                     20.92   8.47    26.35

SNOWFALL (IN)
  TODAY            0.0           0.0    MM   0.0    0.0      0.0
  MONTH TO DATE    0.0                       0.0    0.0       T
  SINCE JUN 1      0.0                       0.0    0.0       T
  SINCE JUL 1      0.0                       0.0    0.0       T
  SNOW DEPTH       0

DEGREE DAYS
 HEATING
  TODAY            0                         0      0        0
  MONTH TO DATE    0                         0      0        0
  SINCE JUN 1     28                        49    -21       50
  SINCE JUL 1      7                         5      2        8

 COOLING
  TODAY           12                         6      6       16
  MONTH TO DATE  193                       152     41      135
  SINCE JUN 1    572                       586    -14      621
  SINCE JAN 1    624                       628     -4      674
..................................................................


WIND (MPH)
  HIGHEST WIND SPEED    26   HIGHEST WIND DIRECTION     E (90)
  HIGHEST GUST SPEED    30   HIGHEST GUST DIRECTION     E (80)
  AVERAGE WIND SPEED    10.7


SKY COVER
  POSSIBLE SUNSHINE  MM
  AVERAGE SKY COVER 0.8


WEATHER CONDITIONS
 THE FOLLOWING WEATHER WAS RECORDED TODAY.
  THUNDERSTORM
  RAIN
  LIGHT RAIN
  FOG


RELATIVE HUMIDITY (PERCENT)
 HIGHEST    84           200 AM
 LOWEST     69          1200 PM
 AVERAGE    77

..........................................................


THE TWIN CITIES MN CLIMATE NORMALS FOR TOMORROW
                         NORMAL    RECORD    YEAR
 MAXIMUM TEMPERATURE (F)   80        97      1971
                                             1898
 MINIMUM TEMPERATURE (F)   61        43      1890
                                             1875


SUNRISE AND SUNSET
AUGUST 21 2014........SUNRISE   622 AM CDT   SUNSET   809 PM CDT
AUGUST 22 2014........SUNRISE   623 AM CDT   SUNSET   807 PM CDT


-  INDICATES NEGATIVE NUMBERS.
R  INDICATES RECORD WAS SET OR TIED.
MM INDICATES DATA IS MISSING.
T  INDICATES TRACE AMOUNT.




$$
