000
CDUS43 KMPX 130142
CLIMSP


CLIMATE REPORT
NATIONAL WEATHER SERVICE CHANHASSEN MN
842 PM CDT FRI AUG 12 2016


...................................

...THE TWIN CITIES MN CLIMATE SUMMARY FOR AUGUST 12 2016...
VALID TODAY AS OF 0800 PM LOCAL TIME.

CLIMATE NORMAL PERIOD 1981 TO 2010
CLIMATE RECORD PERIOD 1871 TO 2016


WEATHER ITEM   OBSERVED TIME   RECORD YEAR NORMAL DEPARTURE LAST
                VALUE   (LST)  VALUE       VALUE  FROM      YEAR
                                                  NORMAL
..................................................................
TEMPERATURE (F)
 TODAY
  MAXIMUM         82        MM  94    1965  81      1       85
                                      1886
  MINIMUM         71        MM  45    1961  63      8       64
  AVERAGE         77                        72      5       75

PRECIPITATION (IN)
  TODAY            0.29          2.42 1985   0.15   0.14     0.00
  MONTH TO DATE    4.06                      1.76   2.30     0.74
  SINCE JUN 1     13.64                     10.05   3.59    12.46
  SINCE JAN 1     22.56                     19.63   2.93    19.79

SNOWFALL (IN)
  TODAY            0.0           0.0    MM   0.0    0.0      0.0
  MONTH TO DATE    0.0                       0.0    0.0      0.0
  SINCE JUN 1      0.0                       0.0    0.0      0.0
  SINCE JUL 1      0.0                       0.0    0.0      0.0
  SNOW DEPTH       0

DEGREE DAYS
 HEATING
  TODAY            0                         0      0        0
  MONTH TO DATE    0                         0      0        0
  SINCE JUN 1      8                        49    -41        9
  SINCE JUL 1      1                         5     -4        2

 COOLING
  TODAY           12                         7      5       10
  MONTH TO DATE  143                        93     50      100
  SINCE JUN 1    670                       527    143      523
  SINCE JAN 1    746                       569    177      550
..................................................................


WIND (MPH)
  HIGHEST WIND SPEED    10   HIGHEST WIND DIRECTION     N (10)
  HIGHEST GUST SPEED    MM   HIGHEST GUST DIRECTION    MM
  AVERAGE WIND SPEED     6.6


SKY COVER
  POSSIBLE SUNSHINE  MM
  AVERAGE SKY COVER 0.9


WEATHER CONDITIONS
 THE FOLLOWING WEATHER WAS RECORDED TODAY.
  RAIN
  LIGHT RAIN
  FOG


RELATIVE HUMIDITY (PERCENT)
 HIGHEST    93           500 PM
 LOWEST     67          1200 PM
 AVERAGE    80

..........................................................


THE TWIN CITIES MN CLIMATE NORMALS FOR TOMORROW
                         NORMAL    RECORD    YEAR
 MAXIMUM TEMPERATURE (F)   81        98      1880
 MINIMUM TEMPERATURE (F)   63        48      1997
                                             1924


SUNRISE AND SUNSET
AUGUST 12 2016........SUNRISE   612 AM CDT   SUNSET   823 PM CDT
AUGUST 13 2016........SUNRISE   613 AM CDT   SUNSET   821 PM CDT


-  INDICATES NEGATIVE NUMBERS.
R  INDICATES RECORD WAS SET OR TIED.
MM INDICATES DATA IS MISSING.
T  INDICATES TRACE AMOUNT.




$$
