000
CDUS43 KMPX 190721
CLIMSP


CLIMATE REPORT
NATIONAL WEATHER SERVICE CHANHASSEN MN
221 AM CDT SUN MAR 19 2017


...................................

...THE TWIN CITIES MN CLIMATE SUMMARY FOR MARCH 18 2017...

CLIMATE NORMAL PERIOD 1981 TO 2010
CLIMATE RECORD PERIOD 1871 TO 2017


WEATHER ITEM   OBSERVED TIME   RECORD YEAR NORMAL DEPARTURE LAST
                VALUE   (LST)  VALUE       VALUE  FROM      YEAR
                                                  NORMAL
..................................................................
TEMPERATURE (F)
 YESTERDAY
  MAXIMUM         43    513 PM  79    2012  42      1       37
  MINIMUM         30   1052 PM  -8    1923  25      5       30
  AVERAGE         37                        34      3       34

PRECIPITATION (IN)
  YESTERDAY        0.00          1.07 1968   0.07  -0.07      T
  MONTH TO DATE    0.39                      1.00  -0.61     0.97
  SINCE MAR 1      0.39                      1.00  -0.61     0.97
  SINCE JAN 1      2.01                      2.67  -0.66     2.37

SNOWFALL (IN)
  YESTERDAY        0.0           5.3  2005   0.3   -0.3       T
  MONTH TO DATE    4.7                       7.1   -2.4      0.4
  SINCE MAR 1      4.7                       7.1   -2.4      0.4
  SINCE JUL 1     31.5                      48.8  -17.3     31.2
  SNOW DEPTH       0

DEGREE DAYS
 HEATING
  YESTERDAY       28                        31     -3       31
  MONTH TO DATE  656                       633     23      418
  SINCE MAR 1    656                       633     23      418
  SINCE JUL 1   5357                      6423  -1066     5283

 COOLING
  YESTERDAY        0                         0      0        0
  MONTH TO DATE    0                         0      0        0
  SINCE MAR 1      0                         0      0        0
  SINCE JAN 1      0                         0      0        0
..................................................................


WIND (MPH)
  HIGHEST WIND SPEED    25   HIGHEST WIND DIRECTION    NW (310)
  HIGHEST GUST SPEED    32   HIGHEST GUST DIRECTION    NW (320)
  AVERAGE WIND SPEED    10.1


SKY COVER
  POSSIBLE SUNSHINE  MM
  AVERAGE SKY COVER 0.7


WEATHER CONDITIONS
 THE FOLLOWING WEATHER WAS RECORDED YESTERDAY.
  NO SIGNIFICANT WEATHER WAS OBSERVED.


RELATIVE HUMIDITY (PERCENT)
 HIGHEST    72           300 AM
 LOWEST     45           500 PM
 AVERAGE    59

..........................................................


THE TWIN CITIES MN CLIMATE NORMALS FOR TODAY
                         NORMAL    RECORD    YEAR
 MAXIMUM TEMPERATURE (F)   43        79      2012
 MINIMUM TEMPERATURE (F)   25       -15      1875


SUNRISE AND SUNSET
MARCH 19 2017.........SUNRISE   717 AM CDT   SUNSET   724 PM CDT
MARCH 20 2017.........SUNRISE   715 AM CDT   SUNSET   726 PM CDT


-  INDICATES NEGATIVE NUMBERS.
R  INDICATES RECORD WAS SET OR TIED.
MM INDICATES DATA IS MISSING.
T  INDICATES TRACE AMOUNT.




$$
