152
CDUS43 KMPX 260707
CLIMSP


CLIMATE REPORT
NATIONAL WEATHER SERVICE CHANHASSEN MN
206 AM CDT TUE APR 26 2016


...................................

...THE TWIN CITIES MN CLIMATE SUMMARY FOR APRIL 25 2016...

CLIMATE NORMAL PERIOD 1981 TO 2010
CLIMATE RECORD PERIOD 1871 TO 2016


WEATHER ITEM   OBSERVED TIME   RECORD YEAR NORMAL DEPARTURE LAST
                VALUE   (LST)  VALUE       VALUE  FROM      YEAR
                                                  NORMAL
..................................................................
TEMPERATURE (F)
 YESTERDAY
  MAXIMUM         55    408 PM  91    1962  63     -8       62
  MINIMUM         44   1159 PM  25    1907  42      2       43
  AVERAGE         50                        52     -2       53

PRECIPITATION (IN)
  YESTERDAY        0.53          1.47 1902   0.10   0.43     0.00
  MONTH TO DATE    1.91                      2.12  -0.21     2.42
  SINCE MAR 1      4.17                      4.01   0.16     3.09
  SINCE JAN 1      5.57                      5.68  -0.11     3.78

SNOWFALL (IN)
  YESTERDAY        0.0           3.2  1950   0.1   -0.1      0.0
  MONTH TO DATE    0.5                       2.2   -1.7      0.3
  SINCE MAR 1      5.9                      12.5   -6.6      7.1
  SINCE JUL 1     36.7                      54.2  -17.5     32.4
  SNOW DEPTH       0

DEGREE DAYS
 HEATING
  YESTERDAY       15                        13      2       12
  MONTH TO DATE  414                       471    -57      399
  SINCE MAR 1   1142                      1469   -327     1305
  SINCE JUL 1   6007                      7259  -1252     7270

 COOLING
  YESTERDAY        0                         0      0        0
  MONTH TO DATE    8                         0      8        0
  SINCE MAR 1      8                         0      8        0
  SINCE JAN 1      8                         0      8        0
..................................................................


WIND (MPH)
  HIGHEST WIND SPEED    17   HIGHEST WIND DIRECTION     E (110)
  HIGHEST GUST SPEED    28   HIGHEST GUST DIRECTION     N (20)
  AVERAGE WIND SPEED    10.7


SKY COVER
  POSSIBLE SUNSHINE  MM
  AVERAGE SKY COVER 1.0


WEATHER CONDITIONS
 THE FOLLOWING WEATHER WAS RECORDED YESTERDAY.
  THUNDERSTORM
  RAIN
  LIGHT RAIN
  FOG
  HAZE


RELATIVE HUMIDITY (PERCENT)
 HIGHEST    96          1000 AM
 LOWEST     77           400 PM
 AVERAGE    87

..........................................................


THE TWIN CITIES MN CLIMATE NORMALS FOR TODAY
                         NORMAL    RECORD    YEAR
 MAXIMUM TEMPERATURE (F)   63        85      1970
 MINIMUM TEMPERATURE (F)   42        26      1950


SUNRISE AND SUNSET
APRIL 26 2016.........SUNRISE   609 AM CDT   SUNSET   813 PM CDT
APRIL 27 2016.........SUNRISE   608 AM CDT   SUNSET   814 PM CDT


-  INDICATES NEGATIVE NUMBERS.
R  INDICATES RECORD WAS SET OR TIED.
MM INDICATES DATA IS MISSING.
T  INDICATES TRACE AMOUNT.




$$
