000
CDUS43 KMPX 082125
CLIMSP


CLIMATE REPORT
NATIONAL WEATHER SERVICE CHANHASSEN MN
425 PM CDT THU JUN 8 2017


...................................

...THE TWIN CITIES MN CLIMATE SUMMARY FOR JUNE 8 2017...
VALID TODAY AS OF 0400 PM LOCAL TIME.

CLIMATE NORMAL PERIOD 1981 TO 2010
CLIMATE RECORD PERIOD 1871 TO 2017


WEATHER ITEM   OBSERVED TIME   RECORD YEAR NORMAL DEPARTURE LAST
                VALUE   (LST)  VALUE       VALUE  FROM      YEAR
                                                  NORMAL
..................................................................
TEMPERATURE (F)
 TODAY
  MAXIMUM         85    252 PM 102    1985  77      8       79
  MINIMUM         69    608 AM  36    1885  56     13       54
  AVERAGE         77                        66     11       67

PRECIPITATION (IN)
  TODAY            0.00          2.12 1918   0.14  -0.14     0.02
  MONTH TO DATE    0.02                      1.03  -1.01     0.30
  SINCE JUN 1      0.02                      1.03  -1.01     0.30
  SINCE JAN 1     11.57                     10.61   0.96     9.22

SNOWFALL (IN)
  TODAY            0.0           0.0    MM   0.0    0.0      0.0
  MONTH TO DATE    0.0                       0.0    0.0      0.0
  SINCE JUN 1      0.0                       0.0    0.0      0.0
  SINCE JUL 1     32.0                      54.4  -22.4     36.7
  SNOW DEPTH       0

DEGREE DAYS
 HEATING
  TODAY            0                         2     -2        0
  MONTH TO DATE    1                        23    -22        7
  SINCE JUN 1      1                        23    -22        7
  SINCE JUL 1   6299                      7559  -1260     6283

 COOLING
  TODAY           12                         4      8        2
  MONTH TO DATE   69                        25     44        9
  SINCE JUN 1     69                        25     44        9
  SINCE JAN 1     90                        67     23       85
..................................................................


WIND (MPH)
  HIGHEST WIND SPEED    15   HIGHEST WIND DIRECTION    NW (310)
  HIGHEST GUST SPEED    21   HIGHEST GUST DIRECTION    NW (320)
  AVERAGE WIND SPEED     9.1


SKY COVER
  POSSIBLE SUNSHINE  MM
  AVERAGE SKY COVER 0.4


WEATHER CONDITIONS
 THE FOLLOWING WEATHER WAS RECORDED TODAY.
  NO SIGNIFICANT WEATHER WAS OBSERVED.


RELATIVE HUMIDITY (PERCENT)
 HIGHEST    57           700 AM
 LOWEST     37          1200 PM
 AVERAGE    47

..........................................................


THE TWIN CITIES MN CLIMATE NORMALS FOR TOMORROW
                         NORMAL    RECORD    YEAR
 MAXIMUM TEMPERATURE (F)   77        95      1976
                                             1973
                                             1911
 MINIMUM TEMPERATURE (F)   57        39      1915
                                             1877


SUNRISE AND SUNSET
JUNE  8 2017..........SUNRISE   527 AM CDT   SUNSET   857 PM CDT
JUNE  9 2017..........SUNRISE   527 AM CDT   SUNSET   858 PM CDT


-  INDICATES NEGATIVE NUMBERS.
R  INDICATES RECORD WAS SET OR TIED.
MM INDICATES DATA IS MISSING.
T  INDICATES TRACE AMOUNT.




$$
