000
CDUS43 KMPX 240620
CLIMSP


CLIMATE REPORT
NATIONAL WEATHER SERVICE CHANHASSEN MN
120 AM CDT MON AUG 24 2015


...................................

...THE TWIN CITIES MN CLIMATE SUMMARY FOR AUGUST 23 2015...

CLIMATE NORMAL PERIOD 1981 TO 2010
CLIMATE RECORD PERIOD 1871 TO 2015


WEATHER ITEM   OBSERVED TIME   RECORD YEAR NORMAL DEPARTURE LAST
                VALUE   (LST)  VALUE       VALUE  FROM      YEAR
                                                  NORMAL
..................................................................
TEMPERATURE (F)
 YESTERDAY
  MAXIMUM         70        MM  97    1948  80    -10       77
  MINIMUM         57        MM  42    1891  61     -4       69
  AVERAGE         64                        70     -6       73

PRECIPITATION (IN)
  YESTERDAY        T             1.43 1899   0.13  -0.13      T
  MONTH TO DATE    2.99                      3.31  -0.32     1.29
  SINCE JUN 1     14.71                     11.60   3.11    14.92
  SINCE JAN 1     22.04                     21.18   0.86    29.39

SNOWFALL (IN)
  YESTERDAY        0.0           0.0    MM   0.0    0.0      0.0
  MONTH TO DATE    0.0                       0.0    0.0      0.0
  SINCE JUN 1      0.0                       0.0    0.0      0.0
  SINCE JUL 1      0.0                       0.0    0.0      0.0
  SNOW DEPTH       0

DEGREE DAYS
 HEATING
  YESTERDAY        1                         1      0        0
  MONTH TO DATE    6                         2      4        0
  SINCE JUN 1     15                        51    -36       28
  SINCE JUL 1      8                         7      1        7

 COOLING
  YESTERDAY        0                         6     -6        8
  MONTH TO DATE  176                       164     12      212
  SINCE JUN 1    599                       598      1      591
  SINCE JAN 1    626                       640    -14      643
..................................................................


WIND (MPH)
  HIGHEST WIND SPEED    27   HIGHEST WIND DIRECTION     W (260)
  HIGHEST GUST SPEED    38   HIGHEST GUST DIRECTION     W (270)
  AVERAGE WIND SPEED    17.6


SKY COVER
  POSSIBLE SUNSHINE  MM
  AVERAGE SKY COVER 0.7


WEATHER CONDITIONS
 THE FOLLOWING WEATHER WAS RECORDED YESTERDAY.
  NO SIGNIFICANT WEATHER WAS OBSERVED.


RELATIVE HUMIDITY (PERCENT)
 HIGHEST    80           700 AM
 LOWEST     45           400 PM
 AVERAGE    63

..........................................................


THE TWIN CITIES MN CLIMATE NORMALS FOR TODAY
                         NORMAL    RECORD    YEAR
 MAXIMUM TEMPERATURE (F)   79        98      1948
 MINIMUM TEMPERATURE (F)   61        43      1887


SUNRISE AND SUNSET
AUGUST 24 2015........SUNRISE   625 AM CDT   SUNSET   804 PM CDT
AUGUST 25 2015........SUNRISE   626 AM CDT   SUNSET   803 PM CDT


-  INDICATES NEGATIVE NUMBERS.
R  INDICATES RECORD WAS SET OR TIED.
MM INDICATES DATA IS MISSING.
T  INDICATES TRACE AMOUNT.




$$
