000
CDUS43 KMPX 140656
CLIMSP


CLIMATE REPORT
NATIONAL WEATHER SERVICE CHANHASSEN MN
1255 AM CST FRI NOV 14 2014


...................................

...THE TWIN CITIES MN CLIMATE SUMMARY FOR NOVEMBER 13 2014...

CLIMATE NORMAL PERIOD 1981 TO 2010
CLIMATE RECORD PERIOD 1871 TO 2014


WEATHER ITEM   OBSERVED TIME   RECORD YEAR NORMAL DEPARTURE LAST
                VALUE   (LST)  VALUE       VALUE  FROM      YEAR
                                                  NORMAL
..................................................................
TEMPERATURE (F)
 YESTERDAY
  MAXIMUM         24    254 PM  71    1999  43    -19       50
  MINIMUM         17   1159 PM   0    1986  28    -11       23
  AVERAGE         21                        35    -14       37

PRECIPITATION (IN)
  YESTERDAY        T             1.04 1951   0.06  -0.06     0.00
  MONTH TO DATE    0.37                      0.78  -0.41     0.40
  SINCE SEP 1      3.04                      6.29  -3.25     4.75
  SINCE JAN 1     34.04                     28.46   5.58    31.19

SNOWFALL (IN)
  YESTERDAY        T             7.7  2010   0.3   -0.3      0.0
  MONTH TO DATE    3.4                       2.7    0.7      1.1
  SINCE SEP 1      3.4                       3.3    0.1      1.1
  SINCE JUL 1      3.4                       3.3    0.1      1.1
  SNOW DEPTH       3

DEGREE DAYS
 HEATING
  YESTERDAY       44                        30     14       28
  MONTH TO DATE  394                       344     50      365
  SINCE SEP 1   1001                      1005     -4      910
  SINCE JUL 1   1008                      1024    -16      918

 COOLING
  YESTERDAY        0                         0      0        0
  MONTH TO DATE    0                         0      0        0
  SINCE SEP 1     63                        72     -9      134
  SINCE JAN 1    759                       753      6      983
..................................................................


WIND (MPH)
  HIGHEST WIND SPEED    20   HIGHEST WIND DIRECTION    NW (320)
  HIGHEST GUST SPEED    24   HIGHEST GUST DIRECTION    NW (310)
  AVERAGE WIND SPEED    13.4


SKY COVER
  POSSIBLE SUNSHINE  MM
  AVERAGE SKY COVER 0.7


WEATHER CONDITIONS
 THE FOLLOWING WEATHER WAS RECORDED YESTERDAY.
  LIGHT SNOW
  FOG
  HAZE


RELATIVE HUMIDITY (PERCENT)
 HIGHEST    84           200 AM
 LOWEST     60           300 PM
 AVERAGE    72

..........................................................


THE TWIN CITIES MN CLIMATE NORMALS FOR TODAY
                         NORMAL    RECORD    YEAR
 MAXIMUM TEMPERATURE (F)   42        71      1990
 MINIMUM TEMPERATURE (F)   27         0      1919


SUNRISE AND SUNSET
NOVEMBER 14 2014......SUNRISE   709 AM CST   SUNSET   445 PM CST
NOVEMBER 15 2014......SUNRISE   710 AM CST   SUNSET   444 PM CST


-  INDICATES NEGATIVE NUMBERS.
R  INDICATES RECORD WAS SET OR TIED.
MM INDICATES DATA IS MISSING.
T  INDICATES TRACE AMOUNT.




$$
