341
CDUS43 KMPX 132222
CLIMSP


CLIMATE REPORT
NATIONAL WEATHER SERVICE CHANHASSEN MN
421 PM CST MON NOV 13 2017


...................................

...THE TWIN CITIES MN CLIMATE SUMMARY FOR NOVEMBER 13 2017...
VALID TODAY AS OF 0400 PM LOCAL TIME.

CLIMATE NORMAL PERIOD 1981 TO 2010
CLIMATE RECORD PERIOD 1871 TO 2017


WEATHER ITEM   OBSERVED TIME   RECORD YEAR NORMAL DEPARTURE LAST
                VALUE   (LST)  VALUE       VALUE  FROM      YEAR
                                                  NORMAL
..................................................................
TEMPERATURE (F)
 TODAY
  MAXIMUM         46    359 PM  71    1999  43      3       62
  MINIMUM         25    404 AM   0    1986  28     -3       42
  AVERAGE         36                        35      1       52

PRECIPITATION (IN)
  TODAY            0.00          1.04 1951   0.06  -0.06     0.00
  MONTH TO DATE    0.22                      0.78  -0.56     0.00
  SINCE SEP 1      5.75                      6.29  -0.54     8.88
  SINCE JAN 1     31.40                     28.46   2.94    35.20

SNOWFALL (IN)
  TODAY            0.0           7.7  2010   0.3   -0.3      0.0
  MONTH TO DATE    0.6                       2.7   -2.1      0.0
  SINCE SEP 1      0.7                       3.3   -2.6       T
  SINCE JUL 1      0.7                       3.3   -2.6       T
  SNOW DEPTH       0

DEGREE DAYS
 HEATING
  TODAY           29                        30     -1       13
  MONTH TO DATE  438                       344     94      166
  SINCE SEP 1    920                      1005    -85      585
  SINCE JUL 1    927                      1024    -97      588

 COOLING
  TODAY            0                         0      0        0
  MONTH TO DATE    0                         0      0        0
  SINCE SEP 1    142                        72     70       93
  SINCE JAN 1    830                       753     77      964
..................................................................


WIND (MPH)
  HIGHEST WIND SPEED    17   HIGHEST WIND DIRECTION     S (160)
  HIGHEST GUST SPEED    22   HIGHEST GUST DIRECTION     S (160)
  AVERAGE WIND SPEED     7.0


SKY COVER
  POSSIBLE SUNSHINE  MM
  AVERAGE SKY COVER 0.6


WEATHER CONDITIONS
 THE FOLLOWING WEATHER WAS RECORDED TODAY.
  FOG


RELATIVE HUMIDITY (PERCENT)
 HIGHEST    92           100 AM
 LOWEST     58           100 PM
 AVERAGE    75

..........................................................


THE TWIN CITIES MN CLIMATE NORMALS FOR TOMORROW
                         NORMAL    RECORD    YEAR
 MAXIMUM TEMPERATURE (F)   42        71      1990
 MINIMUM TEMPERATURE (F)   27         0      1919


SUNRISE AND SUNSET
NOVEMBER 13 2017......SUNRISE   708 AM CST   SUNSET   446 PM CST
NOVEMBER 14 2017......SUNRISE   709 AM CST   SUNSET   445 PM CST


-  INDICATES NEGATIVE NUMBERS.
R  INDICATES RECORD WAS SET OR TIED.
MM INDICATES DATA IS MISSING.
T  INDICATES TRACE AMOUNT.




$$
