000
CDUS43 KMPX 080719
CLIMSP


CLIMATE REPORT
NATIONAL WEATHER SERVICE CHANHASSEN MN
118 AM CST THU FEB 8 2018


...................................

...THE TWIN CITIES MN CLIMATE SUMMARY FOR FEBRUARY 7 2018...

CLIMATE NORMAL PERIOD 1981 TO 2010
CLIMATE RECORD PERIOD 1871 TO 2018


WEATHER ITEM   OBSERVED TIME   RECORD YEAR NORMAL DEPARTURE LAST
                VALUE   (LST)  VALUE       VALUE  FROM      YEAR
                                                  NORMAL
..................................................................
TEMPERATURE (F)
 YESTERDAY
  MAXIMUM         15    331 PM  53    1987  27    -12       32
  MINIMUM          0    757 AM -29    1875  10    -10       12
  AVERAGE          8                        18    -10       22

PRECIPITATION (IN)
  YESTERDAY        0.02          0.94 1928   0.02   0.00     0.01
  MONTH TO DATE    0.17                      0.16   0.01     0.01
  SINCE DEC 1      2.51                      2.22   0.29     3.13
  SINCE JAN 1      1.72                      1.06   0.66     0.99

SNOWFALL (IN)
  YESTERDAY        0.6           3.0  1892   0.3    0.3       T
                                      1904
                                      1932
  MONTH TO DATE    3.1                       2.0    1.1      0.3
  SINCE DEC 1     29.9                      26.1    3.8     24.5
  SINCE JUL 1     30.6                      36.0   -5.4     26.8
  SNOW DEPTH       5

DEGREE DAYS
 HEATING
  YESTERDAY       57                        47     10       43
  MONTH TO DATE  419                       333     86      308
  SINCE DEC 1   3333                      3268     65     3026
  SINCE JUL 1   4743                      4887   -144     4070

 COOLING
  YESTERDAY        0                         0      0        0
  MONTH TO DATE    0                         0      0        0
  SINCE DEC 1      0                         0      0        0
  SINCE JAN 1      0                         0      0        0
..................................................................


WIND (MPH)
  HIGHEST WIND SPEED    14   HIGHEST WIND DIRECTION     W (260)
  HIGHEST GUST SPEED    22   HIGHEST GUST DIRECTION     W (280)
  AVERAGE WIND SPEED     6.9


SKY COVER
  POSSIBLE SUNSHINE  MM
  AVERAGE SKY COVER 0.6


WEATHER CONDITIONS
 THE FOLLOWING WEATHER WAS RECORDED YESTERDAY.
  LIGHT SNOW
  FOG
  HAZE


RELATIVE HUMIDITY (PERCENT)
 HIGHEST   100           800 AM
 LOWEST     59           200 PM
 AVERAGE    80

..........................................................


THE TWIN CITIES MN CLIMATE NORMALS FOR TODAY
                         NORMAL    RECORD    YEAR
 MAXIMUM TEMPERATURE (F)   27        50      2002
                                             1991
 MINIMUM TEMPERATURE (F)   10       -29      1899


SUNRISE AND SUNSET
FEBRUARY  8 2018......SUNRISE   723 AM CST   SUNSET   531 PM CST
FEBRUARY  9 2018......SUNRISE   722 AM CST   SUNSET   533 PM CST


-  INDICATES NEGATIVE NUMBERS.
R  INDICATES RECORD WAS SET OR TIED.
MM INDICATES DATA IS MISSING.
T  INDICATES TRACE AMOUNT.




$$
