000
CDUS43 KMPX 080623
CLIMSP


CLIMATE REPORT
NATIONAL WEATHER SERVICE CHANHASSEN MN
123 AM CDT MON SEP 8 2014


...................................

...THE TWIN CITIES MN CLIMATE SUMMARY FOR SEPTEMBER 7 2014...

CLIMATE NORMAL PERIOD 1981 TO 2010
CLIMATE RECORD PERIOD 1871 TO 2014


WEATHER ITEM   OBSERVED TIME   RECORD YEAR NORMAL DEPARTURE LAST
                VALUE   (LST)  VALUE       VALUE  FROM      YEAR
                                                  NORMAL
..................................................................
TEMPERATURE (F)
 YESTERDAY
  MAXIMUM         76    239 PM  98    1976  75      1       94
  MINIMUM         56    637 AM  40    1956  56      0       71
  AVERAGE         66                        66      0       83

PRECIPITATION (IN)
  YESTERDAY        0.00          2.16 1964   0.10  -0.10     0.00
  MONTH TO DATE    0.30                      0.76  -0.46      T
  SINCE SEP 1      0.30                      0.76  -0.46      T
  SINCE JAN 1     31.30                     22.93   8.37    26.44

SNOWFALL (IN)
  YESTERDAY        0.0           0.0    MM   0.0    0.0      0.0
  MONTH TO DATE    0.0                       0.0    0.0      0.0
  SINCE SEP 1      0.0                       0.0    0.0      0.0
  SINCE JUL 1      0.0                       0.0    0.0       T
  SNOW DEPTH       0

DEGREE DAYS
 HEATING
  YESTERDAY        0                         3     -3        0
  MONTH TO DATE    4                        14    -10        3
  SINCE SEP 1      4                        14    -10        3
  SINCE JUL 1     11                        33    -22       11

 COOLING
  YESTERDAY        1                         3     -2       18
  MONTH TO DATE   29                        27      2       56
  SINCE SEP 1     29                        27      2       56
  SINCE JAN 1    725                       708     17      905
..................................................................


WIND (MPH)
  HIGHEST WIND SPEED    17   HIGHEST WIND DIRECTION     S (180)
  HIGHEST GUST SPEED    24   HIGHEST GUST DIRECTION     S (180)
  AVERAGE WIND SPEED     9.3


SKY COVER
  POSSIBLE SUNSHINE  MM
  AVERAGE SKY COVER 0.2


WEATHER CONDITIONS
 THE FOLLOWING WEATHER WAS RECORDED YESTERDAY.
  NO SIGNIFICANT WEATHER WAS OBSERVED.


RELATIVE HUMIDITY (PERCENT)
 HIGHEST    77           400 AM
 LOWEST     31           300 PM
 AVERAGE    54

..........................................................


THE TWIN CITIES MN CLIMATE NORMALS FOR TODAY
                         NORMAL    RECORD    YEAR
 MAXIMUM TEMPERATURE (F)   75        99      1931
 MINIMUM TEMPERATURE (F)   56        36      1883


SUNRISE AND SUNSET
SEPTEMBER  8 2014.....SUNRISE   643 AM CDT   SUNSET   737 PM CDT
SEPTEMBER  9 2014.....SUNRISE   644 AM CDT   SUNSET   735 PM CDT


-  INDICATES NEGATIVE NUMBERS.
R  INDICATES RECORD WAS SET OR TIED.
MM INDICATES DATA IS MISSING.
T  INDICATES TRACE AMOUNT.




$$
