000
CDUS43 KMPX 130921
CLIMSP


CLIMATE REPORT
NATIONAL WEATHER SERVICE CHANHASSEN MN
419 AM CDT WED APR 13 2016


...................................

...THE TWIN CITIES MN CLIMATE SUMMARY FOR APRIL 12 2016...

CLIMATE NORMAL PERIOD 1981 TO 2010
CLIMATE RECORD PERIOD 1871 TO 2016


WEATHER ITEM   OBSERVED TIME   RECORD YEAR NORMAL DEPARTURE LAST
                VALUE   (LST)  VALUE       VALUE  FROM      YEAR
                                                  NORMAL
..................................................................
TEMPERATURE (F)
 YESTERDAY
  MAXIMUM         49    520 PM  83    1931  56     -7       75
  MINIMUM         27    602 AM  12    1962  36     -9       51
  AVERAGE         38                        46     -8       63

PRECIPITATION (IN)
  YESTERDAY        T             0.67 1983   0.08  -0.08     0.65
  MONTH TO DATE    0.15                      0.93  -0.78     1.81
  SINCE MAR 1      2.41                      2.82  -0.41     2.48
  SINCE JAN 1      3.81                      4.49  -0.68     3.17

SNOWFALL (IN)
  YESTERDAY        T             6.0  1962   0.1   -0.1      0.0
  MONTH TO DATE    0.5                       1.3   -0.8      0.3
  SINCE MAR 1      5.9                      11.6   -5.7      7.1
  SINCE JUL 1     36.7                      53.3  -16.6     32.4
  SNOW DEPTH       0

DEGREE DAYS
 HEATING
  YESTERDAY       27                        19      8        2
  MONTH TO DATE  333                       264     69      223
  SINCE MAR 1   1061                      1262   -201     1129
  SINCE JUL 1   5926                      7052  -1126     7094

 COOLING
  YESTERDAY        0                         0      0        0
  MONTH TO DATE    0                         0      0        0
  SINCE MAR 1      0                         0      0        0
  SINCE JAN 1      0                         0      0        0
..................................................................


WIND (MPH)
  HIGHEST WIND SPEED    21   HIGHEST WIND DIRECTION     E (100)
  HIGHEST GUST SPEED    25   HIGHEST GUST DIRECTION     E (100)
  AVERAGE WIND SPEED     8.5


SKY COVER
  POSSIBLE SUNSHINE  MM
  AVERAGE SKY COVER 0.5


WEATHER CONDITIONS
 THE FOLLOWING WEATHER WAS RECORDED YESTERDAY.
  NO SIGNIFICANT WEATHER WAS OBSERVED.


RELATIVE HUMIDITY (PERCENT)
 HIGHEST    63           300 AM
 LOWEST     23           500 PM
 AVERAGE    43

..........................................................


THE TWIN CITIES MN CLIMATE NORMALS FOR TODAY
                         NORMAL    RECORD    YEAR
 MAXIMUM TEMPERATURE (F)   57        84      2006
 MINIMUM TEMPERATURE (F)   36         2      1962


SUNRISE AND SUNSET
APRIL 13 2016.........SUNRISE   631 AM CDT   SUNSET   756 PM CDT
APRIL 14 2016.........SUNRISE   629 AM CDT   SUNSET   758 PM CDT


-  INDICATES NEGATIVE NUMBERS.
R  INDICATES RECORD WAS SET OR TIED.
MM INDICATES DATA IS MISSING.
T  INDICATES TRACE AMOUNT.




$$
