000
CDUS43 KMPX 132136
CLIMSP


CLIMATE REPORT
NATIONAL WEATHER SERVICE CHANHASSEN MN
436 PM CDT SAT AUG 13 2016


...................................

...THE TWIN CITIES MN CLIMATE SUMMARY FOR AUGUST 13 2016...
VALID AS OF 0400 PM LOCAL TIME.

CLIMATE NORMAL PERIOD 1981 TO 2010
CLIMATE RECORD PERIOD 1871 TO 2016


WEATHER ITEM   OBSERVED TIME   RECORD YEAR NORMAL DEPARTURE LAST
                VALUE   (LST)  VALUE       VALUE  FROM      YEAR
                                                  NORMAL
..................................................................
TEMPERATURE (F)
 TODAY
  MAXIMUM         81    217 PM  98    1880  81      0       85
  MINIMUM         65    559 AM  48    1997  63      2       71
                                      1924
  AVERAGE         73                        72      1       78

PRECIPITATION (IN)
  TODAY            0.00          2.05 2007   0.14  -0.14     0.05
  MONTH TO DATE    4.10                      1.90   2.20     0.79
  SINCE JUN 1     13.68                     10.19   3.49    12.51
  SINCE JAN 1     22.60                     19.77   2.83    19.84

SNOWFALL (IN)
  TODAY            0.0           0.0    MM   0.0    0.0      0.0
  MONTH TO DATE    0.0                       0.0    0.0      0.0
  SINCE JUN 1      0.0                       0.0    0.0      0.0
  SINCE JUL 1      0.0                       0.0    0.0      0.0
  SNOW DEPTH       0

DEGREE DAYS
 HEATING
  TODAY            0                         0      0        0
  MONTH TO DATE    0                         0      0        0
  SINCE JUN 1      8                        49    -41        9
  SINCE JUL 1      1                         5     -4        2

 COOLING
  TODAY            8                         7      1       13
  MONTH TO DATE  149                       100     49      113
  SINCE JUN 1    676                       534    142      536
  SINCE JAN 1    752                       576    176      563
..................................................................


WIND (MPH)
  HIGHEST WIND SPEED    16   HIGHEST WIND DIRECTION    NW (300)
  HIGHEST GUST SPEED    21   HIGHEST GUST DIRECTION    NW (310)
  AVERAGE WIND SPEED     7.0


SKY COVER
  POSSIBLE SUNSHINE  MM
  AVERAGE SKY COVER 0.5


WEATHER CONDITIONS
 THE FOLLOWING WEATHER WAS RECORDED TODAY.
  FOG


RELATIVE HUMIDITY (PERCENT)
 HIGHEST    93          1200 AM
 LOWEST     49           200 PM
 AVERAGE    71

..........................................................


THE TWIN CITIES MN CLIMATE NORMALS FOR TOMORROW
                         NORMAL    RECORD    YEAR
 MAXIMUM TEMPERATURE (F)   81        96      1978
 MINIMUM TEMPERATURE (F)   62        43      1964


SUNRISE AND SUNSET
AUGUST 13 2016........SUNRISE   613 AM CDT   SUNSET   821 PM CDT
AUGUST 14 2016........SUNRISE   614 AM CDT   SUNSET   820 PM CDT


-  INDICATES NEGATIVE NUMBERS.
R  INDICATES RECORD WAS SET OR TIED.
MM INDICATES DATA IS MISSING.
T  INDICATES TRACE AMOUNT.




$$
