000
CDUS43 KMPX 140754
CLIMSP


CLIMATE REPORT
NATIONAL WEATHER SERVICE CHANHASSEN MN
253 AM CDT THU APR 14 2016


...................................

...THE TWIN CITIES MN CLIMATE SUMMARY FOR APRIL 13 2016...

CLIMATE NORMAL PERIOD 1981 TO 2010
CLIMATE RECORD PERIOD 1871 TO 2016


WEATHER ITEM   OBSERVED TIME   RECORD YEAR NORMAL DEPARTURE LAST
                VALUE   (LST)  VALUE       VALUE  FROM      YEAR
                                                  NORMAL
..................................................................
TEMPERATURE (F)
 YESTERDAY
  MAXIMUM         71    502 PM  84    2006  57     14       64
  MINIMUM         41    414 AM   2    1962  36      5       46
  AVERAGE         56                        46     10       55

PRECIPITATION (IN)
  YESTERDAY        T             0.94 1991   0.09  -0.09     0.01
  MONTH TO DATE    0.15                      1.02  -0.87     1.82
  SINCE MAR 1      2.41                      2.91  -0.50     2.49
  SINCE JAN 1      3.81                      4.58  -0.77     3.18

SNOWFALL (IN)
  YESTERDAY        0.0           8.5  1928   0.1   -0.1      0.0
  MONTH TO DATE    0.5                       1.4   -0.9      0.3
  SINCE MAR 1      5.9                      11.7   -5.8      7.1
  SINCE JUL 1     36.7                      53.4  -16.7     32.4
  SNOW DEPTH       0

DEGREE DAYS
 HEATING
  YESTERDAY        9                        19    -10       10
  MONTH TO DATE  342                       283     59      233
  SINCE MAR 1   1070                      1281   -211     1139
  SINCE JUL 1   5935                      7071  -1136     7104

 COOLING
  YESTERDAY        0                         0      0        0
  MONTH TO DATE    0                         0      0        0
  SINCE MAR 1      0                         0      0        0
  SINCE JAN 1      0                         0      0        0
..................................................................


WIND (MPH)
  HIGHEST WIND SPEED    21   HIGHEST WIND DIRECTION     E (110)
  HIGHEST GUST SPEED    23   HIGHEST GUST DIRECTION    SE (120)
  AVERAGE WIND SPEED    10.4


SKY COVER
  POSSIBLE SUNSHINE  MM
  AVERAGE SKY COVER 0.2


WEATHER CONDITIONS
 THE FOLLOWING WEATHER WAS RECORDED YESTERDAY.
  NO SIGNIFICANT WEATHER WAS OBSERVED.


RELATIVE HUMIDITY (PERCENT)
 HIGHEST    57           500 AM
 LOWEST     26           400 PM
 AVERAGE    42

..........................................................


THE TWIN CITIES MN CLIMATE NORMALS FOR TODAY
                         NORMAL    RECORD    YEAR
 MAXIMUM TEMPERATURE (F)   57        89      2003
 MINIMUM TEMPERATURE (F)   37        18      1928
                                             1926


SUNRISE AND SUNSET
APRIL 14 2016.........SUNRISE   629 AM CDT   SUNSET   758 PM CDT
APRIL 15 2016.........SUNRISE   627 AM CDT   SUNSET   759 PM CDT


-  INDICATES NEGATIVE NUMBERS.
R  INDICATES RECORD WAS SET OR TIED.
MM INDICATES DATA IS MISSING.
T  INDICATES TRACE AMOUNT.




$$
