000
CDUS43 KMPX 170026
CLIMSP


CLIMATE REPORT
NATIONAL WEATHER SERVICE CHANHASSEN MN
626 PM CST WED NOV 16 2016


...................................

...THE TWIN CITIES MN CLIMATE SUMMARY FOR NOVEMBER 16 2016...
VALID TODAY AS OF 0600 PM LOCAL TIME.

CLIMATE NORMAL PERIOD 1981 TO 2010
CLIMATE RECORD PERIOD 1871 TO 2016


WEATHER ITEM   OBSERVED TIME   RECORD YEAR NORMAL DEPARTURE LAST
                VALUE   (LST)  VALUE       VALUE  FROM      YEAR
                                                  NORMAL
..................................................................
TEMPERATURE (F)
 TODAY
  MAXIMUM         61    249 PM  68    1953  41     20       53
                                      1931
  MINIMUM         35    314 AM  -2    1933  26      9       47
  AVERAGE         48                        33     15       50

PRECIPITATION (IN)
  TODAY            0.00          1.27 1996   0.06  -0.06     0.17
  MONTH TO DATE    0.00                      0.97  -0.97     2.28
  SINCE SEP 1      8.88                      6.48   2.40     9.54
  SINCE JAN 1     35.20                     28.65   6.55    31.58

SNOWFALL (IN)
  TODAY            0.0          10.5  1909   0.3   -0.3      0.0
  MONTH TO DATE    0.0                       3.7   -3.7      0.0
  SINCE SEP 1      T                         4.3   -4.3       T
  SINCE JUL 1      T                         4.3   -4.3       T
  SNOW DEPTH       0

DEGREE DAYS
 HEATING
  TODAY           17                        32    -15       15
  MONTH TO DATE  223                       437   -214      254
  SINCE SEP 1    642                      1098   -456      711
  SINCE JUL 1    645                      1117   -472      726

 COOLING
  TODAY            0                         0      0        0
  MONTH TO DATE    0                         0      0        0
  SINCE SEP 1     93                        72     21      160
  SINCE JAN 1    964                       753    211      809
..................................................................


WIND (MPH)
  HIGHEST WIND SPEED    23   HIGHEST WIND DIRECTION    SE (150)
  HIGHEST GUST SPEED    28   HIGHEST GUST DIRECTION    SE (150)
  AVERAGE WIND SPEED     8.4


SKY COVER
  POSSIBLE SUNSHINE  MM
  AVERAGE SKY COVER 0.4


WEATHER CONDITIONS
 THE FOLLOWING WEATHER WAS RECORDED TODAY.
  FOG


RELATIVE HUMIDITY (PERCENT)
 HIGHEST    85           400 AM
 LOWEST     44           100 PM
 AVERAGE    65

..........................................................


THE TWIN CITIES MN CLIMATE NORMALS FOR TOMORROW
                         NORMAL    RECORD    YEAR
 MAXIMUM TEMPERATURE (F)   40        71      1953
 MINIMUM TEMPERATURE (F)   26        -5      1880


SUNRISE AND SUNSET
NOVEMBER 16 2016......SUNRISE   712 AM CST   SUNSET   443 PM CST
NOVEMBER 17 2016......SUNRISE   714 AM CST   SUNSET   442 PM CST


-  INDICATES NEGATIVE NUMBERS.
R  INDICATES RECORD WAS SET OR TIED.
MM INDICATES DATA IS MISSING.
T  INDICATES TRACE AMOUNT.




$$
