000
CDUS43 KMPX 130729
CLIMSP


CLIMATE REPORT
NATIONAL WEATHER SERVICE CHANHASSEN MN
228 AM CDT SUN JUL 13 2014


...................................

...THE TWIN CITIES MN CLIMATE SUMMARY FOR JULY 12 2014...

CLIMATE NORMAL PERIOD 1981 TO 2010
CLIMATE RECORD PERIOD 1871 TO 2014


WEATHER ITEM   OBSERVED TIME   RECORD YEAR NORMAL DEPARTURE LAST
                VALUE   (LST)  VALUE       VALUE  FROM      YEAR
                                                  NORMAL
..................................................................
TEMPERATURE (F)
 YESTERDAY
  MAXIMUM         80   1128 AM 106    1936  84     -4       90
  MINIMUM         68   1159 PM  48    1941  64      4       68
  AVERAGE         74                        74      0       79

PRECIPITATION (IN)
  YESTERDAY        0.06          2.93 1912   0.13  -0.07     0.00
  MONTH TO DATE    1.75                      1.54   0.21     0.37
  SINCE JUN 1     13.11                      5.79   7.32     5.54
  SINCE JAN 1     27.58                     15.37  12.21    21.23

SNOWFALL (IN)
  YESTERDAY        0.0           0.0    MM   0.0    0.0      0.0
  MONTH TO DATE    0.0                       0.0    0.0      0.0
  SINCE JUN 1      0.0                       0.0    0.0       T
  SINCE JUL 1      0.0                       0.0    0.0      0.0
  SNOW DEPTH       0

DEGREE DAYS
 HEATING
  YESTERDAY        0                         0      0        0
  MONTH TO DATE    1                         0      1        0
  SINCE JUN 1     22                        44    -22       42
  SINCE JUL 1      1                         0      1        0

 COOLING
  YESTERDAY        9                         9      0       14
  MONTH TO DATE   77                       106    -29      148
  SINCE JUN 1    239                       264    -25      312
  SINCE JAN 1    291                       306    -15      365
..................................................................


WIND (MPH)
  HIGHEST WIND SPEED    20   HIGHEST WIND DIRECTION    SW (220)
  HIGHEST GUST SPEED    24   HIGHEST GUST DIRECTION    SW (210)
  AVERAGE WIND SPEED     4.9


SKY COVER
  POSSIBLE SUNSHINE  MM
  AVERAGE SKY COVER 0.8


WEATHER CONDITIONS
 THE FOLLOWING WEATHER WAS RECORDED YESTERDAY.
  THUNDERSTORM
  RAIN
  LIGHT RAIN
  FOG
  HAZE


RELATIVE HUMIDITY (PERCENT)
 HIGHEST   100           500 AM
 LOWEST     62          1100 AM
 AVERAGE    81

..........................................................


THE TWIN CITIES MN CLIMATE NORMALS FOR TODAY
                         NORMAL    RECORD    YEAR
 MAXIMUM TEMPERATURE (F)   84       105      1936
 MINIMUM TEMPERATURE (F)   64        50      1990
                                             1926


SUNRISE AND SUNSET
JULY 13 2014..........SUNRISE   539 AM CDT   SUNSET   858 PM CDT
JULY 14 2014..........SUNRISE   540 AM CDT   SUNSET   857 PM CDT


-  INDICATES NEGATIVE NUMBERS.
R  INDICATES RECORD WAS SET OR TIED.
MM INDICATES DATA IS MISSING.
T  INDICATES TRACE AMOUNT.




$$
