000
CDUS43 KMPX 070302
CLIMSP


CLIMATE REPORT
NATIONAL WEATHER SERVICE CHANHASSEN MN
902 PM CST MON FEB 6 2017


...................................

...THE TWIN CITIES MN CLIMATE SUMMARY FOR FEBRUARY 6 2017...
VALID TODAY AS OF 0900 PM LOCAL TIME.

CLIMATE NORMAL PERIOD 1981 TO 2010
CLIMATE RECORD PERIOD 1871 TO 2017


WEATHER ITEM   OBSERVED TIME   RECORD YEAR NORMAL DEPARTURE LAST
                VALUE   (LST)  VALUE       VALUE  FROM      YEAR
                                                  NORMAL
..................................................................
TEMPERATURE (F)
 TODAY
  MAXIMUM         33        MM  51    1925  26      7       36
  MINIMUM         18        MM -24    1936  10      8       25
                                      1875
  AVERAGE         26                        18      8       31

PRECIPITATION (IN)
  TODAY            0.00          0.62 1881   0.02  -0.02      T
  MONTH TO DATE    T                         0.14  -0.14     0.58
  SINCE DEC 1      3.12                      2.20   0.92     3.21
  SINCE JAN 1      0.98                      1.04  -0.06     0.89

SNOWFALL (IN)
  TODAY            0.0           5.4  1946   0.2   -0.2      0.0
  MONTH TO DATE    0.3                       1.7   -1.4      9.7
  SINCE DEC 1     24.5                      25.8   -1.3     23.3
  SINCE JUL 1     26.8                      35.7   -8.9     28.4
  SNOW DEPTH       T

DEGREE DAYS
 HEATING
  TODAY           39                        47     -8       34
  MONTH TO DATE  265                       286    -21      249
  SINCE DEC 1   2983                      3221   -238     2783
  SINCE JUL 1   4027                      4840   -813     3958

 COOLING
  TODAY            0                         0      0        0
  MONTH TO DATE    0                         0      0        0
  SINCE DEC 1      0                         0      0        0
  SINCE JAN 1      0                         0      0        0
..................................................................


WIND (MPH)
  HIGHEST WIND SPEED    10   HIGHEST WIND DIRECTION    NE (60)
  HIGHEST GUST SPEED    MM   HIGHEST GUST DIRECTION    MM
  AVERAGE WIND SPEED     8.3


SKY COVER
  POSSIBLE SUNSHINE  MM
  AVERAGE SKY COVER 0.9


WEATHER CONDITIONS
 THE FOLLOWING WEATHER WAS RECORDED TODAY.
  NO SIGNIFICANT WEATHER WAS OBSERVED.


RELATIVE HUMIDITY (PERCENT)
 HIGHEST    73           400 AM
 LOWEST     56          1200 AM
 AVERAGE    65

..........................................................


THE TWIN CITIES MN CLIMATE NORMALS FOR TOMORROW
                         NORMAL    RECORD    YEAR
 MAXIMUM TEMPERATURE (F)   27        53      1987
 MINIMUM TEMPERATURE (F)   10       -29      1875


SUNRISE AND SUNSET
FEBRUARY  6 2017......SUNRISE   726 AM CST   SUNSET   529 PM CST
FEBRUARY  7 2017......SUNRISE   724 AM CST   SUNSET   530 PM CST


-  INDICATES NEGATIVE NUMBERS.
R  INDICATES RECORD WAS SET OR TIED.
MM INDICATES DATA IS MISSING.
T  INDICATES TRACE AMOUNT.




$$
