127
CDUS43 KMPX 020739
CLIMSP


CLIMATE REPORT
NATIONAL WEATHER SERVICE CHANHASSEN MN
138 AM CST TUE FEB 2 2016


...................................

...THE TWIN CITIES MN CLIMATE SUMMARY FOR FEBRUARY 1 2016...

CLIMATE NORMAL PERIOD 1981 TO 2010
CLIMATE RECORD PERIOD 1871 TO 2016


WEATHER ITEM   OBSERVED TIME   RECORD YEAR NORMAL DEPARTURE LAST
                VALUE   (LST)  VALUE       VALUE  FROM      YEAR
                                                  NORMAL
..................................................................
TEMPERATURE (F)
 YESTERDAY
  MAXIMUM         36    235 PM  54    1931  25     11       21
  MINIMUM         22    810 AM -28    1951   9     13        5
  AVERAGE         29                        17     12       13

PRECIPITATION (IN)
  YESTERDAY        0.00          0.89 1922   0.02  -0.02     0.02
  MONTH TO DATE    0.00                      0.02  -0.02     0.02
  SINCE DEC 1      2.63                      2.08   0.55     1.22
  SINCE JAN 1      0.31                      0.92  -0.61     0.36

SNOWFALL (IN)
  YESTERDAY        0.0           4.3  1899   0.3   -0.3      0.5
  MONTH TO DATE    0.0                       0.3   -0.3      0.5
  SINCE DEC 1     13.6                      24.4  -10.8     11.5
  SINCE JUL 1     18.7                      34.3  -15.6     20.9
  SNOW DEPTH       1

DEGREE DAYS
 HEATING
  YESTERDAY       36                        48    -12       52
  MONTH TO DATE   36                        48    -12       52
  SINCE DEC 1   2570                      2983   -413     2723
  SINCE JUL 1   3745                      4602   -857     4516

 COOLING
  YESTERDAY        0                         0      0        0
  MONTH TO DATE    0                         0      0        0
  SINCE DEC 1      0                         0      0        0
  SINCE JAN 1      0                         0      0        0
..................................................................


WIND (MPH)
  HIGHEST WIND SPEED    13   HIGHEST WIND DIRECTION     W (290)
  HIGHEST GUST SPEED    16   HIGHEST GUST DIRECTION    NW (330)
  AVERAGE WIND SPEED     4.1


SKY COVER
  POSSIBLE SUNSHINE  MM
  AVERAGE SKY COVER 0.4


WEATHER CONDITIONS
 THE FOLLOWING WEATHER WAS RECORDED YESTERDAY.
  FOG
  HAZE


RELATIVE HUMIDITY (PERCENT)
 HIGHEST    96           800 AM
 LOWEST     75           200 PM
 AVERAGE    86

..........................................................


THE TWIN CITIES MN CLIMATE NORMALS FOR TODAY
                         NORMAL    RECORD    YEAR
 MAXIMUM TEMPERATURE (F)   25        48      1991
 MINIMUM TEMPERATURE (F)    9       -32      1996


SUNRISE AND SUNSET
FEBRUARY  2 2016......SUNRISE   732 AM CST   SUNSET   522 PM CST
FEBRUARY  3 2016......SUNRISE   730 AM CST   SUNSET   523 PM CST


-  INDICATES NEGATIVE NUMBERS.
R  INDICATES RECORD WAS SET OR TIED.
MM INDICATES DATA IS MISSING.
T  INDICATES TRACE AMOUNT.




$$
