000
CDUS43 KMPX 250624
CLIMSP


CLIMATE REPORT
NATIONAL WEATHER SERVICE CHANHASSEN MN
123 AM CDT TUE APR 25 2017


...................................

...THE TWIN CITIES MN CLIMATE SUMMARY FOR APRIL 24 2017...

CLIMATE NORMAL PERIOD 1981 TO 2010
CLIMATE RECORD PERIOD 1871 TO 2017


WEATHER ITEM   OBSERVED TIME   RECORD YEAR NORMAL DEPARTURE LAST
                VALUE   (LST)  VALUE       VALUE  FROM      YEAR
                                                  NORMAL
..................................................................
TEMPERATURE (F)
 YESTERDAY
  MAXIMUM         72    134 PM  84    1962  62     10       62
  MINIMUM         49    313 AM  24    1875  41      8       52
  AVERAGE         61                        52      9       57

PRECIPITATION (IN)
  YESTERDAY        0.02          1.43 1908   0.10  -0.08     0.39
  MONTH TO DATE    2.90                      2.02   0.88     1.38
  SINCE MAR 1      3.58                      3.91  -0.33     3.64
  SINCE JAN 1      5.20                      5.58  -0.38     5.04

SNOWFALL (IN)
  YESTERDAY        0.0           0.3  1902   0.0    0.0      0.0
  MONTH TO DATE    0.5                       2.1   -1.6      0.5
  SINCE MAR 1      5.2                      12.4   -7.2      5.9
  SINCE JUL 1     32.0                      54.1  -22.1     36.7
  SNOW DEPTH       0

DEGREE DAYS
 HEATING
  YESTERDAY        4                        14    -10        8
  MONTH TO DATE  303                       458   -155      399
  SINCE MAR 1   1258                      1456   -198     1127
  SINCE JUL 1   5959                      7246  -1287     5992

 COOLING
  YESTERDAY        0                         0      0        0
  MONTH TO DATE    0                         0      0        8
  SINCE MAR 1      0                         0      0        8
  SINCE JAN 1      0                         0      0        8
..................................................................


WIND (MPH)
  HIGHEST WIND SPEED    33   HIGHEST WIND DIRECTION     S (180)
  HIGHEST GUST SPEED    40   HIGHEST GUST DIRECTION     S (180)
  AVERAGE WIND SPEED    11.8


SKY COVER
  POSSIBLE SUNSHINE  MM
  AVERAGE SKY COVER 0.9


WEATHER CONDITIONS
 THE FOLLOWING WEATHER WAS RECORDED YESTERDAY.
  LIGHT RAIN


RELATIVE HUMIDITY (PERCENT)
 HIGHEST    66           100 AM
 LOWEST     19           200 PM
 AVERAGE    43

..........................................................


THE TWIN CITIES MN CLIMATE NORMALS FOR TODAY
                         NORMAL    RECORD    YEAR
 MAXIMUM TEMPERATURE (F)   63        91      1962
 MINIMUM TEMPERATURE (F)   42        25      1907


SUNRISE AND SUNSET
APRIL 25 2017.........SUNRISE   611 AM CDT   SUNSET   811 PM CDT
APRIL 26 2017.........SUNRISE   610 AM CDT   SUNSET   812 PM CDT


-  INDICATES NEGATIVE NUMBERS.
R  INDICATES RECORD WAS SET OR TIED.
MM INDICATES DATA IS MISSING.
T  INDICATES TRACE AMOUNT.




$$
