000
CDUS43 KMPX 312231
CLIMSP


CLIMATE REPORT
NATIONAL WEATHER SERVICE CHANHASSEN MN
431 PM CST SAT DEC 31 2016


...................................

...THE TWIN CITIES MN CLIMATE SUMMARY FOR DECEMBER 31 2016...
VALID AS OF 0400 PM LOCAL TIME.

CLIMATE NORMAL PERIOD 1981 TO 2010
CLIMATE RECORD PERIOD 1871 TO 2016


WEATHER ITEM   OBSERVED TIME   RECORD YEAR NORMAL DEPARTURE LAST
                VALUE   (LST)  VALUE       VALUE  FROM      YEAR
                                                  NORMAL
..................................................................
TEMPERATURE (F)
 TODAY
  MAXIMUM         31    155 AM  50    1904  24      7       20
  MINIMUM         20    931 AM -24    1973   9     11        7
  AVERAGE         26                        16     10       14

PRECIPITATION (IN)
  TODAY            T             0.98 2006   0.03  -0.03     0.01
  MONTH TO DATE    2.14                      1.16   0.98     2.32
  SINCE DEC 1      2.14                      1.16   0.98     2.32
  SINCE JAN 1     40.32                     30.61   9.71    36.14

SNOWFALL (IN)
  TODAY            T             7.2  1977   0.4   -0.4      0.1
  MONTH TO DATE   15.8                      11.9    3.9      9.5
  SINCE DEC 1     15.8                      11.9    3.9      9.5
  SINCE JUL 1     18.1                      21.8   -3.7     14.6
  SNOW DEPTH       1

DEGREE DAYS
 HEATING
  TODAY           39                        49    -10       51
  MONTH TO DATE 1358                      1405    -47     1071
  SINCE DEC 1   1358                      1404    -46     1071
  SINCE JUL 1   2402                      3023   -621     2246

 COOLING
  TODAY            0                         0      0        0
  MONTH TO DATE    0                         0      0        0
  SINCE DEC 1      0                         0      0        0
  SINCE JAN 1    964                       753    211      809
..................................................................


WIND (MPH)
  HIGHEST WIND SPEED    23   HIGHEST WIND DIRECTION    NW (320)
  HIGHEST GUST SPEED    28   HIGHEST GUST DIRECTION    NW (320)
  AVERAGE WIND SPEED    13.3


SKY COVER
  POSSIBLE SUNSHINE  MM
  AVERAGE SKY COVER 0.6


WEATHER CONDITIONS
 THE FOLLOWING WEATHER WAS RECORDED TODAY.
  LIGHT SNOW


RELATIVE HUMIDITY (PERCENT)
 HIGHEST    75           500 AM
 LOWEST     55           300 PM
 AVERAGE    65

..........................................................


THE TWIN CITIES MN CLIMATE NORMALS FOR TOMORROW
                         NORMAL    RECORD    YEAR
 MAXIMUM TEMPERATURE (F)   24        48      1897
 MINIMUM TEMPERATURE (F)    8       -30      1974


SUNRISE AND SUNSET
DECEMBER 31 2016......SUNRISE   751 AM CST   SUNSET   442 PM CST
JANUARY  1 2017.......SUNRISE   751 AM CST   SUNSET   443 PM CST


-  INDICATES NEGATIVE NUMBERS.
R  INDICATES RECORD WAS SET OR TIED.
MM INDICATES DATA IS MISSING.
T  INDICATES TRACE AMOUNT.




$$
