542
CDUS43 KMPX 100636
CLIMSP


CLIMATE REPORT
NATIONAL WEATHER SERVICE CHANHASSEN MN
1230 AM CST FRI NOV 10 2017


...................................

...THE TWIN CITIES MN CLIMATE SUMMARY FOR NOVEMBER 9 2017...

CLIMATE NORMAL PERIOD 1981 TO 2010
CLIMATE RECORD PERIOD 1871 TO 2017


WEATHER ITEM   OBSERVED TIME   RECORD YEAR NORMAL DEPARTURE LAST
                VALUE   (LST)  VALUE       VALUE  FROM      YEAR
                                                  NORMAL
..................................................................
TEMPERATURE (F)
 YESTERDAY
  MAXIMUM         30    100 AM  70    1999  45    -15       60
  MINIMUM         12R  1159 PM  12    1945  30    -18       36
                                      1933
                                      1926
  AVERAGE         21                        38    -17       48

PRECIPITATION (IN)
  YESTERDAY        T             1.28 1970   0.06  -0.06     0.00
  MONTH TO DATE    0.19                      0.53  -0.34     0.00
  SINCE SEP 1      5.72                      6.04  -0.32     8.88
  SINCE JAN 1     31.37                     28.21   3.16    35.20

SNOWFALL (IN)
  YESTERDAY        T             4.5  1983   0.2   -0.2      0.0
  MONTH TO DATE    0.5                       1.6   -1.1      0.0
  SINCE SEP 1      0.6                       2.2   -1.6       T
  SINCE JUL 1      0.6                       2.2   -1.6       T
  SNOW DEPTH       0

DEGREE DAYS
 HEATING
  YESTERDAY       44                        28     16       17
  MONTH TO DATE  297                       228     69      102
  SINCE SEP 1    779                       889   -110      521
  SINCE JUL 1    786                       908   -122      524

 COOLING
  YESTERDAY        0                         0      0        0
  MONTH TO DATE    0                         0      0        0
  SINCE SEP 1    142                        72     70       93
  SINCE JAN 1    830                       753     77      964
..................................................................


WIND (MPH)
  HIGHEST WIND SPEED    26   HIGHEST WIND DIRECTION    NW (330)
  HIGHEST GUST SPEED    34   HIGHEST GUST DIRECTION    NW (300)
  AVERAGE WIND SPEED    15.0


SKY COVER
  POSSIBLE SUNSHINE  MM
  AVERAGE SKY COVER 0.3


WEATHER CONDITIONS
 THE FOLLOWING WEATHER WAS RECORDED YESTERDAY.
  LIGHT SNOW
  HAZE


RELATIVE HUMIDITY (PERCENT)
 HIGHEST    78          1200 AM
 LOWEST     39           300 PM
 AVERAGE    59

..........................................................


THE TWIN CITIES MN CLIMATE NORMALS FOR TODAY
                         NORMAL    RECORD    YEAR
 MAXIMUM TEMPERATURE (F)   45        69      2012
 MINIMUM TEMPERATURE (F)   29         3      1986


SUNRISE AND SUNSET
NOVEMBER 10 2017......SUNRISE   704 AM CST   SUNSET   449 PM CST
NOVEMBER 11 2017......SUNRISE   705 AM CST   SUNSET   448 PM CST


-  INDICATES NEGATIVE NUMBERS.
R  INDICATES RECORD WAS SET OR TIED.
MM INDICATES DATA IS MISSING.
T  INDICATES TRACE AMOUNT.




$$
