000
CDUS43 KMPX 260637
CLIMSP


CLIMATE REPORT
NATIONAL WEATHER SERVICE CHANHASSEN MN
1236 AM CST THU FEB 26 2015


...................................

...THE TWIN CITIES MN CLIMATE SUMMARY FOR FEBRUARY 25 2015...

CLIMATE NORMAL PERIOD 1981 TO 2010
CLIMATE RECORD PERIOD 1871 TO 2015


WEATHER ITEM   OBSERVED TIME   RECORD YEAR NORMAL DEPARTURE LAST
                VALUE   (LST)  VALUE       VALUE  FROM      YEAR
                                                  NORMAL
..................................................................
TEMPERATURE (F)
 YESTERDAY
  MAXIMUM         16    312 PM  58    1976  32    -16        6
  MINIMUM          5   1159 PM -23    1967  17    -12       -7
  AVERAGE         11                        25    -14        0

PRECIPITATION (IN)
  YESTERDAY        0.02          0.63 1944   0.03  -0.01      T
  MONTH TO DATE    0.35                      0.65  -0.30     1.37
  SINCE DEC 1      1.55                      2.71  -1.16     4.25
  SINCE JAN 1      0.69                      1.55  -0.86     2.79

SNOWFALL (IN)
  YESTERDAY        0.2           4.1  1994   0.3   -0.1       T
  MONTH TO DATE    4.9                       6.8   -1.9     17.5
  SINCE DEC 1     15.9                      30.9  -15.0     56.1
  SINCE JUL 1     25.3                      40.8  -15.5     57.2
  SNOW DEPTH       1

DEGREE DAYS
 HEATING
  YESTERDAY       54                        40     14       65
  MONTH TO DATE 1324                      1118    206     1375
  SINCE DEC 1   3995                      4053    -58     4759
  SINCE JUL 1   5788                      5672    116     6260

 COOLING
  YESTERDAY        0                         0      0        0
  MONTH TO DATE    0                         0      0        0
  SINCE DEC 1      0                         0      0        0
  SINCE JAN 1      0                         0      0        0
..................................................................


WIND (MPH)
  HIGHEST WIND SPEED    16   HIGHEST WIND DIRECTION     N (350)
  HIGHEST GUST SPEED    22   HIGHEST GUST DIRECTION    NE (30)
  AVERAGE WIND SPEED     9.7


SKY COVER
  POSSIBLE SUNSHINE  MM
  AVERAGE SKY COVER 0.7


WEATHER CONDITIONS
 THE FOLLOWING WEATHER WAS RECORDED YESTERDAY.
  LIGHT SNOW
  HAZE


RELATIVE HUMIDITY (PERCENT)
 HIGHEST    73           900 AM
 LOWEST     46           200 PM
 AVERAGE    60

..........................................................


THE TWIN CITIES MN CLIMATE NORMALS FOR TODAY
                         NORMAL    RECORD    YEAR
 MAXIMUM TEMPERATURE (F)   33        64      1896
 MINIMUM TEMPERATURE (F)   17       -21      1897


SUNRISE AND SUNSET
FEBRUARY 26 2015......SUNRISE   656 AM CST   SUNSET   556 PM CST
FEBRUARY 27 2015......SUNRISE   654 AM CST   SUNSET   557 PM CST


-  INDICATES NEGATIVE NUMBERS.
R  INDICATES RECORD WAS SET OR TIED.
MM INDICATES DATA IS MISSING.
T  INDICATES TRACE AMOUNT.




$$
