000
CDUS43 KMPX 082216
CLIMSP


CLIMATE REPORT
NATIONAL WEATHER SERVICE CHANHASSEN MN
416 PM CST MON JAN 8 2018


...................................

...THE TWIN CITIES MN CLIMATE SUMMARY FOR JANUARY 8 2018...
VALID TODAY AS OF 0400 PM LOCAL TIME.

CLIMATE NORMAL PERIOD 1981 TO 2010
CLIMATE RECORD PERIOD 1871 TO 2018


WEATHER ITEM   OBSERVED TIME   RECORD YEAR NORMAL DEPARTURE LAST
                VALUE   (LST)  VALUE       VALUE  FROM      YEAR
                                                  NORMAL
..................................................................
TEMPERATURE (F)
 TODAY
  MAXIMUM         37    259 PM  54    2003  23     14       18
  MINIMUM         24    842 AM -30    1875   8     16       -5
  AVERAGE         31                        15     16        7

PRECIPITATION (IN)
  TODAY            0.00          0.33 1875   0.03  -0.03      T
  MONTH TO DATE    T                         0.26  -0.26     0.02
  SINCE DEC 1      0.79                      1.42  -0.63     2.16
  SINCE JAN 1      T                         0.26  -0.26     0.02

SNOWFALL (IN)
  TODAY            0.0           3.0  2015   0.4   -0.4       T
  MONTH TO DATE    0.1                       3.1   -3.0       T
  SINCE DEC 1      6.5                      15.0   -8.5     15.8
  SINCE JUL 1      7.2                      24.9  -17.7     18.1
  SNOW DEPTH       2

DEGREE DAYS
 HEATING
  TODAY           34                        50    -16       58
  MONTH TO DATE  468                       393     75      440
  SINCE DEC 1   1891                      1797     94     1798
  SINCE JUL 1   3301                      3416   -115     2842

 COOLING
  TODAY            0                         0      0        0
  MONTH TO DATE    0                         0      0        0
  SINCE DEC 1      0                         0      0        0
  SINCE JAN 1      0                         0      0        0
..................................................................


WIND (MPH)
  HIGHEST WIND SPEED    14   HIGHEST WIND DIRECTION    NW (300)
  HIGHEST GUST SPEED    17   HIGHEST GUST DIRECTION    NW (300)
  AVERAGE WIND SPEED     7.4


SKY COVER
  POSSIBLE SUNSHINE  MM
  AVERAGE SKY COVER 0.3


WEATHER CONDITIONS
 THE FOLLOWING WEATHER WAS RECORDED TODAY.
  NO SIGNIFICANT WEATHER WAS OBSERVED.


RELATIVE HUMIDITY (PERCENT)
 HIGHEST    92           200 AM
 LOWEST     56           400 PM
 AVERAGE    74

..........................................................


THE TWIN CITIES MN CLIMATE NORMALS FOR TOMORROW
                         NORMAL    RECORD    YEAR
 MAXIMUM TEMPERATURE (F)   23        49      2012
                                             2002
 MINIMUM TEMPERATURE (F)    7       -32      1977


SUNRISE AND SUNSET
JANUARY  8 2018.......SUNRISE   750 AM CST   SUNSET   450 PM CST
JANUARY  9 2018.......SUNRISE   750 AM CST   SUNSET   451 PM CST


-  INDICATES NEGATIVE NUMBERS.
R  INDICATES RECORD WAS SET OR TIED.
MM INDICATES DATA IS MISSING.
T  INDICATES TRACE AMOUNT.




$$
