000
CDUS43 KMPX 020035
CLIMSP


CLIMATE REPORT
NATIONAL WEATHER SERVICE CHANHASSEN MN
735 PM CDT TUE JUL 1 2014


...................................

...THE TWIN CITIES MN CLIMATE SUMMARY FOR JULY 1 2014...
VALID TODAY AS OF 0700 PM LOCAL TIME.

CLIMATE NORMAL PERIOD 1981 TO 2010
CLIMATE RECORD PERIOD 1871 TO 2014


WEATHER ITEM   OBSERVED TIME   RECORD YEAR NORMAL DEPARTURE LAST
                VALUE   (LST)  VALUE       VALUE  FROM      YEAR
                                                  NORMAL
..................................................................
TEMPERATURE (F)
 TODAY
  MAXIMUM         75   1200 PM 100    1883  83     -8       85
  MINIMUM         62    545 PM  46    1995  63     -1       63
                                      1969
  AVERAGE         69                        73     -4       74

PRECIPITATION (IN)
  TODAY            0.14          2.85 1997   0.13   0.01     0.00
  MONTH TO DATE    0.14                      0.13   0.01     0.00
  SINCE JUN 1     11.50                      4.38   7.12     5.17
  SINCE JAN 1     25.97                     13.96  12.01    20.86

SNOWFALL (IN)
  TODAY            0.0           0.0    MM   0.0    0.0      0.0
  MONTH TO DATE    0.0                       0.0    0.0      0.0
  SINCE JUN 1      0.0                       0.0    0.0       T
  SINCE JUL 1      0.0                       0.0    0.0      0.0
  SNOW DEPTH       0

DEGREE DAYS
 HEATING
  TODAY            0                         0      0        0
  MONTH TO DATE    0                         0      0        0
  SINCE JUN 1     21                        44    -23       42
  SINCE JUL 1      0                         0      0        0

 COOLING
  TODAY            4                         8     -4        9
  MONTH TO DATE    4                         8     -4        9
  SINCE JUN 1    166                       166      0      173
  SINCE JAN 1    218                       208     10      226
..................................................................


WIND (MPH)
  HIGHEST WIND SPEED    26   HIGHEST WIND DIRECTION     W (290)
  HIGHEST GUST SPEED    34   HIGHEST GUST DIRECTION     W (290)
  AVERAGE WIND SPEED    13.1


SKY COVER
  POSSIBLE SUNSHINE  MM
  AVERAGE SKY COVER 0.8


WEATHER CONDITIONS
 THE FOLLOWING WEATHER WAS RECORDED TODAY.
  RAIN
  LIGHT RAIN
  FOG


RELATIVE HUMIDITY (PERCENT)
 HIGHEST    87           200 PM
 LOWEST     53          1200 PM
 AVERAGE    70

..........................................................


THE TWIN CITIES MN CLIMATE NORMALS FOR TOMORROW
                         NORMAL    RECORD    YEAR
 MAXIMUM TEMPERATURE (F)   83        99      2012
 MINIMUM TEMPERATURE (F)   63        49      1924


SUNRISE AND SUNSET
JULY  1 2014..........SUNRISE   531 AM CDT   SUNSET   903 PM CDT
JULY  2 2014..........SUNRISE   531 AM CDT   SUNSET   903 PM CDT


-  INDICATES NEGATIVE NUMBERS.
R  INDICATES RECORD WAS SET OR TIED.
MM INDICATES DATA IS MISSING.
T  INDICATES TRACE AMOUNT.




$$
