591
CDUS43 KMPX 250629
CLIMSP


CLIMATE REPORT
NATIONAL WEATHER SERVICE CHANHASSEN MN
126 AM CDT SUN SEP 25 2016


...................................

...THE TWIN CITIES MN CLIMATE SUMMARY FOR SEPTEMBER 24 2016...

CLIMATE NORMAL PERIOD 1981 TO 2010
CLIMATE RECORD PERIOD 1871 TO 2016


WEATHER ITEM   OBSERVED TIME   RECORD YEAR NORMAL DEPARTURE LAST
                VALUE   (LST)  VALUE       VALUE  FROM      YEAR
                                                  NORMAL
..................................................................
TEMPERATURE (F)
 YESTERDAY
  MAXIMUM         73    223 PM  89    1935  68      5       67
  MINIMUM         63    807 AM  30    1942  49     14       64
  AVERAGE         68                        58     10       66

PRECIPITATION (IN)
  YESTERDAY        T             1.06 1934   0.10  -0.10     0.25
  MONTH TO DATE    5.20                      2.49   2.71     4.65
  SINCE SEP 1      5.20                      2.49   2.71     4.65
  SINCE JAN 1     31.52                     24.66   6.86    26.69

SNOWFALL (IN)
  YESTERDAY        0.0           0.4  1985   0.0    0.0      0.0
  MONTH TO DATE    0.0                       0.0    0.0      0.0
  SINCE SEP 1      0.0                       0.0    0.0      0.0
  SINCE JUL 1      0.0                       0.0    0.0      0.0
  SNOW DEPTH       0

DEGREE DAYS
 HEATING
  YESTERDAY        0                         8     -8        0
  MONTH TO DATE   10                       101    -91       38
  SINCE SEP 1     10                       101    -91       38
  SINCE JUL 1     13                       120   -107       53

 COOLING
  YESTERDAY        3                         1      2        1
  MONTH TO DATE   91                        61     30      135
  SINCE SEP 1     91                        61     30      135
  SINCE JAN 1    962                       742    220      784
..................................................................


WIND (MPH)
  HIGHEST WIND SPEED    23   HIGHEST WIND DIRECTION     E (110)
  HIGHEST GUST SPEED    29   HIGHEST GUST DIRECTION    SE (140)
  AVERAGE WIND SPEED    14.0


SKY COVER
  POSSIBLE SUNSHINE  MM
  AVERAGE SKY COVER 1.0


WEATHER CONDITIONS
 THE FOLLOWING WEATHER WAS RECORDED YESTERDAY.
  LIGHT RAIN
  FOG


RELATIVE HUMIDITY (PERCENT)
 HIGHEST    93           800 AM
 LOWEST     73           400 PM
 AVERAGE    83

..........................................................


THE TWIN CITIES MN CLIMATE NORMALS FOR TODAY
                         NORMAL    RECORD    YEAR
 MAXIMUM TEMPERATURE (F)   68        91      1920
 MINIMUM TEMPERATURE (F)   48        31      1926


SUNRISE AND SUNSET
SEPTEMBER 25 2016.....SUNRISE   704 AM CDT   SUNSET   704 PM CDT
SEPTEMBER 26 2016.....SUNRISE   705 AM CDT   SUNSET   702 PM CDT


-  INDICATES NEGATIVE NUMBERS.
R  INDICATES RECORD WAS SET OR TIED.
MM INDICATES DATA IS MISSING.
T  INDICATES TRACE AMOUNT.




$$
