000
CDUS43 KMPX 210703
CLIMSP


CLIMATE REPORT
NATIONAL WEATHER SERVICE CHANHASSEN MN
103 AM CST SUN JAN 21 2018


...................................

...THE TWIN CITIES MN CLIMATE SUMMARY FOR JANUARY 20 2018...

CLIMATE NORMAL PERIOD 1981 TO 2010
CLIMATE RECORD PERIOD 1871 TO 2018


WEATHER ITEM   OBSERVED TIME   RECORD YEAR NORMAL DEPARTURE LAST
                VALUE   (LST)  VALUE       VALUE  FROM      YEAR
                                                  NORMAL
..................................................................
TEMPERATURE (F)
 YESTERDAY
  MAXIMUM         42    414 PM  52    1908  24     18       37
  MINIMUM         24    609 AM -32    1888   7     17       34
  AVERAGE         33                        15     18       36

PRECIPITATION (IN)
  YESTERDAY        0.00          0.80 1982   0.02  -0.02     0.09
  MONTH TO DATE    0.38                      0.60  -0.22     0.76
  SINCE DEC 1      1.17                      1.76  -0.59     2.90
  SINCE JAN 1      0.38                      0.60  -0.22     0.76

SNOWFALL (IN)
  YESTERDAY        0.0          17.1  1982   0.4   -0.4      0.0
  MONTH TO DATE    5.8                       8.0   -2.2      5.6
  SINCE DEC 1     12.2                      19.9   -7.7     21.4
  SINCE JUL 1     12.9                      29.8  -16.9     23.7
  SNOW DEPTH       1

DEGREE DAYS
 HEATING
  YESTERDAY       32                        50    -18       29
  MONTH TO DATE 1038                       993     45      981
  SINCE DEC 1   2461                      2397     64     2339
  SINCE JUL 1   3871                      4016   -145     3383

 COOLING
  YESTERDAY        0                         0      0        0
  MONTH TO DATE    0                         0      0        0
  SINCE DEC 1      0                         0      0        0
  SINCE JAN 1      0                         0      0        0
..................................................................


WIND (MPH)
  HIGHEST WIND SPEED     8   HIGHEST WIND DIRECTION    SW (230)
  HIGHEST GUST SPEED    11   HIGHEST GUST DIRECTION     W (250)
  AVERAGE WIND SPEED     2.7


SKY COVER
  POSSIBLE SUNSHINE  MM
  AVERAGE SKY COVER 0.8


WEATHER CONDITIONS
 THE FOLLOWING WEATHER WAS RECORDED YESTERDAY.
  FOG


RELATIVE HUMIDITY (PERCENT)
 HIGHEST   100           400 AM
 LOWEST     70           400 PM
 AVERAGE    85

..........................................................


THE TWIN CITIES MN CLIMATE NORMALS FOR TODAY
                         NORMAL    RECORD    YEAR
 MAXIMUM TEMPERATURE (F)   24        48      1900
 MINIMUM TEMPERATURE (F)    7       -41      1888


SUNRISE AND SUNSET
JANUARY 21 2018.......SUNRISE   743 AM CST   SUNSET   506 PM CST
JANUARY 22 2018.......SUNRISE   742 AM CST   SUNSET   507 PM CST


-  INDICATES NEGATIVE NUMBERS.
R  INDICATES RECORD WAS SET OR TIED.
MM INDICATES DATA IS MISSING.
T  INDICATES TRACE AMOUNT.




$$
