883
CDUS43 KMPX 020824
CLIMSP


CLIMATE REPORT
NATIONAL WEATHER SERVICE CHANHASSEN MN
222 AM CST FRI DEC 2 2016


...................................

...THE TWIN CITIES MN CLIMATE SUMMARY FOR DECEMBER 1 2016...

CLIMATE NORMAL PERIOD 1981 TO 2010
CLIMATE RECORD PERIOD 1871 TO 2016


WEATHER ITEM   OBSERVED TIME   RECORD YEAR NORMAL DEPARTURE LAST
                VALUE   (LST)  VALUE       VALUE  FROM      YEAR
                                                  NORMAL
..................................................................
TEMPERATURE (F)
 YESTERDAY
  MAXIMUM         39   1235 PM  68    1998  32      7       34
  MINIMUM         33   1159 PM -15    1893  18     15       26
  AVERAGE         36                        25     11       30

PRECIPITATION (IN)
  YESTERDAY        T             0.83 1985   0.04  -0.04     0.09
  MONTH TO DATE    T                         0.04  -0.04     0.09
  SINCE DEC 1      T                         0.04  -0.04     0.09
  SINCE JAN 1     38.18                     29.49   8.69    33.91

SNOWFALL (IN)
  YESTERDAY        0.0           8.4  1985   0.4   -0.4      0.1
  MONTH TO DATE    0.0                       0.4   -0.4      0.1
  SINCE DEC 1      0.0                       0.4   -0.4      0.1
  SINCE JUL 1      2.3                      10.3   -8.0      5.2
  SNOW DEPTH       0

DEGREE DAYS
 HEATING
  YESTERDAY       29                        40    -11       35
  MONTH TO DATE   29                        40    -11       35
  SINCE DEC 1     29                        40    -11       35
  SINCE JUL 1   1073                      1659   -586     1210

 COOLING
  YESTERDAY        0                         0      0        0
  MONTH TO DATE    0                         0      0        0
  SINCE DEC 1      0                         0      0        0
  SINCE JAN 1    964                       753    211      809
..................................................................


WIND (MPH)
  HIGHEST WIND SPEED    15   HIGHEST WIND DIRECTION    NW (320)
  HIGHEST GUST SPEED    23   HIGHEST GUST DIRECTION     N (360)
  AVERAGE WIND SPEED    10.7


SKY COVER
  POSSIBLE SUNSHINE  MM
  AVERAGE SKY COVER 0.9


WEATHER CONDITIONS
 THE FOLLOWING WEATHER WAS RECORDED YESTERDAY.
  LIGHT RAIN


RELATIVE HUMIDITY (PERCENT)
 HIGHEST    89           200 AM
 LOWEST     64           600 PM
 AVERAGE    77

..........................................................


THE TWIN CITIES MN CLIMATE NORMALS FOR TODAY
                         NORMAL    RECORD    YEAR
 MAXIMUM TEMPERATURE (F)   32        63      1982
 MINIMUM TEMPERATURE (F)   17       -17      1886


SUNRISE AND SUNSET
DECEMBER  2 2016......SUNRISE   732 AM CST   SUNSET   433 PM CST
DECEMBER  3 2016......SUNRISE   733 AM CST   SUNSET   432 PM CST


-  INDICATES NEGATIVE NUMBERS.
R  INDICATES RECORD WAS SET OR TIED.
MM INDICATES DATA IS MISSING.
T  INDICATES TRACE AMOUNT.




$$
