000
CDUS43 KMPX 150715
CLIMSP


CLIMATE REPORT
NATIONAL WEATHER SERVICE CHANHASSEN MN
115 AM CST SUN JAN 15 2017


...................................

...THE TWIN CITIES MN CLIMATE SUMMARY FOR JANUARY 14 2017...

CLIMATE NORMAL PERIOD 1981 TO 2010
CLIMATE RECORD PERIOD 1871 TO 2017


WEATHER ITEM   OBSERVED TIME   RECORD YEAR NORMAL DEPARTURE LAST
                VALUE   (LST)  VALUE       VALUE  FROM      YEAR
                                                  NORMAL
..................................................................
TEMPERATURE (F)
 YESTERDAY
  MAXIMUM         24    359 PM  49    1944  23      1       26
  MINIMUM          4    228 AM -26    1972   7     -3       16
                                      1963
  AVERAGE         14                        15     -1       21

PRECIPITATION (IN)
  YESTERDAY        0.00          0.34 2001   0.02  -0.02     0.00
  MONTH TO DATE    0.44                      0.43   0.01     0.20
  SINCE DEC 1      2.58                      1.59   0.99     2.52
  SINCE JAN 1      0.44                      0.43   0.01     0.20

SNOWFALL (IN)
  YESTERDAY        0.0           4.4  1999   0.4   -0.4      0.0
  MONTH TO DATE    5.0                       5.6   -0.6      2.6
  SINCE DEC 1     20.8                      17.5    3.3     12.1
  SINCE JUL 1     23.1                      27.4   -4.3     17.2
  SNOW DEPTH       3

DEGREE DAYS
 HEATING
  YESTERDAY       51                        50      1       44
  MONTH TO DATE  766                       693     73      677
  SINCE DEC 1   2124                      2097     27     1748
  SINCE JUL 1   3168                      3716   -548     2923

 COOLING
  YESTERDAY        0                         0      0        0
  MONTH TO DATE    0                         0      0        0
  SINCE DEC 1      0                         0      0        0
  SINCE JAN 1      0                         0      0        0
..................................................................


WIND (MPH)
  HIGHEST WIND SPEED    10   HIGHEST WIND DIRECTION     W (270)
  HIGHEST GUST SPEED    13   HIGHEST GUST DIRECTION     W (280)
  AVERAGE WIND SPEED     4.7


SKY COVER
  POSSIBLE SUNSHINE  MM
  AVERAGE SKY COVER 0.1


WEATHER CONDITIONS
 THE FOLLOWING WEATHER WAS RECORDED YESTERDAY.
  NO SIGNIFICANT WEATHER WAS OBSERVED.


RELATIVE HUMIDITY (PERCENT)
 HIGHEST    88           900 AM
 LOWEST     55           300 PM
 AVERAGE    72

..........................................................


THE TWIN CITIES MN CLIMATE NORMALS FOR TODAY
                         NORMAL    RECORD    YEAR
 MAXIMUM TEMPERATURE (F)   23        43      1990
 MINIMUM TEMPERATURE (F)    7       -37      1888


SUNRISE AND SUNSET
JANUARY 15 2017.......SUNRISE   747 AM CST   SUNSET   458 PM CST
JANUARY 16 2017.......SUNRISE   746 AM CST   SUNSET   500 PM CST


-  INDICATES NEGATIVE NUMBERS.
R  INDICATES RECORD WAS SET OR TIED.
MM INDICATES DATA IS MISSING.
T  INDICATES TRACE AMOUNT.




$$
