000
CDUS43 KMPX 150641
CLIMSP


CLIMATE REPORT
NATIONAL WEATHER SERVICE CHANHASSEN MN
1241 AM CST FRI DEC 15 2017


...................................

...THE TWIN CITIES MN CLIMATE SUMMARY FOR DECEMBER 14 2017...

CLIMATE NORMAL PERIOD 1981 TO 2010
CLIMATE RECORD PERIOD 1871 TO 2017


WEATHER ITEM   OBSERVED TIME   RECORD YEAR NORMAL DEPARTURE LAST
                VALUE   (LST)  VALUE       VALUE  FROM      YEAR
                                                  NORMAL
..................................................................
TEMPERATURE (F)
 YESTERDAY
  MAXIMUM         24   1011 PM  55    1998  27     -3       10
  MINIMUM         15    752 AM -27    1901  12      3       -3
  AVERAGE         20                        20      0        4

PRECIPITATION (IN)
  YESTERDAY        T             1.50 1891   0.04  -0.04     0.00
  MONTH TO DATE    0.58                      0.57   0.01     0.62
  SINCE DEC 1      0.58                      0.57   0.01     0.62
  SINCE JAN 1     32.15                     30.02   2.13    38.80

SNOWFALL (IN)
  YESTERDAY        T             5.2  1996   0.4   -0.4      0.0
  MONTH TO DATE    3.6                       5.7   -2.1      9.5
  SINCE DEC 1      3.6                       5.7   -2.1      9.5
  SINCE JUL 1      4.3                      15.6  -11.3     11.8
  SNOW DEPTH       2

DEGREE DAYS
 HEATING
  YESTERDAY       45                        45      0       61
  MONTH TO DATE  534                       598    -64      622
  SINCE DEC 1    534                       598    -64      622
  SINCE JUL 1   1944                      2217   -273     1666

 COOLING
  YESTERDAY        0                         0      0        0
  MONTH TO DATE    0                         0      0        0
  SINCE DEC 1      0                         0      0        0
  SINCE JAN 1    830                       753     77      964
..................................................................


WIND (MPH)
  HIGHEST WIND SPEED    17   HIGHEST WIND DIRECTION    NW (310)
  HIGHEST GUST SPEED    22   HIGHEST GUST DIRECTION     W (280)
  AVERAGE WIND SPEED     7.7


SKY COVER
  POSSIBLE SUNSHINE  MM
  AVERAGE SKY COVER 0.9


WEATHER CONDITIONS
 THE FOLLOWING WEATHER WAS RECORDED YESTERDAY.
  LIGHT SNOW
  FOG


RELATIVE HUMIDITY (PERCENT)
 HIGHEST    92           100 AM
 LOWEST     74          1100 PM
 AVERAGE    83

..........................................................


THE TWIN CITIES MN CLIMATE NORMALS FOR TODAY
                         NORMAL    RECORD    YEAR
 MAXIMUM TEMPERATURE (F)   27        51      2014
 MINIMUM TEMPERATURE (F)   12       -21      1901


SUNRISE AND SUNSET
DECEMBER 15 2017......SUNRISE   744 AM CST   SUNSET   432 PM CST
DECEMBER 16 2017......SUNRISE   745 AM CST   SUNSET   433 PM CST


-  INDICATES NEGATIVE NUMBERS.
R  INDICATES RECORD WAS SET OR TIED.
MM INDICATES DATA IS MISSING.
T  INDICATES TRACE AMOUNT.




$$
