000
CDUS43 KMPX 162133
CLIMSP


CLIMATE REPORT
NATIONAL WEATHER SERVICE CHANHASSEN MN
432 PM CDT MON OCT 16 2017


...................................

...THE TWIN CITIES MN CLIMATE SUMMARY FOR OCTOBER 16 2017...
VALID TODAY AS OF 0400 PM LOCAL TIME.

CLIMATE NORMAL PERIOD 1981 TO 2010
CLIMATE RECORD PERIOD 1871 TO 2017


WEATHER ITEM   OBSERVED TIME   RECORD YEAR NORMAL DEPARTURE LAST
                VALUE   (LST)  VALUE       VALUE  FROM      YEAR
                                                  NORMAL
..................................................................
TEMPERATURE (F)
 TODAY
  MAXIMUM         66    258 PM  86    1938  58      8       69
  MINIMUM         39    706 AM  23    1952  40     -1       44
  AVERAGE         53                        49      4       57

PRECIPITATION (IN)
  TODAY            0.00          2.10 1984   0.08  -0.08     0.01
  MONTH TO DATE    3.76                      1.42   2.34     1.80
  SINCE SEP 1      4.80                      4.50   0.30     7.27
  SINCE JAN 1     30.45                     26.67   3.78    33.59

SNOWFALL (IN)
  TODAY            0.0           0.5  1992   0.1   -0.1      0.0
  MONTH TO DATE    0.0                       0.1   -0.1      0.0
  SINCE SEP 1      0.0                       0.1   -0.1       T
  SINCE JUL 1      0.0                       0.1   -0.1       T
  SNOW DEPTH       0

DEGREE DAYS
 HEATING
  TODAY           12                        16     -4        8
  MONTH TO DATE  167                       213    -46      148
  SINCE SEP 1    232                       367   -135      198
  SINCE JUL 1    239                       386   -147      201

 COOLING
  TODAY            0                         0      0        0
  MONTH TO DATE    0                         3     -3        2
  SINCE SEP 1    141                        69     72       93
  SINCE JAN 1    829                       750     79      964
..................................................................


WIND (MPH)
  HIGHEST WIND SPEED    16   HIGHEST WIND DIRECTION    SW (210)
  HIGHEST GUST SPEED    21   HIGHEST GUST DIRECTION    SW (210)
  AVERAGE WIND SPEED     6.5


SKY COVER
  POSSIBLE SUNSHINE  MM
  AVERAGE SKY COVER 0.1


WEATHER CONDITIONS
 THE FOLLOWING WEATHER WAS RECORDED TODAY.
  NO SIGNIFICANT WEATHER WAS OBSERVED.


RELATIVE HUMIDITY (PERCENT)
 HIGHEST    92           500 AM
 LOWEST     32           300 PM
 AVERAGE    62

..........................................................


THE TWIN CITIES MN CLIMATE NORMALS FOR TOMORROW
                         NORMAL    RECORD    YEAR
 MAXIMUM TEMPERATURE (F)   58        84      1910
 MINIMUM TEMPERATURE (F)   39        22      1952
                                             1948


SUNRISE AND SUNSET
OCTOBER 16 2017.......SUNRISE   730 AM CDT   SUNSET   626 PM CDT
OCTOBER 17 2017.......SUNRISE   731 AM CDT   SUNSET   624 PM CDT


-  INDICATES NEGATIVE NUMBERS.
R  INDICATES RECORD WAS SET OR TIED.
MM INDICATES DATA IS MISSING.
T  INDICATES TRACE AMOUNT.




$$
