000
CDUS43 KMPX 211042
CLIMSP


CLIMATE REPORT
NATIONAL WEATHER SERVICE CHANHASSEN MN
442 AM CST TUE FEB 21 2017


...................................

...THE TWIN CITIES MN CLIMATE SUMMARY FOR FEBRUARY 20 2017...

CLIMATE NORMAL PERIOD 1981 TO 2010
CLIMATE RECORD PERIOD 1871 TO 2017


WEATHER ITEM   OBSERVED TIME   RECORD YEAR NORMAL DEPARTURE LAST
                VALUE   (LST)  VALUE       VALUE  FROM      YEAR
                                                  NORMAL
..................................................................
TEMPERATURE (F)
 YESTERDAY
  MAXIMUM         55    819 PM  57    1981  31     24       43
  MINIMUM         41   1159 PM -20    1889  15     26       30
  AVERAGE         48                        23     25       37

PRECIPITATION (IN)
  YESTERDAY        0.61          0.85 2011   0.03   0.58     0.00
  MONTH TO DATE    0.64                      0.48   0.16     1.02
  SINCE DEC 1      3.76                      2.54   1.22     3.65
  SINCE JAN 1      1.62                      1.38   0.24     1.33

SNOWFALL (IN)
  YESTERDAY        0.0          11.8  2011   0.3   -0.3      0.0
  MONTH TO DATE    0.3                       5.3   -5.0     11.7
  SINCE DEC 1     24.5                      29.4   -4.9     25.3
  SINCE JUL 1     26.8                      39.3  -12.5     30.4
  SNOW DEPTH       0

DEGREE DAYS
 HEATING
  YESTERDAY       17                        42    -25       28
  MONTH TO DATE  702                       912   -210      880
  SINCE DEC 1   3420                      3847   -427     3414
  SINCE JUL 1   4464                      5466  -1002     4589

 COOLING
  YESTERDAY        0                         0      0        0
  MONTH TO DATE    0                         0      0        0
  SINCE DEC 1      0                         0      0        0
  SINCE JAN 1      0                         0      0        0
..................................................................


WIND (MPH)
  HIGHEST WIND SPEED    26   HIGHEST WIND DIRECTION     W (290)
  HIGHEST GUST SPEED    35   HIGHEST GUST DIRECTION     W (280)
  AVERAGE WIND SPEED    11.5


SKY COVER
  POSSIBLE SUNSHINE  MM
  AVERAGE SKY COVER 0.9


WEATHER CONDITIONS
 THE FOLLOWING WEATHER WAS RECORDED YESTERDAY.
  RAIN
  LIGHT RAIN
  FOG
  HAZE


RELATIVE HUMIDITY (PERCENT)
 HIGHEST    93          1200 PM
 LOWEST     66          1200 AM
 AVERAGE    80

..........................................................


THE TWIN CITIES MN CLIMATE NORMALS FOR TODAY
                         NORMAL    RECORD    YEAR
 MAXIMUM TEMPERATURE (F)   31        59      1930
 MINIMUM TEMPERATURE (F)   15       -21      1873


SUNRISE AND SUNSET
FEBRUARY 21 2017......SUNRISE   704 AM CST   SUNSET   550 PM CST
FEBRUARY 22 2017......SUNRISE   702 AM CST   SUNSET   551 PM CST


-  INDICATES NEGATIVE NUMBERS.
R  INDICATES RECORD WAS SET OR TIED.
MM INDICATES DATA IS MISSING.
T  INDICATES TRACE AMOUNT.




$$
