000
CDUS43 KMPX 220039
CLIMSP


CLIMATE REPORT
NATIONAL WEATHER SERVICE CHANHASSEN MN
739 PM CDT MON APR 21 2014


...................................

...THE TWIN CITIES MN CLIMATE SUMMARY FOR APRIL 21 2014...
VALID TODAY AS OF 0700 PM LOCAL TIME.

CLIMATE NORMAL PERIOD 1981 TO 2010
CLIMATE RECORD PERIOD 1871 TO 2014


WEATHER ITEM   OBSERVED TIME   RECORD YEAR NORMAL DEPARTURE LAST
                VALUE   (LST)  VALUE       VALUE  FROM      YEAR
                                                  NORMAL
..................................................................
TEMPERATURE (F)
 TODAY
  MAXIMUM         68   1216 PM  95    1980  61      7       51
  MINIMUM         56    633 AM  22    1966  40     16       34
  AVERAGE         62                        50     12       43

PRECIPITATION (IN)
  TODAY            0.20          0.74 1912   0.09   0.11     0.15
  MONTH TO DATE    2.04                      1.73   0.31     4.28
  SINCE MAR 1      2.86                      3.62  -0.76     6.32
  SINCE JAN 1      5.69                      5.29   0.40     8.51

SNOWFALL (IN)
  TODAY            0.0           4.8  1972   0.1   -0.1       T
  MONTH TO DATE    7.0                       2.0    5.0     14.1
  SINCE MAR 1     11.7                      12.3   -0.6     27.9
  SINCE JUL 1     69.8                      54.0   15.8     63.4
  SNOW DEPTH       0

DEGREE DAYS
 HEATING
  TODAY            3                        15    -12       22
  MONTH TO DATE  466                       415     51      598
  SINCE MAR 1   1683                      1413    270     1764
  SINCE JUL 1   8136                      7203    933     7298

 COOLING
  TODAY            0                         0      0        0
  MONTH TO DATE    0                         0      0        0
  SINCE MAR 1      0                         0      0        0
  SINCE JAN 1      0                         0      0        0
..................................................................


WIND (MPH)
  HIGHEST WIND SPEED    28   HIGHEST WIND DIRECTION    NW (310)
  HIGHEST GUST SPEED    37   HIGHEST GUST DIRECTION     W (290)
  AVERAGE WIND SPEED    13.7


SKY COVER
  POSSIBLE SUNSHINE  MM
  AVERAGE SKY COVER 0.6


WEATHER CONDITIONS
 THE FOLLOWING WEATHER WAS RECORDED TODAY.
  RAIN
  LIGHT RAIN
  FOG


RELATIVE HUMIDITY (PERCENT)
 HIGHEST   100           400 AM
 LOWEST     32          1200 PM
 AVERAGE    66

..........................................................


THE TWIN CITIES MN CLIMATE NORMALS FOR TOMORROW
                         NORMAL    RECORD    YEAR
 MAXIMUM TEMPERATURE (F)   61        90      1980
 MINIMUM TEMPERATURE (F)   40        23      1874


SUNRISE AND SUNSET
APRIL 21 2014.........SUNRISE   618 AM CDT   SUNSET   806 PM CDT
APRIL 22 2014.........SUNRISE   616 AM CDT   SUNSET   807 PM CDT


-  INDICATES NEGATIVE NUMBERS.
R  INDICATES RECORD WAS SET OR TIED.
MM INDICATES DATA IS MISSING.
T  INDICATES TRACE AMOUNT.




$$
