908
CDUS43 KMPX 272141
CLIMSP


CLIMATE REPORT
NATIONAL WEATHER SERVICE CHANHASSEN MN
440 PM CDT THU APR 27 2017


...................................

...THE TWIN CITIES MN CLIMATE SUMMARY FOR APRIL 27 2017...
VALID TODAY AS OF 0400 PM LOCAL TIME.

CLIMATE NORMAL PERIOD 1981 TO 2010
CLIMATE RECORD PERIOD 1871 TO 2017


WEATHER ITEM   OBSERVED TIME   RECORD YEAR NORMAL DEPARTURE LAST
                VALUE   (LST)  VALUE       VALUE  FROM      YEAR
                                                  NORMAL
..................................................................
TEMPERATURE (F)
 TODAY
  MAXIMUM         36    212 PM  85    1977  63    -27       53
                                      1970
                                      1952
  MINIMUM         32    915 AM  21    1909  42    -10       40
  AVERAGE         34                        53    -19       47

PRECIPITATION (IN)
  TODAY            0.01          2.22 1975   0.10  -0.09     0.28
  MONTH TO DATE    3.74                      2.33   1.41     2.19
  SINCE MAR 1      4.42                      4.22   0.20     4.45
  SINCE JAN 1      6.04                      5.89   0.15     5.85

SNOWFALL (IN)
  TODAY            T             8.5  1907   0.1   -0.1      0.0
  MONTH TO DATE    0.5                       2.3   -1.8      0.5
  SINCE MAR 1      5.2                      12.6   -7.4      5.9
  SINCE JUL 1     32.0                      54.3  -22.3     36.7
  SNOW DEPTH       0

DEGREE DAYS
 HEATING
  TODAY           31                        12     19       18
  MONTH TO DATE  367                       496   -129      451
  SINCE MAR 1   1322                      1494   -172     1179
  SINCE JUL 1   6023                      7284  -1261     6044

 COOLING
  TODAY            0                         0      0        0
  MONTH TO DATE    0                         0      0        8
  SINCE MAR 1      0                         0      0        8
  SINCE JAN 1      0                         0      0        8
..................................................................


WIND (MPH)
  HIGHEST WIND SPEED    20   HIGHEST WIND DIRECTION    NW (310)
  HIGHEST GUST SPEED    23   HIGHEST GUST DIRECTION    NW (320)
  AVERAGE WIND SPEED    12.3


SKY COVER
  POSSIBLE SUNSHINE  MM
  AVERAGE SKY COVER 1.0


WEATHER CONDITIONS
 THE FOLLOWING WEATHER WAS RECORDED TODAY.
  LIGHT SNOW
  FOG
  HAZE


RELATIVE HUMIDITY (PERCENT)
 HIGHEST    82          1200 AM
 LOWEST     64           300 PM
 AVERAGE    73

..........................................................


THE TWIN CITIES MN CLIMATE NORMALS FOR TOMORROW
                         NORMAL    RECORD    YEAR
 MAXIMUM TEMPERATURE (F)   64        91      2004
 MINIMUM TEMPERATURE (F)   43        26      1965
                                             1958
                                             1907


SUNRISE AND SUNSET
APRIL 27 2017.........SUNRISE   608 AM CDT   SUNSET   814 PM CDT
APRIL 28 2017.........SUNRISE   607 AM CDT   SUNSET   815 PM CDT


-  INDICATES NEGATIVE NUMBERS.
R  INDICATES RECORD WAS SET OR TIED.
MM INDICATES DATA IS MISSING.
T  INDICATES TRACE AMOUNT.




$$
