000
CDUS43 KMPX 070202
CLIMSP


CLIMATE REPORT
NATIONAL WEATHER SERVICE CHANHASSEN MN
802 PM CST TUE DEC 6 2016


...................................

...THE TWIN CITIES MN CLIMATE SUMMARY FOR DECEMBER 6 2016...
VALID TODAY AS OF 0800 PM LOCAL TIME.

CLIMATE NORMAL PERIOD 1981 TO 2010
CLIMATE RECORD PERIOD 1871 TO 2016


WEATHER ITEM   OBSERVED TIME   RECORD YEAR NORMAL DEPARTURE LAST
                VALUE   (LST)  VALUE       VALUE  FROM      YEAR
                                                  NORMAL
..................................................................
TEMPERATURE (F)
 TODAY
  MAXIMUM         38   1214 AM  63    1939  30      8       40
  MINIMUM         21   1128 AM -19    1972  16      5       32
  AVERAGE         30                        23      7       36

PRECIPITATION (IN)
  TODAY            T             0.53 1935   0.04  -0.04     0.00
  MONTH TO DATE    0.13                      0.26  -0.13     0.09
  SINCE DEC 1      0.13                      0.26  -0.13     0.09
  SINCE JAN 1     38.31                     29.71   8.60    33.91

SNOWFALL (IN)
  TODAY            T             4.4  1969   0.4   -0.4      0.0
  MONTH TO DATE    2.4                       2.4    0.0      0.1
  SINCE DEC 1      2.4                       2.4    0.0      0.1
  SINCE JUL 1      4.7                      12.3   -7.6      5.2
  SNOW DEPTH       0

DEGREE DAYS
 HEATING
  TODAY           35                        42     -7       29
  MONTH TO DATE  192                       246    -54      187
  SINCE DEC 1    192                       246    -54      187
  SINCE JUL 1   1236                      1865   -629     1362

 COOLING
  TODAY            0                         0      0        0
  MONTH TO DATE    0                         0      0        0
  SINCE DEC 1      0                         0      0        0
  SINCE JAN 1    964                       753    211      809
..................................................................


WIND (MPH)
  HIGHEST WIND SPEED    26   HIGHEST WIND DIRECTION    SW (240)
  HIGHEST GUST SPEED    36   HIGHEST GUST DIRECTION     W (250)
  AVERAGE WIND SPEED    16.7


SKY COVER
  POSSIBLE SUNSHINE  MM
  AVERAGE SKY COVER 1.0


WEATHER CONDITIONS
 THE FOLLOWING WEATHER WAS RECORDED TODAY.
  LIGHT SNOW
  HAZE


RELATIVE HUMIDITY (PERCENT)
 HIGHEST    75           100 AM
 LOWEST     62           900 AM
 AVERAGE    69

..........................................................


THE TWIN CITIES MN CLIMATE NORMALS FOR TOMORROW
                         NORMAL    RECORD    YEAR
 MAXIMUM TEMPERATURE (F)   30        54      1939
 MINIMUM TEMPERATURE (F)   15       -20      1972


SUNRISE AND SUNSET
DECEMBER  6 2016......SUNRISE   736 AM CST   SUNSET   432 PM CST
DECEMBER  7 2016......SUNRISE   737 AM CST   SUNSET   432 PM CST


-  INDICATES NEGATIVE NUMBERS.
R  INDICATES RECORD WAS SET OR TIED.
MM INDICATES DATA IS MISSING.
T  INDICATES TRACE AMOUNT.




$$
