000
CDUS43 KMPX 280652
CLIMSP


CLIMATE REPORT
NATIONAL WEATHER SERVICE CHANHASSEN MN
151 AM CDT THU APR 28 2016


...................................

...THE TWIN CITIES MN CLIMATE SUMMARY FOR APRIL 27 2016...

CLIMATE NORMAL PERIOD 1981 TO 2010
CLIMATE RECORD PERIOD 1871 TO 2016


WEATHER ITEM   OBSERVED TIME   RECORD YEAR NORMAL DEPARTURE LAST
                VALUE   (LST)  VALUE       VALUE  FROM      YEAR
                                                  NORMAL
..................................................................
TEMPERATURE (F)
 YESTERDAY
  MAXIMUM         53    236 PM  85    1977  63    -10       69
                                      1970
                                      1952
  MINIMUM         40   1029 PM  21    1909  42     -2       39
  AVERAGE         47                        53     -6       54

PRECIPITATION (IN)
  YESTERDAY        0.28          2.22 1975   0.10   0.18     0.00
  MONTH TO DATE    2.19                      2.33  -0.14     2.42
  SINCE MAR 1      4.45                      4.22   0.23     3.09
  SINCE JAN 1      5.85                      5.89  -0.04     3.78

SNOWFALL (IN)
  YESTERDAY        0.0           8.5  1907   0.1   -0.1      0.0
  MONTH TO DATE    0.5                       2.3   -1.8      0.3
  SINCE MAR 1      5.9                      12.6   -6.7      7.1
  SINCE JUL 1     36.7                      54.3  -17.6     32.4
  SNOW DEPTH       0

DEGREE DAYS
 HEATING
  YESTERDAY       18                        12      6       11
  MONTH TO DATE  451                       496    -45      425
  SINCE MAR 1   1179                      1494   -315     1331
  SINCE JUL 1   6044                      7284  -1240     7296

 COOLING
  YESTERDAY        0                         0      0        0
  MONTH TO DATE    8                         0      8        0
  SINCE MAR 1      8                         0      8        0
  SINCE JAN 1      8                         0      8        0
..................................................................


WIND (MPH)
  HIGHEST WIND SPEED    31   HIGHEST WIND DIRECTION     E (70)
  HIGHEST GUST SPEED    42   HIGHEST GUST DIRECTION     E (70)
  AVERAGE WIND SPEED    17.3


SKY COVER
  POSSIBLE SUNSHINE  MM
  AVERAGE SKY COVER 0.9


WEATHER CONDITIONS
 THE FOLLOWING WEATHER WAS RECORDED YESTERDAY.
  RAIN
  LIGHT RAIN
  FOG


RELATIVE HUMIDITY (PERCENT)
 HIGHEST    83           500 PM
 LOWEST     30           200 PM
 AVERAGE    57

..........................................................


THE TWIN CITIES MN CLIMATE NORMALS FOR TODAY
                         NORMAL    RECORD    YEAR
 MAXIMUM TEMPERATURE (F)   64        91      2004
 MINIMUM TEMPERATURE (F)   43        26      1965
                                             1958
                                             1907


SUNRISE AND SUNSET
APRIL 28 2016.........SUNRISE   606 AM CDT   SUNSET   815 PM CDT
APRIL 29 2016.........SUNRISE   605 AM CDT   SUNSET   816 PM CDT


-  INDICATES NEGATIVE NUMBERS.
R  INDICATES RECORD WAS SET OR TIED.
MM INDICATES DATA IS MISSING.
T  INDICATES TRACE AMOUNT.




$$
