000
CDUS43 KMPX 300623
CLIMSP


CLIMATE REPORT
NATIONAL WEATHER SERVICE CHANHASSEN MN
123 AM CDT MON MAY 30 2016


...................................

...THE TWIN CITIES MN CLIMATE SUMMARY FOR MAY 29 2016...

CLIMATE NORMAL PERIOD 1981 TO 2010
CLIMATE RECORD PERIOD 1871 TO 2016


WEATHER ITEM   OBSERVED TIME   RECORD YEAR NORMAL DEPARTURE LAST
                VALUE   (LST)  VALUE       VALUE  FROM      YEAR
                                                  NORMAL
..................................................................
TEMPERATURE (F)
 YESTERDAY
  MAXIMUM         79    435 PM  94    2006  73      6       72
  MINIMUM         62    512 AM  33    1965  53      9       54
  AVERAGE         71                        63      8       63

PRECIPITATION (IN)
  YESTERDAY        T             2.49 1942   0.10  -0.10     0.54
  MONTH TO DATE    2.40                      3.13  -0.73     3.55
  SINCE MAR 1      7.50                      7.68  -0.18     6.64
  SINCE JAN 1      8.90                      9.35  -0.45     7.33

SNOWFALL (IN)
  YESTERDAY        0.0           0.0    MM   0.0    0.0      0.0
  MONTH TO DATE    0.0                       0.0    0.0      0.0
  SINCE MAR 1      5.9                      12.7   -6.8      7.1
  SINCE JUL 1     36.7                      54.4  -17.7     32.4
  SNOW DEPTH       0

DEGREE DAYS
 HEATING
  YESTERDAY        0                         4     -4        2
  MONTH TO DATE  174                       210    -36      179
  SINCE MAR 1   1411                      1738   -327     1536
  SINCE JUL 1   6276                      7528  -1252     7501

 COOLING
  YESTERDAY        6                         2      4        0
  MONTH TO DATE   58                        34     24       27
  SINCE MAR 1     66                        39     27       27
  SINCE JAN 1     66                        39     27       27
..................................................................


WIND (MPH)
  HIGHEST WIND SPEED    20   HIGHEST WIND DIRECTION     W (260)
  HIGHEST GUST SPEED    26   HIGHEST GUST DIRECTION    NW (300)
  AVERAGE WIND SPEED     9.0


SKY COVER
  POSSIBLE SUNSHINE  MM
  AVERAGE SKY COVER 0.6


WEATHER CONDITIONS
 THE FOLLOWING WEATHER WAS RECORDED YESTERDAY.
  FOG


RELATIVE HUMIDITY (PERCENT)
 HIGHEST    93          1200 AM
 LOWEST     42           400 PM
 AVERAGE    68

..........................................................


THE TWIN CITIES MN CLIMATE NORMALS FOR TODAY
                         NORMAL    RECORD    YEAR
 MAXIMUM TEMPERATURE (F)   74        98      1934
 MINIMUM TEMPERATURE (F)   53        37      1947


SUNRISE AND SUNSET
MAY 30 2016...........SUNRISE   531 AM CDT   SUNSET   851 PM CDT
MAY 31 2016...........SUNRISE   530 AM CDT   SUNSET   852 PM CDT


-  INDICATES NEGATIVE NUMBERS.
R  INDICATES RECORD WAS SET OR TIED.
MM INDICATES DATA IS MISSING.
T  INDICATES TRACE AMOUNT.




$$
