000
CDUS43 KMPX 170633
CLIMSP


CLIMATE REPORT
NATIONAL WEATHER SERVICE CHANHASSEN MN
133 AM CDT MON JUL 17 2017


...................................

...THE TWIN CITIES MN CLIMATE SUMMARY FOR JULY 16 2017...

CLIMATE NORMAL PERIOD 1981 TO 2010
CLIMATE RECORD PERIOD 1871 TO 2017


WEATHER ITEM   OBSERVED TIME   RECORD YEAR NORMAL DEPARTURE LAST
                VALUE   (LST)  VALUE       VALUE  FROM      YEAR
                                                  NORMAL
..................................................................
TEMPERATURE (F)
 YESTERDAY
  MAXIMUM         87    306 PM 102    1926  84      3       81
  MINIMUM         67    459 AM  51    1958  65      2       62
                                      1911
  AVERAGE         77                        74      3       72

PRECIPITATION (IN)
  YESTERDAY        0.00          1.28 1908   0.13  -0.13     0.20
  MONTH TO DATE    0.41                      2.06  -1.65     2.13
  SINCE JUN 1      4.64                      6.31  -1.67     6.62
  SINCE JAN 1     16.19                     15.89   0.30    15.54

SNOWFALL (IN)
  YESTERDAY        0.0           0.0    MM   0.0    0.0      0.0
  MONTH TO DATE    0.0                       0.0    0.0      0.0
  SINCE JUN 1      T                         0.0    0.0      0.0
  SINCE JUL 1      0.0                       0.0    0.0      0.0
  SNOW DEPTH       0

DEGREE DAYS
 HEATING
  YESTERDAY        0                         0      0        0
  MONTH TO DATE    0                         0      0        1
  SINCE JUN 1     12                        44    -32        8
  SINCE JUL 1      0                         0      0        1

 COOLING
  YESTERDAY       12                         9      3        7
  MONTH TO DATE  168                       142     26      136
  SINCE JUN 1    378                       300     78      339
  SINCE JAN 1    399                       342     57      415
..................................................................


WIND (MPH)
  HIGHEST WIND SPEED    15   HIGHEST WIND DIRECTION     E (100)
  HIGHEST GUST SPEED    21   HIGHEST GUST DIRECTION     E (80)
  AVERAGE WIND SPEED     8.2


SKY COVER
  POSSIBLE SUNSHINE  MM
  AVERAGE SKY COVER 0.4


WEATHER CONDITIONS
 THE FOLLOWING WEATHER WAS RECORDED YESTERDAY.
  NO SIGNIFICANT WEATHER WAS OBSERVED.


RELATIVE HUMIDITY (PERCENT)
 HIGHEST    73           300 AM
 LOWEST     42           400 PM
 AVERAGE    58

..........................................................


THE TWIN CITIES MN CLIMATE NORMALS FOR TODAY
                         NORMAL    RECORD    YEAR
 MAXIMUM TEMPERATURE (F)   84        99      1936
 MINIMUM TEMPERATURE (F)   64        52      1976
                                             1937


SUNRISE AND SUNSET
JULY 17 2017..........SUNRISE   543 AM CDT   SUNSET   854 PM CDT
JULY 18 2017..........SUNRISE   544 AM CDT   SUNSET   854 PM CDT


-  INDICATES NEGATIVE NUMBERS.
R  INDICATES RECORD WAS SET OR TIED.
MM INDICATES DATA IS MISSING.
T  INDICATES TRACE AMOUNT.




$$
