000
CDUS43 KMPX 160029
CLIMSP


CLIMATE REPORT
NATIONAL WEATHER SERVICE CHANHASSEN MN
729 PM CDT FRI SEP 15 2017


...................................

...THE TWIN CITIES MN CLIMATE SUMMARY FOR SEPTEMBER 15 2017...
VALID TODAY AS OF 0700 PM LOCAL TIME.

CLIMATE NORMAL PERIOD 1981 TO 2010
CLIMATE RECORD PERIOD 1871 TO 2017


WEATHER ITEM   OBSERVED TIME   RECORD YEAR NORMAL DEPARTURE LAST
                VALUE   (LST)  VALUE       VALUE  FROM      YEAR
                                                  NORMAL
..................................................................
TEMPERATURE (F)
 TODAY
  MAXIMUM         84    148 PM  98    1939  72     12       76
  MINIMUM         70    707 AM  36    2011  53     17       57
                                      2007
                                      1964
  AVERAGE         77                        62     15       67

PRECIPITATION (IN)
  TODAY            T             2.59 1992   0.09  -0.09     0.85
  MONTH TO DATE    0.07                      1.59  -1.52     2.51
  SINCE SEP 1      0.07                      1.59  -1.52     2.51
  SINCE JAN 1     25.72                     23.76   1.96    28.83

SNOWFALL (IN)
  TODAY            0.0           T    1916   0.0    0.0      0.0
  MONTH TO DATE    0.0                       0.0    0.0      0.0
  SINCE SEP 1      0.0                       0.0    0.0      0.0
  SINCE JUL 1      0.0                       0.0    0.0      0.0
  SNOW DEPTH       0

DEGREE DAYS
 HEATING
  TODAY            0                         5     -5        0
  MONTH TO DATE   22                        44    -22       10
  SINCE SEP 1     22                        44    -22       10
  SINCE JUL 1     29                        63    -34       13

 COOLING
  TODAY           12                         2     10        2
  MONTH TO DATE   75                        48     27       63
  SINCE SEP 1     75                        48     27       63
  SINCE JAN 1    763                       729     34      934
..................................................................


WIND (MPH)
  HIGHEST WIND SPEED    17   HIGHEST WIND DIRECTION    SE (140)
  HIGHEST GUST SPEED    20   HIGHEST GUST DIRECTION    SE (130)
  AVERAGE WIND SPEED     9.0


SKY COVER
  POSSIBLE SUNSHINE  MM
  AVERAGE SKY COVER 0.6


WEATHER CONDITIONS
 THE FOLLOWING WEATHER WAS RECORDED TODAY.
  THUNDERSTORM
  LIGHT RAIN


RELATIVE HUMIDITY (PERCENT)
 HIGHEST    73           700 AM
 LOWEST     54          1200 AM
 AVERAGE    64

..........................................................


THE TWIN CITIES MN CLIMATE NORMALS FOR TOMORROW
                         NORMAL    RECORD    YEAR
 MAXIMUM TEMPERATURE (F)   72        94      1955
 MINIMUM TEMPERATURE (F)   52        38      1873


SUNRISE AND SUNSET
SEPTEMBER 15 2017.....SUNRISE   652 AM CDT   SUNSET   723 PM CDT
SEPTEMBER 16 2017.....SUNRISE   653 AM CDT   SUNSET   721 PM CDT


-  INDICATES NEGATIVE NUMBERS.
R  INDICATES RECORD WAS SET OR TIED.
MM INDICATES DATA IS MISSING.
T  INDICATES TRACE AMOUNT.




$$
