000
CDUS43 KMPX 250623
CLIMSP


CLIMATE REPORT
NATIONAL WEATHER SERVICE CHANHASSEN MN
123 AM CDT THU AUG 25 2016


...................................

...THE TWIN CITIES MN CLIMATE SUMMARY FOR AUGUST 24 2016...

CLIMATE NORMAL PERIOD 1981 TO 2010
CLIMATE RECORD PERIOD 1871 TO 2016


WEATHER ITEM   OBSERVED TIME   RECORD YEAR NORMAL DEPARTURE LAST
                VALUE   (LST)  VALUE       VALUE  FROM      YEAR
                                                  NORMAL
..................................................................
TEMPERATURE (F)
 YESTERDAY
  MAXIMUM         82   1247 PM  98    1948  79      3       67
  MINIMUM         66   1159 PM  43    1887  61      5       54
  AVERAGE         74                        70      4       61

PRECIPITATION (IN)
  YESTERDAY        0.07          4.08 1893   0.13  -0.06     0.00
  MONTH TO DATE    6.20                      3.44   2.76     2.99
  SINCE JUN 1     15.78                     11.73   4.05    14.71
  SINCE JAN 1     24.70                     21.31   3.39    22.04

SNOWFALL (IN)
  YESTERDAY        0.0           0.0    MM   0.0    0.0      0.0
  MONTH TO DATE    0.0                       0.0    0.0      0.0
  SINCE JUN 1      0.0                       0.0    0.0      0.0
  SINCE JUL 1      0.0                       0.0    0.0      0.0
  SNOW DEPTH       0

DEGREE DAYS
 HEATING
  YESTERDAY        0                         1     -1        4
  MONTH TO DATE    2                         3     -1       10
  SINCE JUN 1     10                        52    -42       19
  SINCE JUL 1      3                         8     -5       12

 COOLING
  YESTERDAY        9                         6      3        0
  MONTH TO DATE  232                       170     62      176
  SINCE JUN 1    759                       604    155      599
  SINCE JAN 1    835                       646    189      626
..................................................................


WIND (MPH)
  HIGHEST WIND SPEED    20   HIGHEST WIND DIRECTION     W (280)
  HIGHEST GUST SPEED    24   HIGHEST GUST DIRECTION     W (270)
  AVERAGE WIND SPEED     7.2


SKY COVER
  POSSIBLE SUNSHINE  MM
  AVERAGE SKY COVER 0.8


WEATHER CONDITIONS
 THE FOLLOWING WEATHER WAS RECORDED YESTERDAY.
  LIGHT RAIN
  FOG


RELATIVE HUMIDITY (PERCENT)
 HIGHEST    93           600 AM
 LOWEST     42           300 PM
 AVERAGE    68

..........................................................


THE TWIN CITIES MN CLIMATE NORMALS FOR TODAY
                         NORMAL    RECORD    YEAR
 MAXIMUM TEMPERATURE (F)   79        96      2013
 MINIMUM TEMPERATURE (F)   61        41      1887


SUNRISE AND SUNSET
AUGUST 25 2016........SUNRISE   627 AM CDT   SUNSET   801 PM CDT
AUGUST 26 2016........SUNRISE   629 AM CDT   SUNSET   800 PM CDT


-  INDICATES NEGATIVE NUMBERS.
R  INDICATES RECORD WAS SET OR TIED.
MM INDICATES DATA IS MISSING.
T  INDICATES TRACE AMOUNT.




$$
