000
CDUS43 KMPX 192133
CLIMSP


CLIMATE REPORT
NATIONAL WEATHER SERVICE CHANHASSEN MN
432 PM CDT FRI SEP 19 2014


...................................

...THE TWIN CITIES MN CLIMATE SUMMARY FOR SEPTEMBER 19 2014...
VALID AS OF 0400 PM LOCAL TIME.

CLIMATE NORMAL PERIOD 1981 TO 2010
CLIMATE RECORD PERIOD 1871 TO 2014


WEATHER ITEM   OBSERVED TIME   RECORD YEAR NORMAL DEPARTURE LAST
                VALUE   (LST)  VALUE       VALUE  FROM      YEAR
                                                  NORMAL
..................................................................
TEMPERATURE (F)
 TODAY
  MAXIMUM         80    259 PM  94    1895  70     10       78
  MINIMUM         57    649 AM  33    1991  51      6       64
                                      1873
  AVERAGE         69                        61      8       71

PRECIPITATION (IN)
  TODAY            0.00          2.98 1907   0.09  -0.09     0.18
  MONTH TO DATE    0.57                      1.98  -1.41     1.17
  SINCE SEP 1      0.57                      1.98  -1.41     1.17
  SINCE JAN 1     31.57                     24.15   7.42    27.61

SNOWFALL (IN)
  TODAY            0.0           T    1927   0.0    0.0      0.0
  MONTH TO DATE    0.0                       0.0    0.0      0.0
  SINCE SEP 1      0.0                       0.0    0.0      0.0
  SINCE JUL 1      0.0                       0.0    0.0       T
  SNOW DEPTH       0

DEGREE DAYS
 HEATING
  TODAY            0                         6     -6        0
  MONTH TO DATE   85                        66     19       33
  SINCE SEP 1     85                        66     19       33
  SINCE JUL 1     92                        85      7       41

 COOLING
  TODAY            4                         2      2        6
  MONTH TO DATE   39                        56    -17      113
  SINCE SEP 1     39                        56    -17      113
  SINCE JAN 1    735                       737     -2      962
..................................................................


WIND (MPH)
  HIGHEST WIND SPEED    26   HIGHEST WIND DIRECTION     S (180)
  HIGHEST GUST SPEED    35   HIGHEST GUST DIRECTION     S (180)
  AVERAGE WIND SPEED    12.7


SKY COVER
  POSSIBLE SUNSHINE  MM
  AVERAGE SKY COVER 0.7


WEATHER CONDITIONS
 THE FOLLOWING WEATHER WAS RECORDED TODAY.
  NO SIGNIFICANT WEATHER WAS OBSERVED.


RELATIVE HUMIDITY (PERCENT)
 HIGHEST    80           300 AM
 LOWEST     54           200 PM
 AVERAGE    67

..........................................................


THE TWIN CITIES MN CLIMATE NORMALS FOR TOMORROW
                         NORMAL    RECORD    YEAR
 MAXIMUM TEMPERATURE (F)   70        91      1931
                                             1908
                                             1895
 MINIMUM TEMPERATURE (F)   50        28      1962


SUNRISE AND SUNSET
SEPTEMBER 19 2014.....SUNRISE   656 AM CDT   SUNSET   716 PM CDT
SEPTEMBER 20 2014.....SUNRISE   658 AM CDT   SUNSET   714 PM CDT


-  INDICATES NEGATIVE NUMBERS.
R  INDICATES RECORD WAS SET OR TIED.
MM INDICATES DATA IS MISSING.
T  INDICATES TRACE AMOUNT.




$$
