392
CDUS43 KMPX 170631
CLIMSP


CLIMATE REPORT
NATIONAL WEATHER SERVICE CHANHASSEN MN
130 AM CDT SUN SEP 17 2017


...................................

...THE TWIN CITIES MN CLIMATE SUMMARY FOR SEPTEMBER 16 2017...

CLIMATE NORMAL PERIOD 1981 TO 2010
CLIMATE RECORD PERIOD 1871 TO 2017


WEATHER ITEM   OBSERVED TIME   RECORD YEAR NORMAL DEPARTURE LAST
                VALUE   (LST)  VALUE       VALUE  FROM      YEAR
                                                  NORMAL
..................................................................
TEMPERATURE (F)
 YESTERDAY
  MAXIMUM         80   1239 AM  94    1955  72      8       76
  MINIMUM         58   1159 PM  38    1873  52      6       63
  AVERAGE         69                        62      7       70

PRECIPITATION (IN)
  YESTERDAY        0.04          1.97 1997   0.10  -0.06     0.06
  MONTH TO DATE    0.11                      1.69  -1.58     2.57
  SINCE SEP 1      0.11                      1.69  -1.58     2.57
  SINCE JAN 1     25.76                     23.86   1.90    28.89

SNOWFALL (IN)
  YESTERDAY        0.0           0.0    MM   0.0    0.0      0.0
  MONTH TO DATE    0.0                       0.0    0.0      0.0
  SINCE SEP 1      0.0                       0.0    0.0      0.0
  SINCE JUL 1      0.0                       0.0    0.0      0.0
  SNOW DEPTH       0

DEGREE DAYS
 HEATING
  YESTERDAY        0                         5     -5        0
  MONTH TO DATE   22                        49    -27       10
  SINCE SEP 1     22                        49    -27       10
  SINCE JUL 1     29                        68    -39       13

 COOLING
  YESTERDAY        4                         2      2        5
  MONTH TO DATE   79                        50     29       68
  SINCE SEP 1     79                        50     29       68
  SINCE JAN 1    767                       731     36      939
..................................................................


WIND (MPH)
  HIGHEST WIND SPEED    28   HIGHEST WIND DIRECTION     S (180)
  HIGHEST GUST SPEED    38   HIGHEST GUST DIRECTION     S (180)
  AVERAGE WIND SPEED    11.7


SKY COVER
  POSSIBLE SUNSHINE  MM
  AVERAGE SKY COVER 0.9


WEATHER CONDITIONS
 THE FOLLOWING WEATHER WAS RECORDED YESTERDAY.
  NO SIGNIFICANT WEATHER WAS OBSERVED.


RELATIVE HUMIDITY (PERCENT)
 HIGHEST    90           800 PM
 LOWEST     58          1200 AM
 AVERAGE    74

..........................................................


THE TWIN CITIES MN CLIMATE NORMALS FOR TODAY
                         NORMAL    RECORD    YEAR
 MAXIMUM TEMPERATURE (F)   71        96      1895
 MINIMUM TEMPERATURE (F)   52        34      1943
                                             1875


SUNRISE AND SUNSET
SEPTEMBER 17 2017.....SUNRISE   654 AM CDT   SUNSET   719 PM CDT
SEPTEMBER 18 2017.....SUNRISE   655 AM CDT   SUNSET   717 PM CDT


-  INDICATES NEGATIVE NUMBERS.
R  INDICATES RECORD WAS SET OR TIED.
MM INDICATES DATA IS MISSING.
T  INDICATES TRACE AMOUNT.




$$
