011
CDUS43 KMPX 180646
CLIMSP


CLIMATE REPORT
NATIONAL WEATHER SERVICE CHANHASSEN MN
1241 AM CST SAT NOV 18 2017


...................................

...THE TWIN CITIES MN CLIMATE SUMMARY FOR NOVEMBER 17 2017...

CLIMATE NORMAL PERIOD 1981 TO 2010
CLIMATE RECORD PERIOD 1871 TO 2017


WEATHER ITEM   OBSERVED TIME   RECORD YEAR NORMAL DEPARTURE LAST
                VALUE   (LST)  VALUE       VALUE  FROM      YEAR
                                                  NORMAL
..................................................................
TEMPERATURE (F)
 YESTERDAY
  MAXIMUM         39    911 PM  71    1953  40     -1       58
  MINIMUM         34   1227 AM  -5    1880  26      8       46
  AVERAGE         37                        33      4       52

PRECIPITATION (IN)
  YESTERDAY        0.09          1.21 2015   0.06   0.03     0.00
  MONTH TO DATE    0.39                      1.03  -0.64     0.00
  SINCE SEP 1      5.92                      6.54  -0.62     8.88
  SINCE JAN 1     31.57                     28.71   2.86    35.20

SNOWFALL (IN)
  YESTERDAY        0.0           9.0  1886   0.4   -0.4      0.0
  MONTH TO DATE    0.6                       4.1   -3.5      0.0
  SINCE SEP 1      0.7                       4.7   -4.0       T
  SINCE JUL 1      0.7                       4.7   -4.0       T
  SNOW DEPTH       0

DEGREE DAYS
 HEATING
  YESTERDAY       28                        32     -4       13
  MONTH TO DATE  551                       469     82      236
  SINCE SEP 1   1033                      1130    -97      655
  SINCE JUL 1   1040                      1149   -109      658

 COOLING
  YESTERDAY        0                         0      0        0
  MONTH TO DATE    0                         0      0        0
  SINCE SEP 1    142                        72     70       93
  SINCE JAN 1    830                       753     77      964
..................................................................


WIND (MPH)
  HIGHEST WIND SPEED    25   HIGHEST WIND DIRECTION    SE (150)
  HIGHEST GUST SPEED    32   HIGHEST GUST DIRECTION    SE (150)
  AVERAGE WIND SPEED     9.8


SKY COVER
  POSSIBLE SUNSHINE  MM
  AVERAGE SKY COVER 1.0


WEATHER CONDITIONS
 THE FOLLOWING WEATHER WAS RECORDED YESTERDAY.
  LIGHT RAIN
  FOG
  HAZE


RELATIVE HUMIDITY (PERCENT)
 HIGHEST   100          1000 AM
 LOWEST     75           100 AM
 AVERAGE    88

..........................................................


THE TWIN CITIES MN CLIMATE NORMALS FOR TODAY
                         NORMAL    RECORD    YEAR
 MAXIMUM TEMPERATURE (F)   40        68      1941
                                             1904
 MINIMUM TEMPERATURE (F)   25        -4      1891


SUNRISE AND SUNSET
NOVEMBER 18 2017......SUNRISE   715 AM CST   SUNSET   441 PM CST
NOVEMBER 19 2017......SUNRISE   716 AM CST   SUNSET   440 PM CST


-  INDICATES NEGATIVE NUMBERS.
R  INDICATES RECORD WAS SET OR TIED.
MM INDICATES DATA IS MISSING.
T  INDICATES TRACE AMOUNT.




$$
