000
CDUS43 KMPX 252128
CLIMSP


CLIMATE REPORT
NATIONAL WEATHER SERVICE CHANHASSEN MN
428 PM CDT THU MAY 25 2017


...................................

...THE TWIN CITIES MN CLIMATE SUMMARY FOR MAY 25 2017...
VALID TODAY AS OF 0400 PM LOCAL TIME.

CLIMATE NORMAL PERIOD 1981 TO 2010
CLIMATE RECORD PERIOD 1871 TO 2017


WEATHER ITEM   OBSERVED TIME   RECORD YEAR NORMAL DEPARTURE LAST
                VALUE   (LST)  VALUE       VALUE  FROM      YEAR
                                                  NORMAL
..................................................................
TEMPERATURE (F)
 TODAY
  MAXIMUM         70    210 PM  94    1978  72     -2       76
  MINIMUM         50    521 AM  33    1901  52     -2       66
  AVERAGE         60                        62     -2       71

PRECIPITATION (IN)
  TODAY            T             1.88 1942   0.11  -0.11     0.33
  MONTH TO DATE    4.77                      2.71   2.06     1.58
  SINCE MAR 1      9.90                      7.26   2.64     6.68
  SINCE JAN 1     11.52                      8.93   2.59     8.08

SNOWFALL (IN)
  TODAY            0.0           0.1  1925   0.0    0.0      0.0
  MONTH TO DATE    T                         0.0    0.0      0.0
  SINCE MAR 1      5.2                      12.7   -7.5      5.9
  SINCE JUL 1     32.0                      54.4  -22.4     36.7
  SNOW DEPTH       0

DEGREE DAYS
 HEATING
  TODAY            5                         5      0        0
  MONTH TO DATE  199                       193      6      174
  SINCE MAR 1   1582                      1721   -139     1411
  SINCE JUL 1   6283                      7511  -1228     6276

 COOLING
  TODAY            0                         2     -2        6
  MONTH TO DATE   15                        26    -11       44
  SINCE MAR 1     15                        31    -16       52
  SINCE JAN 1     15                        31    -16       52
..................................................................


WIND (MPH)
  HIGHEST WIND SPEED    16   HIGHEST WIND DIRECTION     S (170)
  HIGHEST GUST SPEED    20   HIGHEST GUST DIRECTION     S (160)
  AVERAGE WIND SPEED     7.6


SKY COVER
  POSSIBLE SUNSHINE  MM
  AVERAGE SKY COVER 0.3


WEATHER CONDITIONS
 THE FOLLOWING WEATHER WAS RECORDED TODAY.
  LIGHT RAIN


RELATIVE HUMIDITY (PERCENT)
 HIGHEST    89           600 AM
 LOWEST     47           200 PM
 AVERAGE    68

..........................................................


THE TWIN CITIES MN CLIMATE NORMALS FOR TOMORROW
                         NORMAL    RECORD    YEAR
 MAXIMUM TEMPERATURE (F)   72        96      1978
 MINIMUM TEMPERATURE (F)   52        34      1992


SUNRISE AND SUNSET
MAY 25 2017...........SUNRISE   534 AM CDT   SUNSET   846 PM CDT
MAY 26 2017...........SUNRISE   534 AM CDT   SUNSET   847 PM CDT


-  INDICATES NEGATIVE NUMBERS.
R  INDICATES RECORD WAS SET OR TIED.
MM INDICATES DATA IS MISSING.
T  INDICATES TRACE AMOUNT.




$$
