000
CDUS43 KMPX 210638
CLIMSP


CLIMATE REPORT
NATIONAL WEATHER SERVICE CHANHASSEN MN
1238 AM CST TUE NOV 21 2017


...................................

...THE TWIN CITIES MN CLIMATE SUMMARY FOR NOVEMBER 20 2017...

CLIMATE NORMAL PERIOD 1981 TO 2010
CLIMATE RECORD PERIOD 1871 TO 2017


WEATHER ITEM   OBSERVED TIME   RECORD YEAR NORMAL DEPARTURE LAST
                VALUE   (LST)  VALUE       VALUE  FROM      YEAR
                                                  NORMAL
..................................................................
TEMPERATURE (F)
 YESTERDAY
  MAXIMUM         48    537 PM  63    1925  38     10       30
  MINIMUM         28    731 AM  -3    1921  24      4       23
  AVERAGE         38                        31      7       27

PRECIPITATION (IN)
  YESTERDAY        0.00          2.01 1975   0.06  -0.06     0.00
  MONTH TO DATE    0.39                      1.22  -0.83     0.80
  SINCE SEP 1      5.92                      6.73  -0.81     9.68
  SINCE JAN 1     31.57                     28.90   2.67    36.00

SNOWFALL (IN)
  YESTERDAY        0.0           8.0  1975   0.4   -0.4      0.0
  MONTH TO DATE    0.6                       5.2   -4.6      0.3
  SINCE SEP 1      0.7                       5.8   -5.1      0.3
  SINCE JUL 1      0.7                       5.8   -5.1      0.3
  SNOW DEPTH       0

DEGREE DAYS
 HEATING
  YESTERDAY       27                        34     -7       38
  MONTH TO DATE  649                       569     80      336
  SINCE SEP 1   1131                      1230    -99      755
  SINCE JUL 1   1138                      1249   -111      758

 COOLING
  YESTERDAY        0                         0      0        0
  MONTH TO DATE    0                         0      0        0
  SINCE SEP 1    142                        72     70       93
  SINCE JAN 1    830                       753     77      964
..................................................................


WIND (MPH)
  HIGHEST WIND SPEED    22   HIGHEST WIND DIRECTION    NW (300)
  HIGHEST GUST SPEED    30   HIGHEST GUST DIRECTION    NW (310)
  AVERAGE WIND SPEED     8.4


SKY COVER
  POSSIBLE SUNSHINE  MM
  AVERAGE SKY COVER 0.7


WEATHER CONDITIONS
 THE FOLLOWING WEATHER WAS RECORDED YESTERDAY.
  NO SIGNIFICANT WEATHER WAS OBSERVED.


RELATIVE HUMIDITY (PERCENT)
 HIGHEST    92           600 AM
 LOWEST     53           300 PM
 AVERAGE    73

..........................................................


THE TWIN CITIES MN CLIMATE NORMALS FOR TODAY
                         NORMAL    RECORD    YEAR
 MAXIMUM TEMPERATURE (F)   38        67      1990
 MINIMUM TEMPERATURE (F)   23       -11      1880


SUNRISE AND SUNSET
NOVEMBER 21 2017......SUNRISE   719 AM CST   SUNSET   439 PM CST
NOVEMBER 22 2017......SUNRISE   720 AM CST   SUNSET   438 PM CST


-  INDICATES NEGATIVE NUMBERS.
R  INDICATES RECORD WAS SET OR TIED.
MM INDICATES DATA IS MISSING.
T  INDICATES TRACE AMOUNT.




$$
