000
CDUS43 KMPX 110810
CLIMSP


CLIMATE REPORT
NATIONAL WEATHER SERVICE CHANHASSEN MN
309 AM CDT FRI JUL 11 2014


...................................

...THE TWIN CITIES MN CLIMATE SUMMARY FOR JULY 10 2014...

CLIMATE NORMAL PERIOD 1981 TO 2010
CLIMATE RECORD PERIOD 1871 TO 2014


WEATHER ITEM   OBSERVED TIME   RECORD YEAR NORMAL DEPARTURE LAST
                VALUE   (LST)  VALUE       VALUE  FROM      YEAR
                                                  NORMAL
..................................................................
TEMPERATURE (F)
 YESTERDAY
  MAXIMUM         85    247 PM 106    1936  84      1       83
  MINIMUM         61    519 AM  49    1996  64     -3       63
                                      1945
  AVERAGE         73                        74     -1       73

PRECIPITATION (IN)
  YESTERDAY        0.00          1.93 2002   0.13  -0.13     0.00
  MONTH TO DATE    0.66                      1.28  -0.62     0.37
  SINCE JUN 1     12.02                      5.53   6.49     5.54
  SINCE JAN 1     26.49                     15.11  11.38    21.23

SNOWFALL (IN)
  YESTERDAY        0.0           0.0    MM   0.0    0.0      0.0
  MONTH TO DATE    0.0                       0.0    0.0      0.0
  SINCE JUN 1      0.0                       0.0    0.0       T
  SINCE JUL 1      0.0                       0.0    0.0      0.0
  SNOW DEPTH       0

DEGREE DAYS
 HEATING
  YESTERDAY        0                         0      0        0
  MONTH TO DATE    1                         0      1        0
  SINCE JUN 1     22                        44    -22       42
  SINCE JUL 1      1                         0      1        0

 COOLING
  YESTERDAY        8                         9     -1        8
  MONTH TO DATE   60                        88    -28      124
  SINCE JUN 1    222                       246    -24      288
  SINCE JAN 1    274                       288    -14      341
..................................................................


WIND (MPH)
  HIGHEST WIND SPEED    16   HIGHEST WIND DIRECTION     S (170)
  HIGHEST GUST SPEED    22   HIGHEST GUST DIRECTION     S (180)
  AVERAGE WIND SPEED     9.4


SKY COVER
  POSSIBLE SUNSHINE  MM
  AVERAGE SKY COVER 0.4


WEATHER CONDITIONS
 THE FOLLOWING WEATHER WAS RECORDED YESTERDAY.
  NO SIGNIFICANT WEATHER WAS OBSERVED.


RELATIVE HUMIDITY (PERCENT)
 HIGHEST    84           500 AM
 LOWEST     40           300 PM
 AVERAGE    62

..........................................................


THE TWIN CITIES MN CLIMATE NORMALS FOR TODAY
                         NORMAL    RECORD    YEAR
 MAXIMUM TEMPERATURE (F)   84       106      1936
 MINIMUM TEMPERATURE (F)   64        49      1945


SUNRISE AND SUNSET
JULY 11 2014..........SUNRISE   537 AM CDT   SUNSET   859 PM CDT
JULY 12 2014..........SUNRISE   538 AM CDT   SUNSET   858 PM CDT


-  INDICATES NEGATIVE NUMBERS.
R  INDICATES RECORD WAS SET OR TIED.
MM INDICATES DATA IS MISSING.
T  INDICATES TRACE AMOUNT.




$$
