000
CDUS43 KMPX 220725
CLIMSP


CLIMATE REPORT
NATIONAL WEATHER SERVICE CHANHASSEN MN
224 AM CDT SAT APR 22 2017


...................................

...THE TWIN CITIES MN CLIMATE SUMMARY FOR APRIL 21 2017...

CLIMATE NORMAL PERIOD 1981 TO 2010
CLIMATE RECORD PERIOD 1871 TO 2017


WEATHER ITEM   OBSERVED TIME   RECORD YEAR NORMAL DEPARTURE LAST
                VALUE   (LST)  VALUE       VALUE  FROM      YEAR
                                                  NORMAL
..................................................................
TEMPERATURE (F)
 YESTERDAY
  MAXIMUM         63    457 PM  95    1980  61      2       66
  MINIMUM         37    527 AM  22    1966  40     -3       50
  AVERAGE         50                        50      0       58

PRECIPITATION (IN)
  YESTERDAY        0.00          0.74 1912   0.09  -0.09     0.32
  MONTH TO DATE    2.88                      1.73   1.15     0.99
  SINCE MAR 1      3.56                      3.62  -0.06     3.25
  SINCE JAN 1      5.18                      5.29  -0.11     4.65

SNOWFALL (IN)
  YESTERDAY        0.0           4.8  1972   0.1   -0.1      0.0
  MONTH TO DATE    0.5                       2.0   -1.5      0.5
  SINCE MAR 1      5.2                      12.3   -7.1      5.9
  SINCE JUL 1     32.0                      54.0  -22.0     36.7
  SNOW DEPTH       0

DEGREE DAYS
 HEATING
  YESTERDAY       15                        15      0        7
  MONTH TO DATE  284                       415   -131      369
  SINCE MAR 1   1239                      1413   -174     1097
  SINCE JUL 1   5940                      7203  -1263     5962

 COOLING
  YESTERDAY        0                         0      0        0
  MONTH TO DATE    0                         0      0        8
  SINCE MAR 1      0                         0      0        8
  SINCE JAN 1      0                         0      0        8
..................................................................


WIND (MPH)
  HIGHEST WIND SPEED    16   HIGHEST WIND DIRECTION     N (10)
  HIGHEST GUST SPEED    24   HIGHEST GUST DIRECTION    NE (30)
  AVERAGE WIND SPEED     5.1


SKY COVER
  POSSIBLE SUNSHINE  MM
  AVERAGE SKY COVER 0.2


WEATHER CONDITIONS
 THE FOLLOWING WEATHER WAS RECORDED YESTERDAY.
  NO SIGNIFICANT WEATHER WAS OBSERVED.


RELATIVE HUMIDITY (PERCENT)
 HIGHEST    92           300 AM
 LOWEST     30           300 PM
 AVERAGE    61

..........................................................


THE TWIN CITIES MN CLIMATE NORMALS FOR TODAY
                         NORMAL    RECORD    YEAR
 MAXIMUM TEMPERATURE (F)   61        90      1980
 MINIMUM TEMPERATURE (F)   40        23      1874


SUNRISE AND SUNSET
APRIL 22 2017.........SUNRISE   616 AM CDT   SUNSET   807 PM CDT
APRIL 23 2017.........SUNRISE   614 AM CDT   SUNSET   809 PM CDT


-  INDICATES NEGATIVE NUMBERS.
R  INDICATES RECORD WAS SET OR TIED.
MM INDICATES DATA IS MISSING.
T  INDICATES TRACE AMOUNT.




$$
