000
CDUS43 KMPX 262129
CLIMSP


CLIMATE REPORT
NATIONAL WEATHER SERVICE CHANHASSEN MN
428 PM CDT SUN OCT 26 2014


...................................

...THE TWIN CITIES MN CLIMATE SUMMARY FOR OCTOBER 26 2014...
VALID AS OF 0400 PM LOCAL TIME.

CLIMATE NORMAL PERIOD 1981 TO 2010
CLIMATE RECORD PERIOD 1871 TO 2014


WEATHER ITEM   OBSERVED TIME   RECORD YEAR NORMAL DEPARTURE LAST
                VALUE   (LST)  VALUE       VALUE  FROM      YEAR
                                                  NORMAL
..................................................................
TEMPERATURE (F)
 TODAY
  MAXIMUM         64    259 PM  83    1955  53     11       50
  MINIMUM         36    429 AM  16    1962  36      0       36
  AVERAGE         50                        45      5       43

PRECIPITATION (IN)
  TODAY            0.00          1.54 1941   0.06  -0.06     0.00
  MONTH TO DATE    1.75                      2.12  -0.37     2.84
  SINCE SEP 1      2.67                      5.20  -2.53     4.19
  SINCE JAN 1     33.67                     27.37   6.30    30.63

SNOWFALL (IN)
  TODAY            0.0           1.3  1959   0.1   -0.1      0.0
  MONTH TO DATE    0.0                       0.4   -0.4       T
  SINCE SEP 1      0.0                       0.4   -0.4       T
  SINCE JUL 1      0.0                       0.4   -0.4       T
  SNOW DEPTH       0

DEGREE DAYS
 HEATING
  TODAY           15                        20     -5       22
  MONTH TO DATE  371                       397    -26      372
  SINCE SEP 1    495                       551    -56      430
  SINCE JUL 1    502                       570    -68      438

 COOLING
  TODAY            0                         0      0        0
  MONTH TO DATE    0                         3     -3        2
  SINCE SEP 1     63                        69     -6      134
  SINCE JAN 1    759                       750      9      983
..................................................................


WIND (MPH)
  HIGHEST WIND SPEED    20   HIGHEST WIND DIRECTION    SE (120)
  HIGHEST GUST SPEED    23   HIGHEST GUST DIRECTION    SE (120)
  AVERAGE WIND SPEED     6.0


SKY COVER
  POSSIBLE SUNSHINE  MM
  AVERAGE SKY COVER 0.2


WEATHER CONDITIONS
 THE FOLLOWING WEATHER WAS RECORDED TODAY.
  NO SIGNIFICANT WEATHER WAS OBSERVED.


RELATIVE HUMIDITY (PERCENT)
 HIGHEST    76           400 AM
 LOWEST     24           200 PM
 AVERAGE    50

..........................................................


THE TWIN CITIES MN CLIMATE NORMALS FOR TOMORROW
                         NORMAL    RECORD    YEAR
 MAXIMUM TEMPERATURE (F)   53        74      1948
                                             1922
 MINIMUM TEMPERATURE (F)   36        13      1997


SUNRISE AND SUNSET
OCTOBER 26 2014.......SUNRISE   743 AM CDT   SUNSET   610 PM CDT
OCTOBER 27 2014.......SUNRISE   744 AM CDT   SUNSET   608 PM CDT


-  INDICATES NEGATIVE NUMBERS.
R  INDICATES RECORD WAS SET OR TIED.
MM INDICATES DATA IS MISSING.
T  INDICATES TRACE AMOUNT.




$$
