000
CDUS43 KMPX 220629
CLIMSP


CLIMATE REPORT
NATIONAL WEATHER SERVICE CHANHASSEN MN
129 AM CDT SUN MAY 22 2016


...................................

...THE TWIN CITIES MN CLIMATE SUMMARY FOR MAY 21 2016...

CLIMATE NORMAL PERIOD 1981 TO 2010
CLIMATE RECORD PERIOD 1871 TO 2016


WEATHER ITEM   OBSERVED TIME   RECORD YEAR NORMAL DEPARTURE LAST
                VALUE   (LST)  VALUE       VALUE  FROM      YEAR
                                                  NORMAL
..................................................................
TEMPERATURE (F)
 YESTERDAY
  MAXIMUM         80    408 PM  92    1964  71      9       74
  MINIMUM         53    422 AM  33    1997  51      2       45
  AVERAGE         67                        61      6       60

PRECIPITATION (IN)
  YESTERDAY        0.00          3.16 1906   0.11  -0.11     0.00
  MONTH TO DATE    1.25                      2.28  -1.03     1.74
  SINCE MAR 1      6.35                      6.83  -0.48     4.83
  SINCE JAN 1      7.75                      8.50  -0.75     5.52

SNOWFALL (IN)
  YESTERDAY        0.0           T    1931   0.0    0.0      0.0
                                      1963
  MONTH TO DATE    0.0                       0.0    0.0      0.0
  SINCE MAR 1      5.9                      12.7   -6.8      7.1
  SINCE JUL 1     36.7                      54.4  -17.7     32.4
  SNOW DEPTH       0

DEGREE DAYS
 HEATING
  YESTERDAY        0                         6     -6        5
  MONTH TO DATE  174                       172      2      161
  SINCE MAR 1   1411                      1700   -289     1518
  SINCE JUL 1   6276                      7490  -1214     7483

 COOLING
  YESTERDAY        2                         1      1        0
  MONTH TO DATE   13                        19     -6       14
  SINCE MAR 1     21                        24     -3       14
  SINCE JAN 1     21                        24     -3       14
..................................................................


WIND (MPH)
  HIGHEST WIND SPEED    12   HIGHEST WIND DIRECTION     E (80)
  HIGHEST GUST SPEED    18   HIGHEST GUST DIRECTION     E (100)
  AVERAGE WIND SPEED     2.4


SKY COVER
  POSSIBLE SUNSHINE  MM
  AVERAGE SKY COVER 0.2


WEATHER CONDITIONS
 THE FOLLOWING WEATHER WAS RECORDED YESTERDAY.
  NO SIGNIFICANT WEATHER WAS OBSERVED.


RELATIVE HUMIDITY (PERCENT)
 HIGHEST    67          1200 AM
 LOWEST     21           300 PM
 AVERAGE    44

..........................................................


THE TWIN CITIES MN CLIMATE NORMALS FOR TODAY
                         NORMAL    RECORD    YEAR
 MAXIMUM TEMPERATURE (F)   71        99      1925
 MINIMUM TEMPERATURE (F)   51        32      1917


SUNRISE AND SUNSET
MAY 22 2016...........SUNRISE   537 AM CDT   SUNSET   843 PM CDT
MAY 23 2016...........SUNRISE   536 AM CDT   SUNSET   844 PM CDT


-  INDICATES NEGATIVE NUMBERS.
R  INDICATES RECORD WAS SET OR TIED.
MM INDICATES DATA IS MISSING.
T  INDICATES TRACE AMOUNT.




$$
