000
CDUS43 KMPX 240629
CLIMSP


CLIMATE REPORT
NATIONAL WEATHER SERVICE CHANHASSEN MN
1229 AM CST TUE JAN 24 2017


...................................

...THE TWIN CITIES MN CLIMATE SUMMARY FOR JANUARY 23 2017...

CLIMATE NORMAL PERIOD 1981 TO 2010
CLIMATE RECORD PERIOD 1871 TO 2017


WEATHER ITEM   OBSERVED TIME   RECORD YEAR NORMAL DEPARTURE LAST
                VALUE   (LST)  VALUE       VALUE  FROM      YEAR
                                                  NORMAL
..................................................................
TEMPERATURE (F)
 YESTERDAY
  MAXIMUM         35    357 PM  53    1942  24     11       23
  MINIMUM         33   1159 PM -34    1886   7     26       18
  AVERAGE         34                        16     18       21

PRECIPITATION (IN)
  YESTERDAY        T             0.85 1871   0.03  -0.03     0.00
  MONTH TO DATE    0.77                      0.69   0.08     0.22
  SINCE DEC 1      2.91                      1.85   1.06     2.54
  SINCE JAN 1      0.77                      0.69   0.08     0.22

SNOWFALL (IN)
  YESTERDAY        T             5.7  1949   0.4   -0.4      0.0
  MONTH TO DATE    5.6                       9.2   -3.6      3.2
  SINCE DEC 1     21.4                      21.1    0.3     12.7
  SINCE JUL 1     23.7                      31.0   -7.3     17.8
  SNOW DEPTH       T

DEGREE DAYS
 HEATING
  YESTERDAY       31                        49    -18       44
  MONTH TO DATE 1068                      1142    -74     1176
  SINCE DEC 1   2426                      2546   -120     2247
  SINCE JUL 1   3470                      4165   -695     3422

 COOLING
  YESTERDAY        0                         0      0        0
  MONTH TO DATE    0                         0      0        0
  SINCE DEC 1      0                         0      0        0
  SINCE JAN 1      0                         0      0        0
..................................................................


WIND (MPH)
  HIGHEST WIND SPEED     9   HIGHEST WIND DIRECTION    NW (330)
  HIGHEST GUST SPEED    14   HIGHEST GUST DIRECTION     W (270)
  AVERAGE WIND SPEED     4.3


SKY COVER
  POSSIBLE SUNSHINE  MM
  AVERAGE SKY COVER 1.0


WEATHER CONDITIONS
 THE FOLLOWING WEATHER WAS RECORDED YESTERDAY.
  LIGHT RAIN
  LIGHT SNOW
  FOG
  HAZE


RELATIVE HUMIDITY (PERCENT)
 HIGHEST    96           100 AM
 LOWEST     70           400 PM
 AVERAGE    83

..........................................................


THE TWIN CITIES MN CLIMATE NORMALS FOR TODAY
                         NORMAL    RECORD    YEAR
 MAXIMUM TEMPERATURE (F)   24        57      1981
 MINIMUM TEMPERATURE (F)    7       -33      1904


SUNRISE AND SUNSET
JANUARY 24 2017.......SUNRISE   740 AM CST   SUNSET   510 PM CST
JANUARY 25 2017.......SUNRISE   739 AM CST   SUNSET   512 PM CST


-  INDICATES NEGATIVE NUMBERS.
R  INDICATES RECORD WAS SET OR TIED.
MM INDICATES DATA IS MISSING.
T  INDICATES TRACE AMOUNT.




$$
