444
CDUS43 KMPX 210653
CLIMSP


CLIMATE REPORT
NATIONAL WEATHER SERVICE CHANHASSEN MN
152 AM CDT MON AUG 21 2017


...................................

...THE TWIN CITIES MN CLIMATE SUMMARY FOR AUGUST 20 2017...

CLIMATE NORMAL PERIOD 1981 TO 2010
CLIMATE RECORD PERIOD 1871 TO 2017


WEATHER ITEM   OBSERVED TIME   RECORD YEAR NORMAL DEPARTURE LAST
                VALUE   (LST)  VALUE       VALUE  FROM      YEAR
                                                  NORMAL
..................................................................
TEMPERATURE (F)
 YESTERDAY
  MAXIMUM         86    319 PM  97    1972  80      6       68
  MINIMUM         66    615 AM  40    1950  62      4       58
  AVERAGE         76                        71      5       63

PRECIPITATION (IN)
  YESTERDAY        0.00          2.23 1891   0.14  -0.14     0.38
  MONTH TO DATE    4.53                      2.91   1.62     5.12
  SINCE JUN 1     11.88                     11.20   0.68    14.70
  SINCE JAN 1     23.43                     20.78   2.65    23.62

SNOWFALL (IN)
  YESTERDAY        0.0           0.0    MM   0.0    0.0      0.0
  MONTH TO DATE    0.0                       0.0    0.0      0.0
  SINCE JUN 1      T                         0.0    0.0      0.0
  SINCE JUL 1      0.0                       0.0    0.0      0.0
  SNOW DEPTH       0

DEGREE DAYS
 HEATING
  YESTERDAY        0                         0      0        2
  MONTH TO DATE    4                         0      4        2
  SINCE JUN 1     16                        49    -33       10
  SINCE JUL 1      4                         5     -1        3

 COOLING
  YESTERDAY       11                         6      5        0
  MONTH TO DATE   97                       146    -49      206
  SINCE JUN 1    635                       580     55      733
  SINCE JAN 1    656                       622     34      809
..................................................................


WIND (MPH)
  HIGHEST WIND SPEED    14   HIGHEST WIND DIRECTION    NW (330)
  HIGHEST GUST SPEED    23   HIGHEST GUST DIRECTION     N (340)
  AVERAGE WIND SPEED     6.8


SKY COVER
  POSSIBLE SUNSHINE  MM
  AVERAGE SKY COVER 0.5


WEATHER CONDITIONS
 THE FOLLOWING WEATHER WAS RECORDED YESTERDAY.
  THUNDERSTORM


RELATIVE HUMIDITY (PERCENT)
 HIGHEST    87           700 AM
 LOWEST     51           300 PM
 AVERAGE    69

..........................................................


THE TWIN CITIES MN CLIMATE NORMALS FOR TODAY
                         NORMAL    RECORD    YEAR
 MAXIMUM TEMPERATURE (F)   80        98      1947
 MINIMUM TEMPERATURE (F)   61        44      2004


SUNRISE AND SUNSET
AUGUST 21 2017........SUNRISE   622 AM CDT   SUNSET   809 PM CDT
AUGUST 22 2017........SUNRISE   623 AM CDT   SUNSET   807 PM CDT


-  INDICATES NEGATIVE NUMBERS.
R  INDICATES RECORD WAS SET OR TIED.
MM INDICATES DATA IS MISSING.
T  INDICATES TRACE AMOUNT.




$$
