000
CDUS43 KMPX 290633
CLIMSP


CLIMATE REPORT
NATIONAL WEATHER SERVICE CHANHASSEN MN
133 AM CDT MON AUG 29 2016


...................................

...THE TWIN CITIES MN CLIMATE SUMMARY FOR AUGUST 28 2016...

CLIMATE NORMAL PERIOD 1981 TO 2010
CLIMATE RECORD PERIOD 1871 TO 2016


WEATHER ITEM   OBSERVED TIME   RECORD YEAR NORMAL DEPARTURE LAST
                VALUE   (LST)  VALUE       VALUE  FROM      YEAR
                                                  NORMAL
..................................................................
TEMPERATURE (F)
 YESTERDAY
  MAXIMUM         85    302 PM  94    1955  78      7       76
                                      1899
  MINIMUM         61    534 AM  42    1934  60      1       59
  AVERAGE         73                        69      4       68

PRECIPITATION (IN)
  YESTERDAY        0.00          1.11 1950   0.12  -0.12      T
  MONTH TO DATE    6.21                      3.94   2.27     2.99
  SINCE JUN 1     15.79                     12.23   3.56    14.71
  SINCE JAN 1     24.71                     21.81   2.90    22.04

SNOWFALL (IN)
  YESTERDAY        0.0           0.0    MM   0.0    0.0      0.0
  MONTH TO DATE    0.0                       0.0    0.0      0.0
  SINCE JUN 1      0.0                       0.0    0.0      0.0
  SINCE JUL 1      0.0                       0.0    0.0      0.0
  SNOW DEPTH       0

DEGREE DAYS
 HEATING
  YESTERDAY        0                         1     -1        0
  MONTH TO DATE    2                         7     -5       13
  SINCE JUN 1     10                        56    -46       22
  SINCE JUL 1      3                        12     -9       15

 COOLING
  YESTERDAY        8                         5      3        3
  MONTH TO DATE  244                       190     54      182
  SINCE JUN 1    771                       624    147      605
  SINCE JAN 1    847                       666    181      632
..................................................................


WIND (MPH)
  HIGHEST WIND SPEED    16   HIGHEST WIND DIRECTION     S (170)
  HIGHEST GUST SPEED    20   HIGHEST GUST DIRECTION     S (170)
  AVERAGE WIND SPEED     7.8


SKY COVER
  POSSIBLE SUNSHINE  MM
  AVERAGE SKY COVER 0.5


WEATHER CONDITIONS
 THE FOLLOWING WEATHER WAS RECORDED YESTERDAY.
  FOG
  FOG W/VISIBILITY <= 1/4 MILE
  HAZE


RELATIVE HUMIDITY (PERCENT)
 HIGHEST   100           400 AM
 LOWEST     55           300 PM
 AVERAGE    78

..........................................................


THE TWIN CITIES MN CLIMATE NORMALS FOR TODAY
                         NORMAL    RECORD    YEAR
 MAXIMUM TEMPERATURE (F)   78        96      1969
 MINIMUM TEMPERATURE (F)   60        45      1946
                                             1911


SUNRISE AND SUNSET
AUGUST 29 2016........SUNRISE   632 AM CDT   SUNSET   754 PM CDT
AUGUST 30 2016........SUNRISE   633 AM CDT   SUNSET   752 PM CDT


-  INDICATES NEGATIVE NUMBERS.
R  INDICATES RECORD WAS SET OR TIED.
MM INDICATES DATA IS MISSING.
T  INDICATES TRACE AMOUNT.




$$
