000
CDUS43 KMPX 260034
CLIMSP


CLIMATE REPORT
NATIONAL WEATHER SERVICE CHANHASSEN MN
634 PM CST THU DEC 25 2014


...................................

...THE TWIN CITIES MN CLIMATE SUMMARY FOR DECEMBER 25 2014...
VALID TODAY AS OF 0600 PM LOCAL TIME.

CLIMATE NORMAL PERIOD 1981 TO 2010
CLIMATE RECORD PERIOD 1871 TO 2014


WEATHER ITEM   OBSERVED TIME   RECORD YEAR NORMAL DEPARTURE LAST
                VALUE   (LST)  VALUE       VALUE  FROM      YEAR
                                                  NORMAL
..................................................................
TEMPERATURE (F)
 TODAY
  MAXIMUM         35    524 PM  51    1922  25     10       28
  MINIMUM         30    824 AM -39    1879  10     20        9
  AVERAGE         33                        17     16       19

PRECIPITATION (IN)
  TODAY            T             1.35 1982   0.04  -0.04     0.02
  MONTH TO DATE    0.59                      0.96  -0.37     1.36
  SINCE DEC 1      0.59                      0.96  -0.37     1.36
  SINCE JAN 1     35.13                     30.41   4.72    32.67

SNOWFALL (IN)
  TODAY            T             9.6  1945   0.4   -0.4      0.2
  MONTH TO DATE    1.4                       9.8   -8.4     14.8
  SINCE DEC 1      1.4                       9.8   -8.4     14.8
  SINCE JUL 1     10.8                      19.7   -8.9     15.9
  SNOW DEPTH       0

DEGREE DAYS
 HEATING
  TODAY           32                        48    -16       46
  MONTH TO DATE  935                      1114   -179     1308
  SINCE DEC 1    935                      1114   -179     1308
  SINCE JUL 1   2728                      2733     -5     2809

 COOLING
  TODAY            0                         0      0        0
  MONTH TO DATE    0                         0      0        0
  SINCE DEC 1      0                         0      0        0
  SINCE JAN 1    759                       753      6      983
..................................................................


WIND (MPH)
  HIGHEST WIND SPEED    15   HIGHEST WIND DIRECTION    SW (210)
  HIGHEST GUST SPEED    18   HIGHEST GUST DIRECTION     S (200)
  AVERAGE WIND SPEED     7.4


SKY COVER
  POSSIBLE SUNSHINE  MM
  AVERAGE SKY COVER 1.0


WEATHER CONDITIONS
 THE FOLLOWING WEATHER WAS RECORDED TODAY.
  NO SIGNIFICANT WEATHER WAS OBSERVED.


RELATIVE HUMIDITY (PERCENT)
 HIGHEST    85          1200 AM
 LOWEST     75          1100 AM
 AVERAGE    80

..........................................................


THE TWIN CITIES MN CLIMATE NORMALS FOR TOMORROW
                         NORMAL    RECORD    YEAR
 MAXIMUM TEMPERATURE (F)   25        52      2011
 MINIMUM TEMPERATURE (F)    9       -27      1996


SUNRISE AND SUNSET
DECEMBER 25 2014......SUNRISE   749 AM CST   SUNSET   437 PM CST
DECEMBER 26 2014......SUNRISE   750 AM CST   SUNSET   437 PM CST


-  INDICATES NEGATIVE NUMBERS.
R  INDICATES RECORD WAS SET OR TIED.
MM INDICATES DATA IS MISSING.
T  INDICATES TRACE AMOUNT.




$$
