000
CDUS43 KMPX 290805
CLIMSP


CLIMATE REPORT
NATIONAL WEATHER SERVICE CHANHASSEN MN
305 AM CDT FRI JUL 29 2016


...................................

...THE TWIN CITIES MN CLIMATE SUMMARY FOR JULY 28 2016...

CLIMATE NORMAL PERIOD 1981 TO 2010
CLIMATE RECORD PERIOD 1871 TO 2016


WEATHER ITEM   OBSERVED TIME   RECORD YEAR NORMAL DEPARTURE LAST
                VALUE   (LST)  VALUE       VALUE  FROM      YEAR
                                                  NORMAL
..................................................................
TEMPERATURE (F)
 YESTERDAY
  MAXIMUM         77    323 PM 100    1955  83     -6       84
  MINIMUM         65    835 AM  50    1981  64      1       70
  AVERAGE         71                        73     -2       77

PRECIPITATION (IN)
  YESTERDAY        0.00          1.48 1942   0.13  -0.13     1.29
  MONTH TO DATE    5.09                      3.62   1.47     7.32
  SINCE JUN 1      9.58                      7.87   1.71    11.72
  SINCE JAN 1     18.50                     17.45   1.05    19.05

SNOWFALL (IN)
  YESTERDAY        0.0           0.0    MM   0.0    0.0      0.0
  MONTH TO DATE    0.0                       0.0    0.0      0.0
  SINCE JUN 1      0.0                       0.0    0.0      0.0
  SINCE JUL 1      0.0                       0.0    0.0      0.0
  SNOW DEPTH       0

DEGREE DAYS
 HEATING
  YESTERDAY        0                         0      0        0
  MONTH TO DATE    1                         0      1        2
  SINCE JUN 1      8                        44    -36        9
  SINCE JUL 1      1                         0      1        2

 COOLING
  YESTERDAY        6                         9     -3       12
  MONTH TO DATE  299                       250     49      240
  SINCE JUN 1    502                       408     94      396
  SINCE JAN 1    578                       450    128      423
..................................................................


WIND (MPH)
  HIGHEST WIND SPEED    16   HIGHEST WIND DIRECTION     N (20)
  HIGHEST GUST SPEED    26   HIGHEST GUST DIRECTION    NE (30)
  AVERAGE WIND SPEED     9.2


SKY COVER
  POSSIBLE SUNSHINE  MM
  AVERAGE SKY COVER 0.8


WEATHER CONDITIONS
 THE FOLLOWING WEATHER WAS RECORDED YESTERDAY.
  NO SIGNIFICANT WEATHER WAS OBSERVED.


RELATIVE HUMIDITY (PERCENT)
 HIGHEST    87          1200 AM
 LOWEST     54           400 PM
 AVERAGE    71

..........................................................


THE TWIN CITIES MN CLIMATE NORMALS FOR TODAY
                         NORMAL    RECORD    YEAR
 MAXIMUM TEMPERATURE (F)   83        98      1999
                                             1975
                                             1933
 MINIMUM TEMPERATURE (F)   64        47      1971


SUNRISE AND SUNSET
JULY 29 2016..........SUNRISE   556 AM CDT   SUNSET   842 PM CDT
JULY 30 2016..........SUNRISE   557 AM CDT   SUNSET   841 PM CDT


-  INDICATES NEGATIVE NUMBERS.
R  INDICATES RECORD WAS SET OR TIED.
MM INDICATES DATA IS MISSING.
T  INDICATES TRACE AMOUNT.




$$
