884
CDUS43 KMPX 180627
CLIMSP


CLIMATE REPORT
NATIONAL WEATHER SERVICE CHANHASSEN MN
1226 AM CST SUN FEB 18 2018


...................................

...THE TWIN CITIES MN CLIMATE SUMMARY FOR FEBRUARY 17 2018...

CLIMATE NORMAL PERIOD 1981 TO 2010
CLIMATE RECORD PERIOD 1871 TO 2018


WEATHER ITEM   OBSERVED TIME   RECORD YEAR NORMAL DEPARTURE LAST
                VALUE   (LST)  VALUE       VALUE  FROM      YEAR
                                                  NORMAL
..................................................................
TEMPERATURE (F)
 YESTERDAY
  MAXIMUM         38    306 PM  63    2017  30      8       63
  MINIMUM         20   1214 AM -20    1936  14      6       30
                                      1903
  AVERAGE         29                        22      7       47

PRECIPITATION (IN)
  YESTERDAY        0.01          0.32 2014   0.02  -0.01     0.00
  MONTH TO DATE    0.19                      0.40  -0.21     0.03
  SINCE DEC 1      2.53                      2.46   0.07     3.15
  SINCE JAN 1      1.74                      1.30   0.44     1.01

SNOWFALL (IN)
  YESTERDAY        T             4.9  2014   0.3   -0.3      0.0
  MONTH TO DATE    3.2                       4.4   -1.2      0.3
  SINCE DEC 1     30.0                      28.5    1.5     24.5
  SINCE JUL 1     30.7                      38.4   -7.7     26.8
  SNOW DEPTH       3

DEGREE DAYS
 HEATING
  YESTERDAY       36                        44     -8       18
  MONTH TO DATE  915                       784    131      647
  SINCE DEC 1   3829                      3719    110     3365
  SINCE JUL 1   5239                      5338    -99     4409

 COOLING
  YESTERDAY        0                         0      0        0
  MONTH TO DATE    0                         0      0        0
  SINCE DEC 1      0                         0      0        0
  SINCE JAN 1      0                         0      0        0
..................................................................


WIND (MPH)
  HIGHEST WIND SPEED    24   HIGHEST WIND DIRECTION     W (280)
  HIGHEST GUST SPEED    31   HIGHEST GUST DIRECTION     W (280)
  AVERAGE WIND SPEED     9.3


SKY COVER
  POSSIBLE SUNSHINE  MM
  AVERAGE SKY COVER 0.7


WEATHER CONDITIONS
 THE FOLLOWING WEATHER WAS RECORDED YESTERDAY.
  LIGHT SNOW
  FOG


RELATIVE HUMIDITY (PERCENT)
 HIGHEST    92           900 AM
 LOWEST     44           400 PM
 AVERAGE    68

..........................................................


THE TWIN CITIES MN CLIMATE NORMALS FOR TODAY
                         NORMAL    RECORD    YEAR
 MAXIMUM TEMPERATURE (F)   30        58      2017
                                             1981
 MINIMUM TEMPERATURE (F)   14       -21      1903


SUNRISE AND SUNSET
FEBRUARY 18 2018......SUNRISE   709 AM CST   SUNSET   545 PM CST
FEBRUARY 19 2018......SUNRISE   707 AM CST   SUNSET   547 PM CST


-  INDICATES NEGATIVE NUMBERS.
R  INDICATES RECORD WAS SET OR TIED.
MM INDICATES DATA IS MISSING.
T  INDICATES TRACE AMOUNT.




$$
