000
CDUS43 KMPX 020637
CLIMSP


CLIMATE REPORT
NATIONAL WEATHER SERVICE CHANHASSEN MN
1236 AM CST MON MAR 2 2015


...................................

...THE TWIN CITIES MN CLIMATE SUMMARY FOR MARCH 1 2015...

CLIMATE NORMAL PERIOD 1981 TO 2010
CLIMATE RECORD PERIOD 1871 TO 2015


WEATHER ITEM   OBSERVED TIME   RECORD YEAR NORMAL DEPARTURE LAST
                VALUE   (LST)  VALUE       VALUE  FROM      YEAR
                                                  NORMAL
..................................................................
TEMPERATURE (F)
 YESTERDAY
  MAXIMUM         28    440 PM  59    1990  34     -6        8
  MINIMUM         14    131 AM -32    1962  18     -4       -7
  AVERAGE         21                        26     -5        1

PRECIPITATION (IN)
  YESTERDAY        T             1.62 1965   0.05  -0.05      T
  MONTH TO DATE    T                         0.05  -0.05      T
  SINCE MAR 1      T                         0.05  -0.05      T
  SINCE JAN 1      0.69                      1.72  -1.03     2.83

SNOWFALL (IN)
  YESTERDAY        T             9.0  2007   0.4   -0.4       T
  MONTH TO DATE    T                         0.4   -0.4       T
  SINCE MAR 1      T                         0.4   -0.4       T
  SINCE JUL 1     25.3                      42.1  -16.8     58.1
  SNOW DEPTH       T

DEGREE DAYS
 HEATING
  YESTERDAY       44                        39      5       64
  MONTH TO DATE   44                        39      5       64
  SINCE MAR 1     44                        39      5       64
  SINCE JUL 1   6009                      5829    180     6517

 COOLING
  YESTERDAY        0                         0      0        0
  MONTH TO DATE    0                         0      0        0
  SINCE MAR 1      0                         0      0        0
  SINCE JAN 1      0                         0      0        0
..................................................................


WIND (MPH)
  HIGHEST WIND SPEED    22   HIGHEST WIND DIRECTION    NW (300)
  HIGHEST GUST SPEED    30   HIGHEST GUST DIRECTION     W (260)
  AVERAGE WIND SPEED    13.4


SKY COVER
  POSSIBLE SUNSHINE  MM
  AVERAGE SKY COVER 0.7


WEATHER CONDITIONS
 THE FOLLOWING WEATHER WAS RECORDED YESTERDAY.
  HAZE


RELATIVE HUMIDITY (PERCENT)
 HIGHEST    80           300 AM
 LOWEST     42           100 PM
 AVERAGE    61

..........................................................


THE TWIN CITIES MN CLIMATE NORMALS FOR TODAY
                         NORMAL    RECORD    YEAR
 MAXIMUM TEMPERATURE (F)   35        54      1923
 MINIMUM TEMPERATURE (F)   19       -17      1913


SUNRISE AND SUNSET
MARCH  2 2015.........SUNRISE   649 AM CST   SUNSET   601 PM CST
MARCH  3 2015.........SUNRISE   647 AM CST   SUNSET   603 PM CST


-  INDICATES NEGATIVE NUMBERS.
R  INDICATES RECORD WAS SET OR TIED.
MM INDICATES DATA IS MISSING.
T  INDICATES TRACE AMOUNT.




$$
