000
CDUS43 KMPX 300814
CLIMSP


CLIMATE REPORT
NATIONAL WEATHER SERVICE CHANHASSEN MN
312 AM CDT WED JUL 30 2014


...................................

...THE TWIN CITIES MN CLIMATE SUMMARY FOR JULY 29 2014...

CLIMATE NORMAL PERIOD 1981 TO 2010
CLIMATE RECORD PERIOD 1871 TO 2014


WEATHER ITEM   OBSERVED TIME   RECORD YEAR NORMAL DEPARTURE LAST
                VALUE   (LST)  VALUE       VALUE  FROM      YEAR
                                                  NORMAL
..................................................................
TEMPERATURE (F)
 YESTERDAY
  MAXIMUM         81    437 PM  98    1999  83     -2       79
                                      1975
                                      1933
  MINIMUM         59    512 AM  47    1971  64     -5       56
  AVERAGE         70                        73     -3       68

PRECIPITATION (IN)
  YESTERDAY        0.00          1.11 1989   0.14  -0.14      T
  MONTH TO DATE    2.27                      3.76  -1.49     3.51
  SINCE JUN 1     13.63                      8.01   5.62     8.68
  SINCE JAN 1     28.10                     17.59  10.51    24.37

SNOWFALL (IN)
  YESTERDAY        0.0           0.0    MM   0.0    0.0      0.0
  MONTH TO DATE    0.0                       0.0    0.0      0.0
  SINCE JUN 1      0.0                       0.0    0.0       T
  SINCE JUL 1      0.0                       0.0    0.0      0.0
  SNOW DEPTH       0

DEGREE DAYS
 HEATING
  YESTERDAY        0                         0      0        0
  MONTH TO DATE    7                         0      7        8
  SINCE JUN 1     28                        44    -16       50
  SINCE JUL 1      7                         0      7        8

 COOLING
  YESTERDAY        5                         8     -3        3
  MONTH TO DATE  201                       258    -57      310
  SINCE JUN 1    363                       416    -53      474
  SINCE JAN 1    415                       458    -43      527
..................................................................


WIND (MPH)
  HIGHEST WIND SPEED    18   HIGHEST WIND DIRECTION    NW (300)
  HIGHEST GUST SPEED    25   HIGHEST GUST DIRECTION    NW (300)
  AVERAGE WIND SPEED     8.6


SKY COVER
  POSSIBLE SUNSHINE  MM
  AVERAGE SKY COVER 0.3


WEATHER CONDITIONS
 THE FOLLOWING WEATHER WAS RECORDED YESTERDAY.
  NO SIGNIFICANT WEATHER WAS OBSERVED.


RELATIVE HUMIDITY (PERCENT)
 HIGHEST    84           300 AM
 LOWEST     39           100 PM
 AVERAGE    62

..........................................................


THE TWIN CITIES MN CLIMATE NORMALS FOR TODAY
                         NORMAL    RECORD    YEAR
 MAXIMUM TEMPERATURE (F)   83       100      1933
 MINIMUM TEMPERATURE (F)   64        50      1971
                                             1889


SUNRISE AND SUNSET
JULY 30 2014..........SUNRISE   556 AM CDT   SUNSET   842 PM CDT
JULY 31 2014..........SUNRISE   557 AM CDT   SUNSET   840 PM CDT


-  INDICATES NEGATIVE NUMBERS.
R  INDICATES RECORD WAS SET OR TIED.
MM INDICATES DATA IS MISSING.
T  INDICATES TRACE AMOUNT.




$$
