000
CDUS43 KMPX 160037
CLIMSP


CLIMATE REPORT
NATIONAL WEATHER SERVICE CHANHASSEN MN
636 PM CST SAT NOV 15 2014


...................................

...THE TWIN CITIES MN CLIMATE SUMMARY FOR NOVEMBER 15 2014...
VALID TODAY AS OF 0600 PM LOCAL TIME.

CLIMATE NORMAL PERIOD 1981 TO 2010
CLIMATE RECORD PERIOD 1871 TO 2014


WEATHER ITEM   OBSERVED TIME   RECORD YEAR NORMAL DEPARTURE LAST
                VALUE   (LST)  VALUE       VALUE  FROM      YEAR
                                                  NORMAL
..................................................................
TEMPERATURE (F)
 TODAY
  MAXIMUM         21    559 PM  69    1953  41    -20       56
  MINIMUM          6    604 AM   1    1940  27    -21       32
                                      1932
                                      1911
  AVERAGE         14                        34    -20       44

PRECIPITATION (IN)
  TODAY            0.09          1.58 1996   0.07   0.02     0.00
  MONTH TO DATE    0.46                      0.91  -0.45     0.40
  SINCE SEP 1      3.13                      6.42  -3.29     4.75
  SINCE JAN 1     34.13                     28.59   5.54    31.19

SNOWFALL (IN)
  TODAY            0.6           5.1  1956   0.3    0.3      0.0
  MONTH TO DATE    4.0                       3.4    0.6      1.1
  SINCE SEP 1      4.0                       4.0    0.0      1.1
  SINCE JUL 1      4.0                       4.0    0.0      1.1
  SNOW DEPTH       3

DEGREE DAYS
 HEATING
  TODAY           51                        31     20       21
  MONTH TO DATE  495                       405     90      407
  SINCE SEP 1   1102                      1066     36      952
  SINCE JUL 1   1109                      1085     24      960

 COOLING
  TODAY            0                         0      0        0
  MONTH TO DATE    0                         0      0        0
  SINCE SEP 1     63                        72     -9      134
  SINCE JAN 1    759                       753      6      983
..................................................................


WIND (MPH)
  HIGHEST WIND SPEED     8   HIGHEST WIND DIRECTION     S (160)
  HIGHEST GUST SPEED    10   HIGHEST GUST DIRECTION     S (170)
  AVERAGE WIND SPEED     3.5


SKY COVER
  POSSIBLE SUNSHINE  MM
  AVERAGE SKY COVER 0.7


WEATHER CONDITIONS
 THE FOLLOWING WEATHER WAS RECORDED TODAY.
  LIGHT SNOW
  FOG


RELATIVE HUMIDITY (PERCENT)
 HIGHEST    92           900 AM
 LOWEST     83          1200 AM
 AVERAGE    88

..........................................................


THE TWIN CITIES MN CLIMATE NORMALS FOR TOMORROW
                         NORMAL    RECORD    YEAR
 MAXIMUM TEMPERATURE (F)   41        68      1953
                                             1931
 MINIMUM TEMPERATURE (F)   26        -2      1933


SUNRISE AND SUNSET
NOVEMBER 15 2014......SUNRISE   710 AM CST   SUNSET   444 PM CST
NOVEMBER 16 2014......SUNRISE   712 AM CST   SUNSET   443 PM CST


-  INDICATES NEGATIVE NUMBERS.
R  INDICATES RECORD WAS SET OR TIED.
MM INDICATES DATA IS MISSING.
T  INDICATES TRACE AMOUNT.




$$
