378
CDUS43 KMPX 150632
CLIMSP


CLIMATE REPORT
NATIONAL WEATHER SERVICE CHANHASSEN MN
1230 AM CST WED NOV 15 2017


...................................

...THE TWIN CITIES MN CLIMATE SUMMARY FOR NOVEMBER 14 2017...

CLIMATE NORMAL PERIOD 1981 TO 2010
CLIMATE RECORD PERIOD 1871 TO 2017


WEATHER ITEM   OBSERVED TIME   RECORD YEAR NORMAL DEPARTURE LAST
                VALUE   (LST)  VALUE       VALUE  FROM      YEAR
                                                  NORMAL
..................................................................
TEMPERATURE (F)
 YESTERDAY
  MAXIMUM         45   1159 PM  71    1990  42      3       50
  MINIMUM         39    635 AM   0    1919  27     12       40
  AVERAGE         42                        35      7       45

PRECIPITATION (IN)
  YESTERDAY        0.08          0.80 1926   0.06   0.02     0.00
  MONTH TO DATE    0.30                      0.84  -0.54     0.00
  SINCE SEP 1      5.83                      6.35  -0.52     8.88
  SINCE JAN 1     31.48                     28.52   2.96    35.20

SNOWFALL (IN)
  YESTERDAY        0.0           2.5  1951   0.4   -0.4      0.0
  MONTH TO DATE    0.6                       3.1   -2.5      0.0
  SINCE SEP 1      0.7                       3.7   -3.0       T
  SINCE JUL 1      0.7                       3.7   -3.0       T
  SNOW DEPTH       0

DEGREE DAYS
 HEATING
  YESTERDAY       23                        30     -7       20
  MONTH TO DATE  461                       374     87      186
  SINCE SEP 1    943                      1035    -92      605
  SINCE JUL 1    950                      1054   -104      608

 COOLING
  YESTERDAY        0                         0      0        0
  MONTH TO DATE    0                         0      0        0
  SINCE SEP 1    142                        72     70       93
  SINCE JAN 1    830                       753     77      964
..................................................................


WIND (MPH)
  HIGHEST WIND SPEED    13   HIGHEST WIND DIRECTION    SE (150)
  HIGHEST GUST SPEED    18   HIGHEST GUST DIRECTION     S (180)
  AVERAGE WIND SPEED     7.9


SKY COVER
  POSSIBLE SUNSHINE  MM
  AVERAGE SKY COVER 1.0


WEATHER CONDITIONS
 THE FOLLOWING WEATHER WAS RECORDED YESTERDAY.
  LIGHT RAIN
  FOG


RELATIVE HUMIDITY (PERCENT)
 HIGHEST   100           200 AM
 LOWEST     92          1200 AM
 AVERAGE    96

..........................................................


THE TWIN CITIES MN CLIMATE NORMALS FOR TODAY
                         NORMAL    RECORD    YEAR
 MAXIMUM TEMPERATURE (F)   41        69      1953
 MINIMUM TEMPERATURE (F)   27         1      1940
                                             1932
                                             1911


SUNRISE AND SUNSET
NOVEMBER 15 2017......SUNRISE   711 AM CST   SUNSET   444 PM CST
NOVEMBER 16 2017......SUNRISE   712 AM CST   SUNSET   443 PM CST


-  INDICATES NEGATIVE NUMBERS.
R  INDICATES RECORD WAS SET OR TIED.
MM INDICATES DATA IS MISSING.
T  INDICATES TRACE AMOUNT.




$$
