000
CDUS43 KMPX 080053
CLIMSP


CLIMATE REPORT
NATIONAL WEATHER SERVICE CHANHASSEN MN
753 PM CDT MON JUL 7 2014


...................................

...THE TWIN CITIES MN CLIMATE SUMMARY FOR JULY 7 2014...
VALID TODAY AS OF 0700 PM LOCAL TIME.

CLIMATE NORMAL PERIOD 1981 TO 2010
CLIMATE RECORD PERIOD 1871 TO 2014


WEATHER ITEM   OBSERVED TIME   RECORD YEAR NORMAL DEPARTURE LAST
                VALUE   (LST)  VALUE       VALUE  FROM      YEAR
                                                  NORMAL
..................................................................
TEMPERATURE (F)
 TODAY
  MAXIMUM         87   1242 PM 101    1936  84      3       91
  MINIMUM         66    433 AM  44    1891  64      2       73
  AVERAGE         77                        74      3       82

PRECIPITATION (IN)
  TODAY            0.37          3.00 1955   0.13   0.24     0.03
  MONTH TO DATE    0.66                      0.89  -0.23     0.03
  SINCE JUN 1     12.02                      5.14   6.88     5.20
  SINCE JAN 1     26.49                     14.72  11.77    20.89

SNOWFALL (IN)
  TODAY            0.0           0.0    MM   0.0    0.0      0.0
  MONTH TO DATE    0.0                       0.0    0.0      0.0
  SINCE JUN 1      0.0                       0.0    0.0       T
  SINCE JUL 1      0.0                       0.0    0.0      0.0
  SNOW DEPTH       0

DEGREE DAYS
 HEATING
  TODAY            0                         0      0        0
  MONTH TO DATE    1                         0      1        0
  SINCE JUN 1     22                        44    -22       42
  SINCE JUL 1      1                         0      1        0

 COOLING
  TODAY           12                         9      3       17
  MONTH TO DATE   44                        61    -17       89
  SINCE JUN 1    206                       219    -13      253
  SINCE JAN 1    258                       261     -3      306
..................................................................


WIND (MPH)
  HIGHEST WIND SPEED    26   HIGHEST WIND DIRECTION    NW (320)
  HIGHEST GUST SPEED    40   HIGHEST GUST DIRECTION    NW (320)
  AVERAGE WIND SPEED     8.7


SKY COVER
  POSSIBLE SUNSHINE  MM
  AVERAGE SKY COVER 0.4


WEATHER CONDITIONS
 THE FOLLOWING WEATHER WAS RECORDED TODAY.
  THUNDERSTORM
  HEAVY RAIN
  RAIN
  LIGHT RAIN
  FOG


RELATIVE HUMIDITY (PERCENT)
 HIGHEST    93           600 PM
 LOWEST     42          1200 PM
 AVERAGE    68

..........................................................


THE TWIN CITIES MN CLIMATE NORMALS FOR TOMORROW
                         NORMAL    RECORD    YEAR
 MAXIMUM TEMPERATURE (F)   84       101      1974
                                             1936
 MINIMUM TEMPERATURE (F)   64        51      1958


SUNRISE AND SUNSET
JULY  7 2014..........SUNRISE   534 AM CDT   SUNSET   901 PM CDT
JULY  8 2014..........SUNRISE   535 AM CDT   SUNSET   900 PM CDT


-  INDICATES NEGATIVE NUMBERS.
R  INDICATES RECORD WAS SET OR TIED.
MM INDICATES DATA IS MISSING.
T  INDICATES TRACE AMOUNT.




$$
