679
CDUS43 KMPX 142234
CLIMSP


CLIMATE REPORT
NATIONAL WEATHER SERVICE CHANHASSEN MN
433 PM CST SUN JAN 14 2018


...................................

...THE TWIN CITIES MN CLIMATE SUMMARY FOR JANUARY 14 2018...
VALID TODAY AS OF 0400 PM LOCAL TIME.

CLIMATE NORMAL PERIOD 1981 TO 2010
CLIMATE RECORD PERIOD 1871 TO 2018


WEATHER ITEM   OBSERVED TIME   RECORD YEAR NORMAL DEPARTURE LAST
                VALUE   (LST)  VALUE       VALUE  FROM      YEAR
                                                  NORMAL
..................................................................
TEMPERATURE (F)
 TODAY
  MAXIMUM         14    359 PM  49    1944  23     -9       24
  MINIMUM        -10    431 AM -26    1972   7    -17        4
                                      1963
  AVERAGE          2                        15    -13       14

PRECIPITATION (IN)
  TODAY            0.06          0.34 2001   0.02   0.04     0.00
  MONTH TO DATE    0.27                      0.43  -0.16     0.44
  SINCE DEC 1      1.06                      1.59  -0.53     2.58
  SINCE JAN 1      0.27                      0.43  -0.16     0.44

SNOWFALL (IN)
  TODAY           MM             4.4  1999   0.4   MM        0.0
  MONTH TO DATE    2.5                       5.6   -3.1      5.0
  SINCE DEC 1      8.9                      17.5   -8.6     20.8
  SINCE JUL 1      9.6                      27.4  -17.8     23.1
  SNOW DEPTH       2

DEGREE DAYS
 HEATING
  TODAY           63                        50     13       51
  MONTH TO DATE  774                       693     81      766
  SINCE DEC 1   2197                      2097    100     2124
  SINCE JUL 1   3607                      3716   -109     3168

 COOLING
  TODAY            0                         0      0        0
  MONTH TO DATE    0                         0      0        0
  SINCE DEC 1      0                         0      0        0
  SINCE JAN 1      0                         0      0        0
..................................................................


WIND (MPH)
  HIGHEST WIND SPEED    16   HIGHEST WIND DIRECTION     S (180)
  HIGHEST GUST SPEED    20   HIGHEST GUST DIRECTION     S (180)
  AVERAGE WIND SPEED     7.8


SKY COVER
  POSSIBLE SUNSHINE  MM
  AVERAGE SKY COVER 0.7


WEATHER CONDITIONS
 THE FOLLOWING WEATHER WAS RECORDED TODAY.
  SNOW
  LIGHT SNOW
  FOG


RELATIVE HUMIDITY (PERCENT)
 HIGHEST    92           300 PM
 LOWEST     75           100 AM
 AVERAGE    84

..........................................................


THE TWIN CITIES MN CLIMATE NORMALS FOR TOMORROW
                         NORMAL    RECORD    YEAR
 MAXIMUM TEMPERATURE (F)   23        43      1990
 MINIMUM TEMPERATURE (F)    7       -37      1888


SUNRISE AND SUNSET
JANUARY 14 2018.......SUNRISE   748 AM CST   SUNSET   457 PM CST
JANUARY 15 2018.......SUNRISE   747 AM CST   SUNSET   458 PM CST


-  INDICATES NEGATIVE NUMBERS.
R  INDICATES RECORD WAS SET OR TIED.
MM INDICATES DATA IS MISSING.
T  INDICATES TRACE AMOUNT.




$$
