000
CDUS43 KMPX 202121
CLIMSP


CLIMATE REPORT
NATIONAL WEATHER SERVICE CHANHASSEN MN
420 PM CDT TUE JUN 20 2017


...................................

...THE TWIN CITIES MN CLIMATE SUMMARY FOR JUNE 20 2017...
VALID TODAY AS OF 0400 PM LOCAL TIME.

CLIMATE NORMAL PERIOD 1981 TO 2010
CLIMATE RECORD PERIOD 1871 TO 2017


WEATHER ITEM   OBSERVED TIME   RECORD YEAR NORMAL DEPARTURE LAST
                VALUE   (LST)  VALUE       VALUE  FROM      YEAR
                                                  NORMAL
..................................................................
TEMPERATURE (F)
 TODAY
  MAXIMUM         76    259 PM  98    1933  80     -4       80
  MINIMUM         59    709 AM  41    1992  61     -2       65
  AVERAGE         68                        70     -2       73

PRECIPITATION (IN)
  TODAY            0.25          1.92 1927   0.15   0.10     0.00
  MONTH TO DATE    2.72                      2.79  -0.07     3.92
  SINCE JUN 1      2.72                      2.79  -0.07     3.92
  SINCE JAN 1     14.27                     12.37   1.90    12.84

SNOWFALL (IN)
  TODAY            0.0           0.0    MM   0.0    0.0      0.0
  MONTH TO DATE    T                         0.0    0.0      0.0
  SINCE JUN 1      T                         0.0    0.0      0.0
  SINCE JUL 1     32.0                      54.4  -22.4     36.7
  SNOW DEPTH       0

DEGREE DAYS
 HEATING
  TODAY            0                         1     -1        0
  MONTH TO DATE    1                        39    -38        7
  SINCE JUN 1      1                        39    -38        7
  SINCE JUL 1   6299                      7575  -1276     6283

 COOLING
  TODAY            3                         6     -3        8
  MONTH TO DATE  181                        85     96      128
  SINCE JUN 1    181                        85     96      128
  SINCE JAN 1    202                       127     75      204
..................................................................


WIND (MPH)
  HIGHEST WIND SPEED    17   HIGHEST WIND DIRECTION    NW (310)
  HIGHEST GUST SPEED    24   HIGHEST GUST DIRECTION    NW (310)
  AVERAGE WIND SPEED     9.9


SKY COVER
  POSSIBLE SUNSHINE  MM
  AVERAGE SKY COVER 0.8


WEATHER CONDITIONS
 THE FOLLOWING WEATHER WAS RECORDED TODAY.
  RAIN
  LIGHT RAIN
  FOG


RELATIVE HUMIDITY (PERCENT)
 HIGHEST    78           400 AM
 LOWEST     36           200 PM
 AVERAGE    57

..........................................................


THE TWIN CITIES MN CLIMATE NORMALS FOR TOMORROW
                         NORMAL    RECORD    YEAR
 MAXIMUM TEMPERATURE (F)   81        95      1910
 MINIMUM TEMPERATURE (F)   61        39      1992


SUNRISE AND SUNSET
JUNE 20 2017..........SUNRISE   526 AM CDT   SUNSET   903 PM CDT
JUNE 21 2017..........SUNRISE   527 AM CDT   SUNSET   903 PM CDT


-  INDICATES NEGATIVE NUMBERS.
R  INDICATES RECORD WAS SET OR TIED.
MM INDICATES DATA IS MISSING.
T  INDICATES TRACE AMOUNT.




$$
