000
CDUS43 KMPX 270645
CLIMSP


CLIMATE REPORT
NATIONAL WEATHER SERVICE CHANHASSEN MN
1245 AM CST TUE JAN 27 2015


...................................

...THE TWIN CITIES MN CLIMATE SUMMARY FOR JANUARY 26 2015...

CLIMATE NORMAL PERIOD 1981 TO 2010
CLIMATE RECORD PERIOD 1871 TO 2015


WEATHER ITEM   OBSERVED TIME   RECORD YEAR NORMAL DEPARTURE LAST
                VALUE   (LST)  VALUE       VALUE  FROM      YEAR
                                                  NORMAL
..................................................................
TEMPERATURE (F)
 YESTERDAY
  MAXIMUM         45    233 PM  52    1931  24     21       18
  MINIMUM         22    102 AM -26    1897   8     14       -8
  AVERAGE         34                        16     18        5

PRECIPITATION (IN)
  YESTERDAY        T             0.37 1916   0.03  -0.03     0.09
                                      1910
  MONTH TO DATE    0.34                      0.77  -0.43     0.98
  SINCE DEC 1      1.20                      1.93  -0.73     2.44
  SINCE JAN 1      0.34                      0.77  -0.43     0.98

SNOWFALL (IN)
  YESTERDAY       MM             3.3  1910   0.4   MM        1.1
  MONTH TO DATE    5.4                      10.4   -5.0     16.3
  SINCE DEC 1     11.0                      22.3  -11.3     32.2
  SINCE JUL 1     20.4                      32.2  -11.8     33.3
  SNOW DEPTH       1

DEGREE DAYS
 HEATING
  YESTERDAY       31                        49    -18       60
  MONTH TO DATE 1224                      1290    -66     1444
  SINCE DEC 1   2477                      2694   -217     3066
  SINCE JUL 1   4270                      4313    -43     4567

 COOLING
  YESTERDAY        0                         0      0        0
  MONTH TO DATE    0                         0      0        0
  SINCE DEC 1      0                         0      0        0
  SINCE JAN 1      0                         0      0        0
..................................................................


WIND (MPH)
  HIGHEST WIND SPEED    20   HIGHEST WIND DIRECTION    NW (310)
  HIGHEST GUST SPEED    23   HIGHEST GUST DIRECTION     W (290)
  AVERAGE WIND SPEED    10.1


SKY COVER
  POSSIBLE SUNSHINE  MM
  AVERAGE SKY COVER 0.9


WEATHER CONDITIONS
 THE FOLLOWING WEATHER WAS RECORDED YESTERDAY.
  HAZE


RELATIVE HUMIDITY (PERCENT)
 HIGHEST    85           700 AM
 LOWEST     62           200 PM
 AVERAGE    74

..........................................................


THE TWIN CITIES MN CLIMATE NORMALS FOR TODAY
                         NORMAL    RECORD    YEAR
 MAXIMUM TEMPERATURE (F)   24        47      1934
 MINIMUM TEMPERATURE (F)    8       -23      1950


SUNRISE AND SUNSET
JANUARY 27 2015.......SUNRISE   738 AM CST   SUNSET   514 PM CST
JANUARY 28 2015.......SUNRISE   737 AM CST   SUNSET   515 PM CST


-  INDICATES NEGATIVE NUMBERS.
R  INDICATES RECORD WAS SET OR TIED.
MM INDICATES DATA IS MISSING.
T  INDICATES TRACE AMOUNT.




$$
