000
CDUS43 KMPX 190911
CLIMSP


CLIMATE REPORT
NATIONAL WEATHER SERVICE CHANHASSEN MN
411 AM CDT SUN OCT 19 2014


...................................

...THE TWIN CITIES MN CLIMATE SUMMARY FOR OCTOBER 18 2014...

CLIMATE NORMAL PERIOD 1981 TO 2010
CLIMATE RECORD PERIOD 1871 TO 2014


WEATHER ITEM   OBSERVED TIME   RECORD YEAR NORMAL DEPARTURE LAST
                VALUE   (LST)  VALUE       VALUE  FROM      YEAR
                                                  NORMAL
..................................................................
TEMPERATURE (F)
 YESTERDAY
  MAXIMUM         54    242 PM  87    1950  57     -3       53
  MINIMUM         39   1124 PM  18    1972  39      0       38
  AVERAGE         47                        48     -1       46

PRECIPITATION (IN)
  YESTERDAY        0.00          1.05 1979   0.09  -0.09     0.02
  MONTH TO DATE    1.61                      1.59   0.02     2.70
  SINCE SEP 1      2.53                      4.67  -2.14     4.05
  SINCE JAN 1     33.53                     26.84   6.69    30.49

SNOWFALL (IN)
  YESTERDAY        0.0           1.3  1976   0.0    0.0      0.0
  MONTH TO DATE    0.0                       0.1   -0.1      0.0
  SINCE SEP 1      0.0                       0.1   -0.1      0.0
  SINCE JUL 1      0.0                       0.1   -0.1       T
  SNOW DEPTH       0

DEGREE DAYS
 HEATING
  YESTERDAY       18                        17      1       19
  MONTH TO DATE  276                       247     29      163
  SINCE SEP 1    400                       401     -1      221
  SINCE JUL 1    407                       420    -13      229

 COOLING
  YESTERDAY        0                         0      0        0
  MONTH TO DATE    0                         3     -3        2
  SINCE SEP 1     63                        69     -6      134
  SINCE JAN 1    759                       750      9      983
..................................................................


WIND (MPH)
  HIGHEST WIND SPEED    20   HIGHEST WIND DIRECTION     N (350)
  HIGHEST GUST SPEED    26   HIGHEST GUST DIRECTION    NW (330)
  AVERAGE WIND SPEED     5.8


SKY COVER
  POSSIBLE SUNSHINE  MM
  AVERAGE SKY COVER 0.6


WEATHER CONDITIONS
 THE FOLLOWING WEATHER WAS RECORDED YESTERDAY.
  NO SIGNIFICANT WEATHER WAS OBSERVED.


RELATIVE HUMIDITY (PERCENT)
 HIGHEST    76           800 PM
 LOWEST     46           300 PM
 AVERAGE    61

..........................................................


THE TWIN CITIES MN CLIMATE NORMALS FOR TODAY
                         NORMAL    RECORD    YEAR
 MAXIMUM TEMPERATURE (F)   57        84      2000
 MINIMUM TEMPERATURE (F)   39        15      1972


SUNRISE AND SUNSET
OCTOBER 19 2014.......SUNRISE   734 AM CDT   SUNSET   621 PM CDT
OCTOBER 20 2014.......SUNRISE   735 AM CDT   SUNSET   620 PM CDT


-  INDICATES NEGATIVE NUMBERS.
R  INDICATES RECORD WAS SET OR TIED.
MM INDICATES DATA IS MISSING.
T  INDICATES TRACE AMOUNT.




$$
