000
CDUS43 KMPX 270148
CLIMSP


CLIMATE REPORT
NATIONAL WEATHER SERVICE CHANHASSEN MN
748 PM CST SAT NOV 26 2016


...................................

...THE TWIN CITIES MN CLIMATE SUMMARY FOR NOVEMBER 26 2016...
VALID TODAY AS OF 0700 PM LOCAL TIME.

CLIMATE NORMAL PERIOD 1981 TO 2010
CLIMATE RECORD PERIOD 1871 TO 2016


WEATHER ITEM   OBSERVED TIME   RECORD YEAR NORMAL DEPARTURE LAST
                VALUE   (LST)  VALUE       VALUE  FROM      YEAR
                                                  NORMAL
..................................................................
TEMPERATURE (F)
 TODAY
  MAXIMUM         46    234 PM  62    1914  35     11       40
  MINIMUM         28    243 AM -16    1977  20      8       24
  AVERAGE         37                        28      9       32

PRECIPITATION (IN)
  TODAY            0.00          1.76 1896   0.06  -0.06     0.12
  MONTH TO DATE    1.64                      1.56   0.08     4.11
  SINCE SEP 1     10.52                      7.07   3.45    11.37
  SINCE JAN 1     36.84                     29.24   7.60    33.41

SNOWFALL (IN)
  TODAY            0.0           5.0  1970   0.4   -0.4      1.3
  MONTH TO DATE    2.3                       7.6   -5.3      1.3
  SINCE SEP 1      2.3                       8.2   -5.9      1.3
  SINCE JUL 1      2.3                       8.2   -5.9      1.3
  SNOW DEPTH       0

DEGREE DAYS
 HEATING
  TODAY           28                        37     -9       33
  MONTH TO DATE  521                       785   -264      547
  SINCE SEP 1    940                      1446   -506     1004
  SINCE JUL 1    943                      1465   -522     1019

 COOLING
  TODAY            0                         0      0        0
  MONTH TO DATE    0                         0      0        0
  SINCE SEP 1     93                        72     21      160
  SINCE JAN 1    964                       753    211      809
..................................................................


WIND (MPH)
  HIGHEST WIND SPEED    12   HIGHEST WIND DIRECTION    SE (120)
  HIGHEST GUST SPEED    14   HIGHEST GUST DIRECTION    SE (150)
  AVERAGE WIND SPEED     6.2


SKY COVER
  POSSIBLE SUNSHINE  MM
  AVERAGE SKY COVER 0.2


WEATHER CONDITIONS
 THE FOLLOWING WEATHER WAS RECORDED TODAY.
  FOG
  HAZE


RELATIVE HUMIDITY (PERCENT)
 HIGHEST    92           100 AM
 LOWEST     65           100 PM
 AVERAGE    79

..........................................................


THE TWIN CITIES MN CLIMATE NORMALS FOR TOMORROW
                         NORMAL    RECORD    YEAR
 MAXIMUM TEMPERATURE (F)   34        64      1998
 MINIMUM TEMPERATURE (F)   20       -13      1872


SUNRISE AND SUNSET
NOVEMBER 26 2016......SUNRISE   725 AM CST   SUNSET   435 PM CST
NOVEMBER 27 2016......SUNRISE   726 AM CST   SUNSET   435 PM CST


-  INDICATES NEGATIVE NUMBERS.
R  INDICATES RECORD WAS SET OR TIED.
MM INDICATES DATA IS MISSING.
T  INDICATES TRACE AMOUNT.




$$
