000
CDUS43 KMPX 170635
CLIMSP


CLIMATE REPORT
NATIONAL WEATHER SERVICE CHANHASSEN MN
1234 AM CST FRI FEB 17 2017


...................................

...THE TWIN CITIES MN CLIMATE SUMMARY FOR FEBRUARY 16 2017...

CLIMATE NORMAL PERIOD 1981 TO 2010
CLIMATE RECORD PERIOD 1871 TO 2017


WEATHER ITEM   OBSERVED TIME   RECORD YEAR NORMAL DEPARTURE LAST
                VALUE   (LST)  VALUE       VALUE  FROM      YEAR
                                                  NORMAL
..................................................................
TEMPERATURE (F)
 YESTERDAY
  MAXIMUM         42    226 PM  60    1981  29     13       35
  MINIMUM         27    215 AM -26    1936  13     14       21
  AVERAGE         35                        21     14       28

PRECIPITATION (IN)
  YESTERDAY        0.00          0.40 1878   0.03  -0.03      T
  MONTH TO DATE    0.03                      0.38  -0.35     0.65
  SINCE DEC 1      3.15                      2.44   0.71     3.28
  SINCE JAN 1      1.01                      1.28  -0.27     0.96

SNOWFALL (IN)
  YESTERDAY        0.0           3.2  1938   0.2   -0.2       T
  MONTH TO DATE    0.3                       4.1   -3.8     11.7
  SINCE DEC 1     24.5                      28.2   -3.7     25.3
  SINCE JUL 1     26.8                      38.1  -11.3     30.4
  SNOW DEPTH       0

DEGREE DAYS
 HEATING
  YESTERDAY       30                        44    -14       37
  MONTH TO DATE  629                       740   -111      752
  SINCE DEC 1   3347                      3675   -328     3286
  SINCE JUL 1   4391                      5294   -903     4461

 COOLING
  YESTERDAY        0                         0      0        0
  MONTH TO DATE    0                         0      0        0
  SINCE DEC 1      0                         0      0        0
  SINCE JAN 1      0                         0      0        0
..................................................................


WIND (MPH)
  HIGHEST WIND SPEED    16   HIGHEST WIND DIRECTION     S (170)
  HIGHEST GUST SPEED    22   HIGHEST GUST DIRECTION    SE (140)
  AVERAGE WIND SPEED    10.5


SKY COVER
  POSSIBLE SUNSHINE  MM
  AVERAGE SKY COVER 0.7


WEATHER CONDITIONS
 THE FOLLOWING WEATHER WAS RECORDED YESTERDAY.
  NO SIGNIFICANT WEATHER WAS OBSERVED.


RELATIVE HUMIDITY (PERCENT)
 HIGHEST    82           900 PM
 LOWEST     54           100 PM
 AVERAGE    68

..........................................................


THE TWIN CITIES MN CLIMATE NORMALS FOR TODAY
                         NORMAL    RECORD    YEAR
 MAXIMUM TEMPERATURE (F)   30        55      1981
 MINIMUM TEMPERATURE (F)   14       -20      1936
                                             1903


SUNRISE AND SUNSET
FEBRUARY 17 2017......SUNRISE   710 AM CST   SUNSET   544 PM CST
FEBRUARY 18 2017......SUNRISE   708 AM CST   SUNSET   546 PM CST


-  INDICATES NEGATIVE NUMBERS.
R  INDICATES RECORD WAS SET OR TIED.
MM INDICATES DATA IS MISSING.
T  INDICATES TRACE AMOUNT.




$$
