368
CDUS43 KMPX 200738
CLIMSP


CLIMATE REPORT
NATIONAL WEATHER SERVICE CHANHASSEN MN
238 AM CDT MON MAR 20 2017


...................................

...THE TWIN CITIES MN CLIMATE SUMMARY FOR MARCH 19 2017...

CLIMATE NORMAL PERIOD 1981 TO 2010
CLIMATE RECORD PERIOD 1871 TO 2017


WEATHER ITEM   OBSERVED TIME   RECORD YEAR NORMAL DEPARTURE LAST
                VALUE   (LST)  VALUE       VALUE  FROM      YEAR
                                                  NORMAL
..................................................................
TEMPERATURE (F)
 YESTERDAY
  MAXIMUM         55    514 PM  79    2012  43     12       43
  MINIMUM         28    130 AM -15    1875  25      3       27
  AVERAGE         42                        34      8       35

PRECIPITATION (IN)
  YESTERDAY        0.00          1.09 1897   0.06  -0.06     0.07
  MONTH TO DATE    0.39                      1.06  -0.67     1.04
  SINCE MAR 1      0.39                      1.06  -0.67     1.04
  SINCE JAN 1      2.01                      2.73  -0.72     2.44

SNOWFALL (IN)
  YESTERDAY        0.0           8.8  1943   0.3   -0.3      1.3
  MONTH TO DATE    4.7                       7.4   -2.7      1.7
  SINCE MAR 1      4.7                       7.4   -2.7      1.7
  SINCE JUL 1     31.5                      49.1  -17.6     32.5
  SNOW DEPTH       0

DEGREE DAYS
 HEATING
  YESTERDAY       23                        31     -8       30
  MONTH TO DATE  679                       664     15      448
  SINCE MAR 1    679                       664     15      448
  SINCE JUL 1   5380                      6454  -1074     5313

 COOLING
  YESTERDAY        0                         0      0        0
  MONTH TO DATE    0                         0      0        0
  SINCE MAR 1      0                         0      0        0
  SINCE JAN 1      0                         0      0        0
..................................................................


WIND (MPH)
  HIGHEST WIND SPEED    23   HIGHEST WIND DIRECTION     S (160)
  HIGHEST GUST SPEED    31   HIGHEST GUST DIRECTION     S (180)
  AVERAGE WIND SPEED     9.8


SKY COVER
  POSSIBLE SUNSHINE  MM
  AVERAGE SKY COVER 0.5


WEATHER CONDITIONS
 THE FOLLOWING WEATHER WAS RECORDED YESTERDAY.
  NO SIGNIFICANT WEATHER WAS OBSERVED.


RELATIVE HUMIDITY (PERCENT)
 HIGHEST    78           300 AM
 LOWEST     47           500 PM
 AVERAGE    63

..........................................................


THE TWIN CITIES MN CLIMATE NORMALS FOR TODAY
                         NORMAL    RECORD    YEAR
 MAXIMUM TEMPERATURE (F)   43        66      1938
 MINIMUM TEMPERATURE (F)   26        -9      1965


SUNRISE AND SUNSET
MARCH 20 2017.........SUNRISE   715 AM CDT   SUNSET   726 PM CDT
MARCH 21 2017.........SUNRISE   714 AM CDT   SUNSET   727 PM CDT


-  INDICATES NEGATIVE NUMBERS.
R  INDICATES RECORD WAS SET OR TIED.
MM INDICATES DATA IS MISSING.
T  INDICATES TRACE AMOUNT.




$$
