120
CDUS43 KMPX 150704
CLIMSP


CLIMATE REPORT
NATIONAL WEATHER SERVICE CHANHASSEN MN
203 AM CDT FRI SEP 15 2017


...................................

...THE TWIN CITIES MN CLIMATE SUMMARY FOR SEPTEMBER 14 2017...

CLIMATE NORMAL PERIOD 1981 TO 2010
CLIMATE RECORD PERIOD 1871 TO 2017


WEATHER ITEM   OBSERVED TIME   RECORD YEAR NORMAL DEPARTURE LAST
                VALUE   (LST)  VALUE       VALUE  FROM      YEAR
                                                  NORMAL
..................................................................
TEMPERATURE (F)
 YESTERDAY
  MAXIMUM         91    322 PM  98    1939  73     18       70
  MINIMUM         66    550 AM  33    1996  53     13       47
  AVERAGE         79                        63     16       59

PRECIPITATION (IN)
  YESTERDAY        0.00          1.60 1994   0.10  -0.10     0.00
  MONTH TO DATE    0.07                      1.50  -1.43     1.66
  SINCE SEP 1      0.07                      1.50  -1.43     1.66
  SINCE JAN 1     25.72                     23.67   2.05    27.98

SNOWFALL (IN)
  YESTERDAY        0.0           0.0    MM   0.0    0.0      0.0
  MONTH TO DATE    0.0                       0.0    0.0      0.0
  SINCE SEP 1      0.0                       0.0    0.0      0.0
  SINCE JUL 1      0.0                       0.0    0.0      0.0
  SNOW DEPTH       0

DEGREE DAYS
 HEATING
  YESTERDAY        0                         4     -4        6
  MONTH TO DATE   22                        39    -17       10
  SINCE SEP 1     22                        39    -17       10
  SINCE JUL 1     29                        58    -29       13

 COOLING
  YESTERDAY       14                         2     12        0
  MONTH TO DATE   63                        46     17       61
  SINCE SEP 1     63                        46     17       61
  SINCE JAN 1    751                       727     24      932
..................................................................


WIND (MPH)
  HIGHEST WIND SPEED    18   HIGHEST WIND DIRECTION     S (180)
  HIGHEST GUST SPEED    23   HIGHEST GUST DIRECTION     S (180)
  AVERAGE WIND SPEED     7.7


SKY COVER
  POSSIBLE SUNSHINE  MM
  AVERAGE SKY COVER 0.2


WEATHER CONDITIONS
 THE FOLLOWING WEATHER WAS RECORDED YESTERDAY.
  NO SIGNIFICANT WEATHER WAS OBSERVED.


RELATIVE HUMIDITY (PERCENT)
 HIGHEST    93           300 AM
 LOWEST     36           300 PM
 AVERAGE    65

..........................................................


THE TWIN CITIES MN CLIMATE NORMALS FOR TODAY
                         NORMAL    RECORD    YEAR
 MAXIMUM TEMPERATURE (F)   72        98      1939
 MINIMUM TEMPERATURE (F)   53        36      2011
                                             2007
                                             1964


SUNRISE AND SUNSET
SEPTEMBER 15 2017.....SUNRISE   652 AM CDT   SUNSET   723 PM CDT
SEPTEMBER 16 2017.....SUNRISE   653 AM CDT   SUNSET   721 PM CDT


-  INDICATES NEGATIVE NUMBERS.
R  INDICATES RECORD WAS SET OR TIED.
MM INDICATES DATA IS MISSING.
T  INDICATES TRACE AMOUNT.




$$
