000
CDUS43 KMPX 070636
CLIMSP


CLIMATE REPORT
NATIONAL WEATHER SERVICE CHANHASSEN MN
1234 AM CST THU DEC 7 2017


...................................

...THE TWIN CITIES MN CLIMATE SUMMARY FOR DECEMBER 6 2017...

CLIMATE NORMAL PERIOD 1981 TO 2010
CLIMATE RECORD PERIOD 1871 TO 2017


WEATHER ITEM   OBSERVED TIME   RECORD YEAR NORMAL DEPARTURE LAST
                VALUE   (LST)  VALUE       VALUE  FROM      YEAR
                                                  NORMAL
..................................................................
TEMPERATURE (F)
 YESTERDAY
  MAXIMUM         20    203 PM  63    1939  30    -10       38
  MINIMUM         16   1159 PM -19    1972  16      0       18
  AVERAGE         18                        23     -5       28

PRECIPITATION (IN)
  YESTERDAY        0.01          0.53 1935   0.04  -0.03      T
  MONTH TO DATE    0.39                      0.26   0.13     0.13
  SINCE DEC 1      0.39                      0.26   0.13     0.13
  SINCE JAN 1     31.96                     29.71   2.25    38.31

SNOWFALL (IN)
  YESTERDAY        0.2           4.4  1969   0.4   -0.2       T
  MONTH TO DATE    2.4                       2.4    0.0      2.4
  SINCE DEC 1      2.4                       2.4    0.0      2.4
  SINCE JUL 1      3.1                      12.3   -9.2      4.7
  SNOW DEPTH       2

DEGREE DAYS
 HEATING
  YESTERDAY       47                        42      5       37
  MONTH TO DATE  189                       246    -57      194
  SINCE DEC 1    189                       246    -57      194
  SINCE JUL 1   1599                      1865   -266     1238

 COOLING
  YESTERDAY        0                         0      0        0
  MONTH TO DATE    0                         0      0        0
  SINCE DEC 1      0                         0      0        0
  SINCE JAN 1    830                       753     77      964
..................................................................


WIND (MPH)
  HIGHEST WIND SPEED    23   HIGHEST WIND DIRECTION    NW (300)
  HIGHEST GUST SPEED    30   HIGHEST GUST DIRECTION    NW (300)
  AVERAGE WIND SPEED    15.3


SKY COVER
  POSSIBLE SUNSHINE  MM
  AVERAGE SKY COVER 0.6


WEATHER CONDITIONS
 THE FOLLOWING WEATHER WAS RECORDED YESTERDAY.
  LIGHT SNOW
  FOG
  HAZE


RELATIVE HUMIDITY (PERCENT)
 HIGHEST    88           500 PM
 LOWEST     67           200 AM
 AVERAGE    78

..........................................................


THE TWIN CITIES MN CLIMATE NORMALS FOR TODAY
                         NORMAL    RECORD    YEAR
 MAXIMUM TEMPERATURE (F)   30        54      1939
 MINIMUM TEMPERATURE (F)   15       -20      1972


SUNRISE AND SUNSET
DECEMBER  7 2017......SUNRISE   737 AM CST   SUNSET   432 PM CST
DECEMBER  8 2017......SUNRISE   738 AM CST   SUNSET   432 PM CST


-  INDICATES NEGATIVE NUMBERS.
R  INDICATES RECORD WAS SET OR TIED.
MM INDICATES DATA IS MISSING.
T  INDICATES TRACE AMOUNT.




$$
