000
CDUS43 KMPX 110655
CLIMSP


CLIMATE REPORT
NATIONAL WEATHER SERVICE CHANHASSEN MN
154 AM CDT THU SEP 11 2014


...................................

...THE TWIN CITIES MN CLIMATE SUMMARY FOR SEPTEMBER 10 2014...

CLIMATE NORMAL PERIOD 1981 TO 2010
CLIMATE RECORD PERIOD 1871 TO 2014


WEATHER ITEM   OBSERVED TIME   RECORD YEAR NORMAL DEPARTURE LAST
                VALUE   (LST)  VALUE       VALUE  FROM      YEAR
                                                  NORMAL
..................................................................
TEMPERATURE (F)
 YESTERDAY
  MAXIMUM         68   1222 AM 104    1931  74     -6       81
  MINIMUM         47   1159 PM  37    1917  55     -8       70
  AVERAGE         58                        65     -7       76

PRECIPITATION (IN)
  YESTERDAY        0.03          2.08 1913   0.11  -0.08     0.02
  MONTH TO DATE    0.51                      1.09  -0.58     0.02
  SINCE SEP 1      0.51                      1.09  -0.58     0.02
  SINCE JAN 1     31.51                     23.26   8.25    26.46

SNOWFALL (IN)
  YESTERDAY        0.0           0.0    MM   0.0    0.0      0.0
  MONTH TO DATE    0.0                       0.0    0.0      0.0
  SINCE SEP 1      0.0                       0.0    0.0      0.0
  SINCE JUL 1      0.0                       0.0    0.0       T
  SNOW DEPTH       0

DEGREE DAYS
 HEATING
  YESTERDAY        7                         3      4        0
  MONTH TO DATE   11                        23    -12        3
  SINCE SEP 1     11                        23    -12        3
  SINCE JUL 1     18                        42    -24       11

 COOLING
  YESTERDAY        0                         3     -3       11
  MONTH TO DATE   34                        36     -2       91
  SINCE SEP 1     34                        36     -2       91
  SINCE JAN 1    730                       717     13      940
..................................................................


WIND (MPH)
  HIGHEST WIND SPEED    29   HIGHEST WIND DIRECTION     N (10)
  HIGHEST GUST SPEED    35   HIGHEST GUST DIRECTION     N (360)
  AVERAGE WIND SPEED    16.0


SKY COVER
  POSSIBLE SUNSHINE  MM
  AVERAGE SKY COVER 0.9


WEATHER CONDITIONS
 THE FOLLOWING WEATHER WAS RECORDED YESTERDAY.
  LIGHT RAIN
  FOG


RELATIVE HUMIDITY (PERCENT)
 HIGHEST    93           300 AM
 LOWEST     71          1200 PM
 AVERAGE    82

..........................................................


THE TWIN CITIES MN CLIMATE NORMALS FOR TODAY
                         NORMAL    RECORD    YEAR
 MAXIMUM TEMPERATURE (F)   74        96      1931
                                             1895
 MINIMUM TEMPERATURE (F)   55        35      1962


SUNRISE AND SUNSET
SEPTEMBER 11 2014.....SUNRISE   647 AM CDT   SUNSET   731 PM CDT
SEPTEMBER 12 2014.....SUNRISE   648 AM CDT   SUNSET   729 PM CDT


-  INDICATES NEGATIVE NUMBERS.
R  INDICATES RECORD WAS SET OR TIED.
MM INDICATES DATA IS MISSING.
T  INDICATES TRACE AMOUNT.




$$
