000
CDUS43 KMPX 220631
CLIMSP


CLIMATE REPORT
NATIONAL WEATHER SERVICE CHANHASSEN MN
130 AM CDT THU SEP 22 2016


...................................

...THE TWIN CITIES MN CLIMATE SUMMARY FOR SEPTEMBER 21 2016...

CLIMATE NORMAL PERIOD 1981 TO 2010
CLIMATE RECORD PERIOD 1871 TO 2016


WEATHER ITEM   OBSERVED TIME   RECORD YEAR NORMAL DEPARTURE LAST
                VALUE   (LST)  VALUE       VALUE  FROM      YEAR
                                                  NORMAL
..................................................................
TEMPERATURE (F)
 YESTERDAY
  MAXIMUM         73    725 PM  94    1937  70      3       81
  MINIMUM         65    840 PM  32    1974  50     15       55
  AVERAGE         69                        60      9       68

PRECIPITATION (IN)
  YESTERDAY        1.88          2.07 1986   0.10   1.78     0.00
  MONTH TO DATE    4.49                      2.18   2.31     4.34
  SINCE SEP 1      4.49                      2.18   2.31     4.34
  SINCE JAN 1     30.81                     24.35   6.46    26.38

SNOWFALL (IN)
  YESTERDAY        0.0           T    2010   0.0    0.0      0.0
                                      1995
  MONTH TO DATE    0.0                       0.0    0.0      0.0
  SINCE SEP 1      0.0                       0.0    0.0      0.0
  SINCE JUL 1      0.0                       0.0    0.0      0.0
  SNOW DEPTH       0

DEGREE DAYS
 HEATING
  YESTERDAY        0                         7     -7        0
  MONTH TO DATE   10                        79    -69       38
  SINCE SEP 1     10                        79    -69       38
  SINCE JUL 1     13                        98    -85       53

 COOLING
  YESTERDAY        4                         1      3        3
  MONTH TO DATE   85                        58     27      126
  SINCE SEP 1     85                        58     27      126
  SINCE JAN 1    956                       739    217      775
..................................................................


WIND (MPH)
  HIGHEST WIND SPEED    36   HIGHEST WIND DIRECTION     N (20)
  HIGHEST GUST SPEED    46   HIGHEST GUST DIRECTION    NE (30)
  AVERAGE WIND SPEED    12.6


SKY COVER
  POSSIBLE SUNSHINE  MM
  AVERAGE SKY COVER 0.9


WEATHER CONDITIONS
 THE FOLLOWING WEATHER WAS RECORDED YESTERDAY.
  THUNDERSTORM
  HEAVY RAIN
  RAIN
  LIGHT RAIN
  HAIL
  FOG
  HAZE


RELATIVE HUMIDITY (PERCENT)
 HIGHEST    87           500 AM
 LOWEST     78           100 PM
 AVERAGE    83

..........................................................


THE TWIN CITIES MN CLIMATE NORMALS FOR TODAY
                         NORMAL    RECORD    YEAR
 MAXIMUM TEMPERATURE (F)   69        95      1936
 MINIMUM TEMPERATURE (F)   49        26      1974


SUNRISE AND SUNSET
SEPTEMBER 22 2016.....SUNRISE   701 AM CDT   SUNSET   709 PM CDT
SEPTEMBER 23 2016.....SUNRISE   702 AM CDT   SUNSET   707 PM CDT


-  INDICATES NEGATIVE NUMBERS.
R  INDICATES RECORD WAS SET OR TIED.
MM INDICATES DATA IS MISSING.
T  INDICATES TRACE AMOUNT.




$$
