000
CDUS43 KMPX 210952
CLIMSP


CLIMATE REPORT
NATIONAL WEATHER SERVICE CHANHASSEN MN
452 AM CDT SUN AUG 21 2016


...................................

...THE TWIN CITIES MN CLIMATE SUMMARY FOR AUGUST 20 2016...

CLIMATE NORMAL PERIOD 1981 TO 2010
CLIMATE RECORD PERIOD 1871 TO 2016


WEATHER ITEM   OBSERVED TIME   RECORD YEAR NORMAL DEPARTURE LAST
                VALUE   (LST)  VALUE       VALUE  FROM      YEAR
                                                  NORMAL
..................................................................
TEMPERATURE (F)
 YESTERDAY
  MAXIMUM         68    355 PM  97    1972  80    -12       74
  MINIMUM         58   1139 PM  40    1950  62     -4       53
  AVERAGE         63                        71     -8       64

PRECIPITATION (IN)
  YESTERDAY        0.38          2.23 1891   0.14   0.24     0.00
  MONTH TO DATE    5.12                      2.91   2.21     2.40
  SINCE JUN 1     14.70                     11.20   3.50    14.12
  SINCE JAN 1     23.62                     20.78   2.84    21.45

SNOWFALL (IN)
  YESTERDAY        0.0           0.0    MM   0.0    0.0      0.0
  MONTH TO DATE    0.0                       0.0    0.0      0.0
  SINCE JUN 1      0.0                       0.0    0.0      0.0
  SINCE JUL 1      0.0                       0.0    0.0      0.0
  SNOW DEPTH       0

DEGREE DAYS
 HEATING
  YESTERDAY        2                         0      2        1
  MONTH TO DATE    2                         0      2        5
  SINCE JUN 1     10                        49    -39       14
  SINCE JUL 1      3                         5     -2        7

 COOLING
  YESTERDAY        0                         6     -6        0
  MONTH TO DATE  206                       146     60      163
  SINCE JUN 1    733                       580    153      586
  SINCE JAN 1    809                       622    187      613
..................................................................


WIND (MPH)
  HIGHEST WIND SPEED    24   HIGHEST WIND DIRECTION    NW (310)
  HIGHEST GUST SPEED    32   HIGHEST GUST DIRECTION    NW (310)
  AVERAGE WIND SPEED     8.2


SKY COVER
  POSSIBLE SUNSHINE  MM
  AVERAGE SKY COVER 0.9


WEATHER CONDITIONS
 THE FOLLOWING WEATHER WAS RECORDED YESTERDAY.
  THUNDERSTORM
  HEAVY RAIN
  RAIN
  LIGHT RAIN
  FOG
  HAZE


RELATIVE HUMIDITY (PERCENT)
 HIGHEST    93           500 AM
 LOWEST     78           700 AM
 AVERAGE    86

..........................................................


THE TWIN CITIES MN CLIMATE NORMALS FOR TODAY
                         NORMAL    RECORD    YEAR
 MAXIMUM TEMPERATURE (F)   80        98      1947
 MINIMUM TEMPERATURE (F)   61        44      2004


SUNRISE AND SUNSET
AUGUST 21 2016........SUNRISE   623 AM CDT   SUNSET   808 PM CDT
AUGUST 22 2016........SUNRISE   624 AM CDT   SUNSET   807 PM CDT


-  INDICATES NEGATIVE NUMBERS.
R  INDICATES RECORD WAS SET OR TIED.
MM INDICATES DATA IS MISSING.
T  INDICATES TRACE AMOUNT.




$$
