991
CDUS43 KMPX 120639
CLIMSP


CLIMATE REPORT
NATIONAL WEATHER SERVICE CHANHASSEN MN
1239 AM CST FRI JAN 12 2018


...................................

...THE TWIN CITIES MN CLIMATE SUMMARY FOR JANUARY 11 2018...

CLIMATE NORMAL PERIOD 1981 TO 2010
CLIMATE RECORD PERIOD 1871 TO 2018


WEATHER ITEM   OBSERVED TIME   RECORD YEAR NORMAL DEPARTURE LAST
                VALUE   (LST)  VALUE       VALUE  FROM      YEAR
                                                  NORMAL
..................................................................
TEMPERATURE (F)
 YESTERDAY
  MAXIMUM         37   1221 AM  44    1986  23     14       10
  MINIMUM          0   1159 PM -31    1977   7     -7        4
  AVERAGE         19                        15      4        7

PRECIPITATION (IN)
  YESTERDAY        0.21          0.47 1930   0.03   0.18     0.12
  MONTH TO DATE    0.21                      0.35  -0.14     0.44
  SINCE DEC 1      1.00                      1.51  -0.51     2.58
  SINCE JAN 1      0.21                      0.35  -0.14     0.44

SNOWFALL (IN)
  YESTERDAY        2.4           6.0  1905   0.4    2.0      2.1
  MONTH TO DATE    2.5                       4.4   -1.9      5.0
  SINCE DEC 1      8.9                      16.3   -7.4     20.8
  SINCE JUL 1      9.6                      26.2  -16.6     23.1
  SNOW DEPTH       T

DEGREE DAYS
 HEATING
  YESTERDAY       46                        50     -4       58
  MONTH TO DATE  574                       543     31      590
  SINCE DEC 1   1997                      1947     50     1948
  SINCE JUL 1   3407                      3566   -159     2992

 COOLING
  YESTERDAY        0                         0      0        0
  MONTH TO DATE    0                         0      0        0
  SINCE DEC 1      0                         0      0        0
  SINCE JAN 1      0                         0      0        0
..................................................................


WIND (MPH)
  HIGHEST WIND SPEED    29   HIGHEST WIND DIRECTION    NW (320)
  HIGHEST GUST SPEED    36   HIGHEST GUST DIRECTION    NW (320)
  AVERAGE WIND SPEED    17.0


SKY COVER
  POSSIBLE SUNSHINE  MM
  AVERAGE SKY COVER 0.8


WEATHER CONDITIONS
 THE FOLLOWING WEATHER WAS RECORDED YESTERDAY.
  LIGHT RAIN
  SNOW
  LIGHT SNOW
  SLEET
  FOG
  FOG W/VISIBILITY <= 1/4 MILE


RELATIVE HUMIDITY (PERCENT)
 HIGHEST   100          1200 AM
 LOWEST     69           700 PM
 AVERAGE    85

..........................................................


THE TWIN CITIES MN CLIMATE NORMALS FOR TODAY
                         NORMAL    RECORD    YEAR
 MAXIMUM TEMPERATURE (F)   23        48      1987
 MINIMUM TEMPERATURE (F)    7       -31      1912


SUNRISE AND SUNSET
JANUARY 12 2018.......SUNRISE   749 AM CST   SUNSET   454 PM CST
JANUARY 13 2018.......SUNRISE   748 AM CST   SUNSET   455 PM CST


-  INDICATES NEGATIVE NUMBERS.
R  INDICATES RECORD WAS SET OR TIED.
MM INDICATES DATA IS MISSING.
T  INDICATES TRACE AMOUNT.




$$
