000
CDUS43 KMPX 270030
CLIMSP


CLIMATE REPORT
NATIONAL WEATHER SERVICE CHANHASSEN MN
729 PM CDT SAT JUL 26 2014


...................................

...THE TWIN CITIES MN CLIMATE SUMMARY FOR JULY 26 2014...
VALID TODAY AS OF 0700 PM LOCAL TIME.

CLIMATE NORMAL PERIOD 1981 TO 2010
CLIMATE RECORD PERIOD 1871 TO 2014


WEATHER ITEM   OBSERVED TIME   RECORD YEAR NORMAL DEPARTURE LAST
                VALUE   (LST)  VALUE       VALUE  FROM      YEAR
                                                  NORMAL
..................................................................
TEMPERATURE (F)
 TODAY
  MAXIMUM         86    445 PM 100    1955  83      3       72
                                      1894
  MINIMUM         71    608 AM  45    1962  64      7       56
  AVERAGE         79                        74      5       64

PRECIPITATION (IN)
  TODAY            0.00          2.44 1990   0.14  -0.14     0.01
  MONTH TO DATE    2.24                      3.36  -1.12     3.49
  SINCE JUN 1     13.60                      7.61   5.99     8.66
  SINCE JAN 1     28.07                     17.19  10.88    24.35

SNOWFALL (IN)
  TODAY            0.0           0.0    MM   0.0    0.0      0.0
  MONTH TO DATE    0.0                       0.0    0.0      0.0
  SINCE JUN 1      0.0                       0.0    0.0       T
  SINCE JUL 1      0.0                       0.0    0.0      0.0
  SNOW DEPTH       0

DEGREE DAYS
 HEATING
  TODAY            0                         0      0        1
  MONTH TO DATE    7                         0      7        1
  SINCE JUN 1     28                        44    -16       43
  SINCE JUL 1      7                         0      7        1

 COOLING
  TODAY           14                         9      5        0
  MONTH TO DATE  184                       232    -48      307
  SINCE JUN 1    346                       390    -44      471
  SINCE JAN 1    398                       432    -34      524
..................................................................


WIND (MPH)
  HIGHEST WIND SPEED    21   HIGHEST WIND DIRECTION     W (260)
  HIGHEST GUST SPEED    27   HIGHEST GUST DIRECTION     W (270)
  AVERAGE WIND SPEED     6.2


SKY COVER
  POSSIBLE SUNSHINE  MM
  AVERAGE SKY COVER 0.6


WEATHER CONDITIONS
 THE FOLLOWING WEATHER WAS RECORDED TODAY.
  FOG


RELATIVE HUMIDITY (PERCENT)
 HIGHEST    93           500 AM
 LOWEST     45           400 PM
 AVERAGE    69

..........................................................


THE TWIN CITIES MN CLIMATE NORMALS FOR TOMORROW
                         NORMAL    RECORD    YEAR
 MAXIMUM TEMPERATURE (F)   83       104      1931
 MINIMUM TEMPERATURE (F)   64        49      1971
                                             1962


SUNRISE AND SUNSET
JULY 26 2014..........SUNRISE   552 AM CDT   SUNSET   846 PM CDT
JULY 27 2014..........SUNRISE   553 AM CDT   SUNSET   845 PM CDT


-  INDICATES NEGATIVE NUMBERS.
R  INDICATES RECORD WAS SET OR TIED.
MM INDICATES DATA IS MISSING.
T  INDICATES TRACE AMOUNT.




$$
