000
CDUS43 KMPX 180642
CLIMSP


CLIMATE REPORT
NATIONAL WEATHER SERVICE CHANHASSEN MN
141 AM CDT FRI JUL 18 2014


...................................

...THE TWIN CITIES MN CLIMATE SUMMARY FOR JULY 17 2014...

CLIMATE NORMAL PERIOD 1981 TO 2010
CLIMATE RECORD PERIOD 1871 TO 2014


WEATHER ITEM   OBSERVED TIME   RECORD YEAR NORMAL DEPARTURE LAST
                VALUE   (LST)  VALUE       VALUE  FROM      YEAR
                                                  NORMAL
..................................................................
TEMPERATURE (F)
 YESTERDAY
  MAXIMUM         79    508 PM  99    1936  84     -5       94
  MINIMUM         59    248 AM  52    1976  64     -5       78
                                      1937
  AVERAGE         69                        74     -5       86

PRECIPITATION (IN)
  YESTERDAY        0.00          3.71 1997   0.12  -0.12     0.00
  MONTH TO DATE    1.82                      2.18  -0.36     3.16
  SINCE JUN 1     13.18                      6.43   6.75     8.33
  SINCE JAN 1     27.65                     16.01  11.64    24.02

SNOWFALL (IN)
  YESTERDAY        0.0           0.0    MM   0.0    0.0      0.0
  MONTH TO DATE    0.0                       0.0    0.0      0.0
  SINCE JUN 1      0.0                       0.0    0.0       T
  SINCE JUL 1      0.0                       0.0    0.0      0.0
  SNOW DEPTH       0

DEGREE DAYS
 HEATING
  YESTERDAY        0                         0      0        0
  MONTH TO DATE    7                         0      7        0
  SINCE JUN 1     28                        44    -16       42
  SINCE JUL 1      7                         0      7        0

 COOLING
  YESTERDAY        4                         9     -5       21
  MONTH TO DATE   88                       151    -63      225
  SINCE JUN 1    250                       309    -59      389
  SINCE JAN 1    302                       351    -49      442
..................................................................


WIND (MPH)
  HIGHEST WIND SPEED    16   HIGHEST WIND DIRECTION    SW (230)
  HIGHEST GUST SPEED    20   HIGHEST GUST DIRECTION     S (200)
  AVERAGE WIND SPEED     5.9


SKY COVER
  POSSIBLE SUNSHINE  MM
  AVERAGE SKY COVER 0.4


WEATHER CONDITIONS
 THE FOLLOWING WEATHER WAS RECORDED YESTERDAY.
  NO SIGNIFICANT WEATHER WAS OBSERVED.


RELATIVE HUMIDITY (PERCENT)
 HIGHEST    84           100 AM
 LOWEST     39           200 PM
 AVERAGE    62

..........................................................


THE TWIN CITIES MN CLIMATE NORMALS FOR TODAY
                         NORMAL    RECORD    YEAR
 MAXIMUM TEMPERATURE (F)   84       101      1940
 MINIMUM TEMPERATURE (F)   64        49      1873


SUNRISE AND SUNSET
JULY 18 2014..........SUNRISE   544 AM CDT   SUNSET   854 PM CDT
JULY 19 2014..........SUNRISE   545 AM CDT   SUNSET   853 PM CDT


-  INDICATES NEGATIVE NUMBERS.
R  INDICATES RECORD WAS SET OR TIED.
MM INDICATES DATA IS MISSING.
T  INDICATES TRACE AMOUNT.




$$
