000
CDUS43 KMPX 152226
CLIMSP


CLIMATE REPORT
NATIONAL WEATHER SERVICE CHANHASSEN MN
426 PM CST WED FEB 15 2017


...................................

...THE TWIN CITIES MN CLIMATE SUMMARY FOR FEBRUARY 15 2017...
VALID AS OF 0400 PM LOCAL TIME.

CLIMATE NORMAL PERIOD 1981 TO 2010
CLIMATE RECORD PERIOD 1871 TO 2017


WEATHER ITEM   OBSERVED TIME   RECORD YEAR NORMAL DEPARTURE LAST
                VALUE   (LST)  VALUE       VALUE  FROM      YEAR
                                                  NORMAL
..................................................................
TEMPERATURE (F)
 TODAY
  MAXIMUM         36    350 PM  63    1921  29      7       32
  MINIMUM         19    747 AM -25    1875  13      6       18
  AVERAGE         28                        21      7       25

PRECIPITATION (IN)
  TODAY            0.00          0.87 1967   0.03  -0.03     0.00
  MONTH TO DATE    0.03                      0.35  -0.32     0.65
  SINCE DEC 1      3.15                      2.41   0.74     3.28
  SINCE JAN 1      1.01                      1.25  -0.24     0.96

SNOWFALL (IN)
  TODAY            0.0           8.5  1967   0.3   -0.3      0.0
  MONTH TO DATE    0.3                       3.9   -3.6     11.7
  SINCE DEC 1     24.5                      28.0   -3.5     25.3
  SINCE JUL 1     26.8                      37.9  -11.1     30.4
  SNOW DEPTH       0

DEGREE DAYS
 HEATING
  TODAY           37                        44     -7       40
  MONTH TO DATE  599                       696    -97      715
  SINCE DEC 1   3317                      3631   -314     3249
  SINCE JUL 1   4361                      5250   -889     4424

 COOLING
  TODAY            0                         0      0        0
  MONTH TO DATE    0                         0      0        0
  SINCE DEC 1      0                         0      0        0
  SINCE JAN 1      0                         0      0        0
..................................................................


WIND (MPH)
  HIGHEST WIND SPEED    18   HIGHEST WIND DIRECTION     N (350)
  HIGHEST GUST SPEED    24   HIGHEST GUST DIRECTION     N (360)
  AVERAGE WIND SPEED     8.7


SKY COVER
  POSSIBLE SUNSHINE  MM
  AVERAGE SKY COVER 0.4


WEATHER CONDITIONS
 THE FOLLOWING WEATHER WAS RECORDED TODAY.
  NO SIGNIFICANT WEATHER WAS OBSERVED.


RELATIVE HUMIDITY (PERCENT)
 HIGHEST    67           600 AM
 LOWEST     32           400 PM
 AVERAGE    50

..........................................................


THE TWIN CITIES MN CLIMATE NORMALS FOR TOMORROW
                         NORMAL    RECORD    YEAR
 MAXIMUM TEMPERATURE (F)   29        60      1981
 MINIMUM TEMPERATURE (F)   13       -26      1936


SUNRISE AND SUNSET
FEBRUARY 15 2017......SUNRISE   713 AM CST   SUNSET   542 PM CST
FEBRUARY 16 2017......SUNRISE   711 AM CST   SUNSET   543 PM CST


-  INDICATES NEGATIVE NUMBERS.
R  INDICATES RECORD WAS SET OR TIED.
MM INDICATES DATA IS MISSING.
T  INDICATES TRACE AMOUNT.




$$
