000
CDUS43 KMPX 200755
CLIMSP


CLIMATE REPORT
NATIONAL WEATHER SERVICE CHANHASSEN MN
255 AM CDT SAT AUG 20 2016


...................................

...THE TWIN CITIES MN CLIMATE SUMMARY FOR AUGUST 19 2016...

CLIMATE NORMAL PERIOD 1981 TO 2010
CLIMATE RECORD PERIOD 1871 TO 2016


WEATHER ITEM   OBSERVED TIME   RECORD YEAR NORMAL DEPARTURE LAST
                VALUE   (LST)  VALUE       VALUE  FROM      YEAR
                                                  NORMAL
..................................................................
TEMPERATURE (F)
 YESTERDAY
  MAXIMUM         79    209 PM  97    1976  80     -1       65
  MINIMUM         65   1030 PM  39    1967  62      3       56
  AVERAGE         72                        71      1       61

PRECIPITATION (IN)
  YESTERDAY        0.44          3.19 1997   0.14   0.30     0.10
  MONTH TO DATE    4.74                      2.77   1.97     2.40
  SINCE JUN 1     14.32                     11.06   3.26    14.12
  SINCE JAN 1     23.24                     20.64   2.60    21.45

SNOWFALL (IN)
  YESTERDAY        0.0           0.0    MM   0.0    0.0      0.0
  MONTH TO DATE    0.0                       0.0    0.0      0.0
  SINCE JUN 1      0.0                       0.0    0.0      0.0
  SINCE JUL 1      0.0                       0.0    0.0      0.0
  SNOW DEPTH       0

DEGREE DAYS
 HEATING
  YESTERDAY        0                         0      0        4
  MONTH TO DATE    0                         0      0        4
  SINCE JUN 1      8                        49    -41       13
  SINCE JUL 1      1                         5     -4        6

 COOLING
  YESTERDAY        7                         6      1        0
  MONTH TO DATE  206                       140     66      163
  SINCE JUN 1    733                       574    159      586
  SINCE JAN 1    809                       616    193      613
..................................................................


WIND (MPH)
  HIGHEST WIND SPEED    32   HIGHEST WIND DIRECTION     W (270)
  HIGHEST GUST SPEED    40   HIGHEST GUST DIRECTION     W (260)
  AVERAGE WIND SPEED     9.2


SKY COVER
  POSSIBLE SUNSHINE  MM
  AVERAGE SKY COVER 1.0


WEATHER CONDITIONS
 THE FOLLOWING WEATHER WAS RECORDED YESTERDAY.
  THUNDERSTORM
  RAIN
  LIGHT RAIN
  FOG


RELATIVE HUMIDITY (PERCENT)
 HIGHEST    93           800 PM
 LOWEST     62           200 PM
 AVERAGE    78

..........................................................


THE TWIN CITIES MN CLIMATE NORMALS FOR TODAY
                         NORMAL    RECORD    YEAR
 MAXIMUM TEMPERATURE (F)   80        97      1972
 MINIMUM TEMPERATURE (F)   62        40      1950


SUNRISE AND SUNSET
AUGUST 20 2016........SUNRISE   621 AM CDT   SUNSET   810 PM CDT
AUGUST 21 2016........SUNRISE   623 AM CDT   SUNSET   808 PM CDT


-  INDICATES NEGATIVE NUMBERS.
R  INDICATES RECORD WAS SET OR TIED.
MM INDICATES DATA IS MISSING.
T  INDICATES TRACE AMOUNT.




$$
