000
CDUS43 KMPX 160107
CLIMSP


CLIMATE REPORT
NATIONAL WEATHER SERVICE CHANHASSEN MN
807 PM CDT THU SEP 15 2016


...................................

...THE TWIN CITIES MN CLIMATE SUMMARY FOR SEPTEMBER 15 2016...
VALID TODAY AS OF 0800 PM LOCAL TIME.

CLIMATE NORMAL PERIOD 1981 TO 2010
CLIMATE RECORD PERIOD 1871 TO 2016


WEATHER ITEM   OBSERVED TIME   RECORD YEAR NORMAL DEPARTURE LAST
                VALUE   (LST)  VALUE       VALUE  FROM      YEAR
                                                  NORMAL
..................................................................
TEMPERATURE (F)
 TODAY
  MAXIMUM         76    151 PM  98    1939  72      4       87
  MINIMUM         57    234 AM  36    2011  53      4       66
                                      2007
                                      1964
  AVERAGE         67                        62      5       77

PRECIPITATION (IN)
  TODAY            0.74          2.59 1992   0.09   0.65      T
  MONTH TO DATE    2.40                      1.59   0.81     1.41
  SINCE SEP 1      2.40                      1.59   0.81     1.41
  SINCE JAN 1     28.72                     23.76   4.96    23.45

SNOWFALL (IN)
  TODAY            0.0           T    1916   0.0    0.0      0.0
  MONTH TO DATE    0.0                       0.0    0.0      0.0
  SINCE SEP 1      0.0                       0.0    0.0      0.0
  SINCE JUL 1      0.0                       0.0    0.0      0.0
  SNOW DEPTH       0

DEGREE DAYS
 HEATING
  TODAY            0                         5     -5        0
  MONTH TO DATE   10                        44    -34       20
  SINCE SEP 1     10                        44    -34       20
  SINCE JUL 1     13                        63    -50       35

 COOLING
  TODAY            2                         2      0       12
  MONTH TO DATE   63                        48     15      109
  SINCE SEP 1     63                        48     15      109
  SINCE JAN 1    934                       729    205      758
..................................................................


WIND (MPH)
  HIGHEST WIND SPEED    22   HIGHEST WIND DIRECTION     S (190)
  HIGHEST GUST SPEED    28   HIGHEST GUST DIRECTION     S (190)
  AVERAGE WIND SPEED     8.6


SKY COVER
  POSSIBLE SUNSHINE  MM
  AVERAGE SKY COVER 0.8


WEATHER CONDITIONS
 THE FOLLOWING WEATHER WAS RECORDED TODAY.
  THUNDERSTORM
  HEAVY RAIN
  RAIN
  FOG
  HAZE


RELATIVE HUMIDITY (PERCENT)
 HIGHEST    93           500 PM
 LOWEST     60           200 PM
 AVERAGE    77

..........................................................


THE TWIN CITIES MN CLIMATE NORMALS FOR TOMORROW
                         NORMAL    RECORD    YEAR
 MAXIMUM TEMPERATURE (F)   72        94      1955
 MINIMUM TEMPERATURE (F)   52        38      1873


SUNRISE AND SUNSET
SEPTEMBER 15 2016.....SUNRISE   652 AM CDT   SUNSET   723 PM CDT
SEPTEMBER 16 2016.....SUNRISE   653 AM CDT   SUNSET   721 PM CDT


-  INDICATES NEGATIVE NUMBERS.
R  INDICATES RECORD WAS SET OR TIED.
MM INDICATES DATA IS MISSING.
T  INDICATES TRACE AMOUNT.




$$
