000
CDUS43 KMPX 040919
CLIMSP


CLIMATE REPORT
NATIONAL WEATHER SERVICE CHANHASSEN MN
319 AM CST MON DEC 4 2017


...................................

...THE TWIN CITIES MN CLIMATE SUMMARY FOR DECEMBER 3 2017...

CLIMATE NORMAL PERIOD 1981 TO 2010
CLIMATE RECORD PERIOD 1871 TO 2017


WEATHER ITEM   OBSERVED TIME   RECORD YEAR NORMAL DEPARTURE LAST
                VALUE   (LST)  VALUE       VALUE  FROM      YEAR
                                                  NORMAL
..................................................................
TEMPERATURE (F)
 YESTERDAY
  MAXIMUM         50   1159 PM  62    1962  31     19       32
  MINIMUM         29    258 AM -19    1940  17     12       29
  AVERAGE         40                        24     16       31

PRECIPITATION (IN)
  YESTERDAY        0.00          1.05 1953   0.04  -0.04      T
  MONTH TO DATE    0.00                      0.13  -0.13      T
  SINCE DEC 1      0.00                      0.13  -0.13      T
  SINCE JAN 1     31.57                     29.58   1.99    38.18

SNOWFALL (IN)
  YESTERDAY        0.0           7.4  1934   0.4   -0.4       T
  MONTH TO DATE    0.0                       1.2   -1.2       T
  SINCE DEC 1      0.0                       1.2   -1.2       T
  SINCE JUL 1      0.7                      11.1  -10.4      2.3
  SNOW DEPTH       0

DEGREE DAYS
 HEATING
  YESTERDAY       25                        41    -16       34
  MONTH TO DATE   76                       121    -45       96
  SINCE DEC 1     76                       121    -45       96
  SINCE JUL 1   1486                      1740   -254     1140

 COOLING
  YESTERDAY        0                         0      0        0
  MONTH TO DATE    0                         0      0        0
  SINCE DEC 1      0                         0      0        0
  SINCE JAN 1    830                       753     77      964
..................................................................


WIND (MPH)
  HIGHEST WIND SPEED    16   HIGHEST WIND DIRECTION    SE (130)
  HIGHEST GUST SPEED    23   HIGHEST GUST DIRECTION    SE (140)
  AVERAGE WIND SPEED     8.5


SKY COVER
  POSSIBLE SUNSHINE  MM
  AVERAGE SKY COVER 0.7


WEATHER CONDITIONS
 THE FOLLOWING WEATHER WAS RECORDED YESTERDAY.
  NO SIGNIFICANT WEATHER WAS OBSERVED.


RELATIVE HUMIDITY (PERCENT)
 HIGHEST    78          1200 AM
 LOWEST     53           100 PM
 AVERAGE    66

..........................................................


THE TWIN CITIES MN CLIMATE NORMALS FOR TODAY
                         NORMAL    RECORD    YEAR
 MAXIMUM TEMPERATURE (F)   31        56      1941
 MINIMUM TEMPERATURE (F)   16       -15      1886


SUNRISE AND SUNSET
DECEMBER  4 2017......SUNRISE   734 AM CST   SUNSET   432 PM CST
DECEMBER  5 2017......SUNRISE   735 AM CST   SUNSET   432 PM CST


-  INDICATES NEGATIVE NUMBERS.
R  INDICATES RECORD WAS SET OR TIED.
MM INDICATES DATA IS MISSING.
T  INDICATES TRACE AMOUNT.




$$
