000
CDUS43 KMPX 260622
CLIMSP


CLIMATE REPORT
NATIONAL WEATHER SERVICE CHANHASSEN MN
121 AM CDT TUE AUG 26 2014


...................................

...THE TWIN CITIES MN CLIMATE SUMMARY FOR AUGUST 25 2014...

CLIMATE NORMAL PERIOD 1981 TO 2010
CLIMATE RECORD PERIOD 1871 TO 2014


WEATHER ITEM   OBSERVED TIME   RECORD YEAR NORMAL DEPARTURE LAST
                VALUE   (LST)  VALUE       VALUE  FROM      YEAR
                                                  NORMAL
..................................................................
TEMPERATURE (F)
 YESTERDAY
  MAXIMUM         79    131 PM  96    2013  79      0       96
  MINIMUM         64   1159 PM  41    1887  61      3       80
  AVERAGE         72                        70      2       88

PRECIPITATION (IN)
  YESTERDAY        0.00          1.51 1960   0.13  -0.13     0.00
  MONTH TO DATE    1.43                      3.57  -2.14     1.98
  SINCE JUN 1     15.06                     11.86   3.20    10.66
  SINCE JAN 1     29.53                     21.44   8.09    26.35

SNOWFALL (IN)
  YESTERDAY        0.0           0.0    MM   0.0    0.0      0.0
  MONTH TO DATE    0.0                       0.0    0.0       T
  SINCE JUN 1      0.0                       0.0    0.0       T
  SINCE JUL 1      0.0                       0.0    0.0       T
  SNOW DEPTH       0

DEGREE DAYS
 HEATING
  YESTERDAY        0                         1     -1        0
  MONTH TO DATE    0                         4     -4        0
  SINCE JUN 1     28                        53    -25       50
  SINCE JUL 1      7                         9     -2        8

 COOLING
  YESTERDAY        7                         5      2       23
  MONTH TO DATE  235                       175     60      198
  SINCE JUN 1    614                       609      5      684
  SINCE JAN 1    666                       651     15      737
..................................................................


WIND (MPH)
  HIGHEST WIND SPEED    17   HIGHEST WIND DIRECTION    SW (240)
  HIGHEST GUST SPEED    24   HIGHEST GUST DIRECTION     S (200)
  AVERAGE WIND SPEED     7.9


SKY COVER
  POSSIBLE SUNSHINE  MM
  AVERAGE SKY COVER 0.3


WEATHER CONDITIONS
 THE FOLLOWING WEATHER WAS RECORDED YESTERDAY.
  FOG


RELATIVE HUMIDITY (PERCENT)
 HIGHEST   100           600 AM
 LOWEST     39           100 PM
 AVERAGE    70

..........................................................


THE TWIN CITIES MN CLIMATE NORMALS FOR TODAY
                         NORMAL    RECORD    YEAR
 MAXIMUM TEMPERATURE (F)   79        97      2013
 MINIMUM TEMPERATURE (F)   60        44      1968
                                             1964


SUNRISE AND SUNSET
AUGUST 26 2014........SUNRISE   628 AM CDT   SUNSET   800 PM CDT
AUGUST 27 2014........SUNRISE   629 AM CDT   SUNSET   759 PM CDT


-  INDICATES NEGATIVE NUMBERS.
R  INDICATES RECORD WAS SET OR TIED.
MM INDICATES DATA IS MISSING.
T  INDICATES TRACE AMOUNT.




$$
