000
CDUS43 KMPX 250729
CLIMSP


CLIMATE REPORT
NATIONAL WEATHER SERVICE CHANHASSEN MN
124 AM CST FRI NOV 25 2016


...................................

...THE TWIN CITIES MN CLIMATE SUMMARY FOR NOVEMBER 24 2016...

CLIMATE NORMAL PERIOD 1981 TO 2010
CLIMATE RECORD PERIOD 1871 TO 2016


WEATHER ITEM   OBSERVED TIME   RECORD YEAR NORMAL DEPARTURE LAST
                VALUE   (LST)  VALUE       VALUE  FROM      YEAR
                                                  NORMAL
..................................................................
TEMPERATURE (F)
 YESTERDAY
  MAXIMUM         37    435 PM  59    2011  36      1       46
                                      1990
  MINIMUM         34   1159 PM -10    1893  22     12       28
  AVERAGE         36                        29      7       37

PRECIPITATION (IN)
  YESTERDAY        0.04          1.06 2001   0.06  -0.02     0.00
  MONTH TO DATE    1.64                      1.45   0.19     3.99
  SINCE SEP 1     10.52                      6.96   3.56    11.25
  SINCE JAN 1     36.84                     29.13   7.71    33.29

SNOWFALL (IN)
  YESTERDAY        T             1.7  1977   0.4   -0.4      0.0
  MONTH TO DATE    2.3                       6.7   -4.4       T
  SINCE SEP 1      2.3                       7.3   -5.0       T
  SINCE JUL 1      2.3                       7.3   -5.0       T
  SNOW DEPTH       2

DEGREE DAYS
 HEATING
  YESTERDAY       29                        36     -7       28
  MONTH TO DATE  462                       711   -249      491
  SINCE SEP 1    881                      1372   -491      948
  SINCE JUL 1    884                      1391   -507      963

 COOLING
  YESTERDAY        0                         0      0        0
  MONTH TO DATE    0                         0      0        0
  SINCE SEP 1     93                        72     21      160
  SINCE JAN 1    964                       753    211      809
..................................................................


WIND (MPH)
  HIGHEST WIND SPEED     8   HIGHEST WIND DIRECTION     W (260)
  HIGHEST GUST SPEED    10   HIGHEST GUST DIRECTION    SW (240)
  AVERAGE WIND SPEED     3.5


SKY COVER
  POSSIBLE SUNSHINE  MM
  AVERAGE SKY COVER 1.0


WEATHER CONDITIONS
 THE FOLLOWING WEATHER WAS RECORDED YESTERDAY.
  LIGHT RAIN
  SNOW
  LIGHT SNOW
  FOG
  HAZE


RELATIVE HUMIDITY (PERCENT)
 HIGHEST    96           800 AM
 LOWEST     76           400 PM
 AVERAGE    86

..........................................................


THE TWIN CITIES MN CLIMATE NORMALS FOR TODAY
                         NORMAL    RECORD    YEAR
 MAXIMUM TEMPERATURE (F)   36        62      1914
 MINIMUM TEMPERATURE (F)   21       -18      1880


SUNRISE AND SUNSET
NOVEMBER 25 2016......SUNRISE   724 AM CST   SUNSET   436 PM CST
NOVEMBER 26 2016......SUNRISE   725 AM CST   SUNSET   435 PM CST


-  INDICATES NEGATIVE NUMBERS.
R  INDICATES RECORD WAS SET OR TIED.
MM INDICATES DATA IS MISSING.
T  INDICATES TRACE AMOUNT.




$$
