000
CDUS43 KMPX 160724
CLIMSP


CLIMATE REPORT
NATIONAL WEATHER SERVICE CHANHASSEN MN
223 AM CDT FRI JUN 16 2017


...................................

...THE TWIN CITIES MN CLIMATE SUMMARY FOR JUNE 15 2017...

CLIMATE NORMAL PERIOD 1981 TO 2010
CLIMATE RECORD PERIOD 1871 TO 2017


WEATHER ITEM   OBSERVED TIME   RECORD YEAR NORMAL DEPARTURE LAST
                VALUE   (LST)  VALUE       VALUE  FROM      YEAR
                                                  NORMAL
..................................................................
TEMPERATURE (F)
 YESTERDAY
  MAXIMUM         88    350 PM  94    1913  79      9       77
  MINIMUM         67    418 AM  41    1989  59      8       64
  AVERAGE         78                        69      9       71

PRECIPITATION (IN)
  YESTERDAY        0.00          2.80 1874   0.15  -0.15     0.00
  MONTH TO DATE    2.26                      2.04   0.22     3.72
  SINCE JUN 1      2.26                      2.04   0.22     3.72
  SINCE JAN 1     13.81                     11.62   2.19    12.64

SNOWFALL (IN)
  YESTERDAY        0.0           0.0    MM   0.0    0.0      0.0
  MONTH TO DATE    T                         0.0    0.0      0.0
  SINCE JUN 1      T                         0.0    0.0      0.0
  SINCE JUL 1     32.0                      54.4  -22.4     36.7
  SNOW DEPTH       0

DEGREE DAYS
 HEATING
  YESTERDAY        0                         1     -1        0
  MONTH TO DATE    1                        34    -33        7
  SINCE JUN 1      1                        34    -33        7
  SINCE JUL 1   6299                      7570  -1271     6283

 COOLING
  YESTERDAY       13                         5      8        6
  MONTH TO DATE  154                        56     98       70
  SINCE JUN 1    154                        56     98       70
  SINCE JAN 1    175                        98     77      146
..................................................................


WIND (MPH)
  HIGHEST WIND SPEED    23   HIGHEST WIND DIRECTION     W (270)
  HIGHEST GUST SPEED    31   HIGHEST GUST DIRECTION     W (280)
  AVERAGE WIND SPEED    10.7


SKY COVER
  POSSIBLE SUNSHINE  MM
  AVERAGE SKY COVER 0.2


WEATHER CONDITIONS
 THE FOLLOWING WEATHER WAS RECORDED YESTERDAY.
  NO SIGNIFICANT WEATHER WAS OBSERVED.


RELATIVE HUMIDITY (PERCENT)
 HIGHEST    68           400 AM
 LOWEST     26           500 PM
 AVERAGE    47

..........................................................


THE TWIN CITIES MN CLIMATE NORMALS FOR TODAY
                         NORMAL    RECORD    YEAR
 MAXIMUM TEMPERATURE (F)   79        97      1933
 MINIMUM TEMPERATURE (F)   59        43      1961


SUNRISE AND SUNSET
JUNE 16 2017..........SUNRISE   526 AM CDT   SUNSET   901 PM CDT
JUNE 17 2017..........SUNRISE   526 AM CDT   SUNSET   902 PM CDT


-  INDICATES NEGATIVE NUMBERS.
R  INDICATES RECORD WAS SET OR TIED.
MM INDICATES DATA IS MISSING.
T  INDICATES TRACE AMOUNT.




$$
