000
CDUS43 KMPX 170628
CLIMSP


CLIMATE REPORT
NATIONAL WEATHER SERVICE CHANHASSEN MN
128 AM CDT FRI OCT 17 2014


...................................

...THE TWIN CITIES MN CLIMATE SUMMARY FOR OCTOBER 16 2014...

CLIMATE NORMAL PERIOD 1981 TO 2010
CLIMATE RECORD PERIOD 1871 TO 2014


WEATHER ITEM   OBSERVED TIME   RECORD YEAR NORMAL DEPARTURE LAST
                VALUE   (LST)  VALUE       VALUE  FROM      YEAR
                                                  NORMAL
..................................................................
TEMPERATURE (F)
 YESTERDAY
  MAXIMUM         72    149 PM  86    1938  58     14       55
  MINIMUM         41    655 AM  23    1952  40      1       42
  AVERAGE         57                        49      8       49

PRECIPITATION (IN)
  YESTERDAY        0.00          2.10 1984   0.08  -0.08     0.01
  MONTH TO DATE    1.61                      1.42   0.19     2.51
  SINCE SEP 1      2.53                      4.50  -1.97     3.86
  SINCE JAN 1     33.53                     26.67   6.86    30.30

SNOWFALL (IN)
  YESTERDAY        0.0           0.5  1992   0.1   -0.1      0.0
  MONTH TO DATE    0.0                       0.1   -0.1      0.0
  SINCE SEP 1      0.0                       0.1   -0.1      0.0
  SINCE JUL 1      0.0                       0.1   -0.1       T
  SNOW DEPTH       0

DEGREE DAYS
 HEATING
  YESTERDAY        8                        16     -8       16
  MONTH TO DATE  247                       213     34      129
  SINCE SEP 1    371                       367      4      187
  SINCE JUL 1    378                       386     -8      195

 COOLING
  YESTERDAY        0                         0      0        0
  MONTH TO DATE    0                         3     -3        2
  SINCE SEP 1     63                        69     -6      134
  SINCE JAN 1    759                       750      9      983
..................................................................


WIND (MPH)
  HIGHEST WIND SPEED    20   HIGHEST WIND DIRECTION     W (280)
  HIGHEST GUST SPEED    27   HIGHEST GUST DIRECTION     W (280)
  AVERAGE WIND SPEED     8.8


SKY COVER
  POSSIBLE SUNSHINE  MM
  AVERAGE SKY COVER 0.3


WEATHER CONDITIONS
 THE FOLLOWING WEATHER WAS RECORDED YESTERDAY.
  NO SIGNIFICANT WEATHER WAS OBSERVED.


RELATIVE HUMIDITY (PERCENT)
 HIGHEST    83          1200 AM
 LOWEST     34           100 PM
 AVERAGE    59

..........................................................


THE TWIN CITIES MN CLIMATE NORMALS FOR TODAY
                         NORMAL    RECORD    YEAR
 MAXIMUM TEMPERATURE (F)   58        84      1910
 MINIMUM TEMPERATURE (F)   39        22      1952
                                             1948


SUNRISE AND SUNSET
OCTOBER 17 2014.......SUNRISE   731 AM CDT   SUNSET   625 PM CDT
OCTOBER 18 2014.......SUNRISE   732 AM CDT   SUNSET   623 PM CDT


-  INDICATES NEGATIVE NUMBERS.
R  INDICATES RECORD WAS SET OR TIED.
MM INDICATES DATA IS MISSING.
T  INDICATES TRACE AMOUNT.




$$
