000
CDUS43 KMPX 280833
CLIMSP


CLIMATE REPORT
NATIONAL WEATHER SERVICE CHANHASSEN MN
333 AM CDT THU AUG 28 2014


...................................

...THE TWIN CITIES MN CLIMATE SUMMARY FOR AUGUST 27 2014...

CLIMATE NORMAL PERIOD 1981 TO 2010
CLIMATE RECORD PERIOD 1871 TO 2014


WEATHER ITEM   OBSERVED TIME   RECORD YEAR NORMAL DEPARTURE LAST
                VALUE   (LST)  VALUE       VALUE  FROM      YEAR
                                                  NORMAL
..................................................................
TEMPERATURE (F)
 YESTERDAY
  MAXIMUM         78    421 PM  99    1926  79     -1       96
  MINIMUM         59    548 AM  42    1887  60     -1       79
  AVERAGE         69                        69      0       88

PRECIPITATION (IN)
  YESTERDAY        T             2.80 1978   0.13  -0.13     0.00
  MONTH TO DATE    1.43                      3.82  -2.39     1.98
  SINCE JUN 1     15.06                     12.11   2.95    10.66
  SINCE JAN 1     29.53                     21.69   7.84    26.35

SNOWFALL (IN)
  YESTERDAY        0.0           0.0    MM   0.0    0.0      0.0
  MONTH TO DATE    0.0                       0.0    0.0       T
  SINCE JUN 1      0.0                       0.0    0.0       T
  SINCE JUL 1      0.0                       0.0    0.0       T
  SNOW DEPTH       0

DEGREE DAYS
 HEATING
  YESTERDAY        0                         1     -1        0
  MONTH TO DATE    0                         6     -6        0
  SINCE JUN 1     28                        55    -27       50
  SINCE JUL 1      7                        11     -4        8

 COOLING
  YESTERDAY        4                         5     -1       23
  MONTH TO DATE  240                       185     55      245
  SINCE JUN 1    619                       619      0      731
  SINCE JAN 1    671                       661     10      784
..................................................................


WIND (MPH)
  HIGHEST WIND SPEED    12   HIGHEST WIND DIRECTION     E (70)
  HIGHEST GUST SPEED    21   HIGHEST GUST DIRECTION    NE (40)
  AVERAGE WIND SPEED     6.0


SKY COVER
  POSSIBLE SUNSHINE  MM
  AVERAGE SKY COVER 0.6


WEATHER CONDITIONS
 THE FOLLOWING WEATHER WAS RECORDED YESTERDAY.
  LIGHT RAIN


RELATIVE HUMIDITY (PERCENT)
 HIGHEST    84           200 AM
 LOWEST     43           400 PM
 AVERAGE    64

..........................................................


THE TWIN CITIES MN CLIMATE NORMALS FOR TODAY
                         NORMAL    RECORD    YEAR
 MAXIMUM TEMPERATURE (F)   78        94      1955
                                             1899
 MINIMUM TEMPERATURE (F)   60        42      1934


SUNRISE AND SUNSET
AUGUST 28 2014........SUNRISE   630 AM CDT   SUNSET   757 PM CDT
AUGUST 29 2014........SUNRISE   631 AM CDT   SUNSET   755 PM CDT


-  INDICATES NEGATIVE NUMBERS.
R  INDICATES RECORD WAS SET OR TIED.
MM INDICATES DATA IS MISSING.
T  INDICATES TRACE AMOUNT.




$$
