000
CDUS43 KMPX 070024
CLIMSP


CLIMATE REPORT
NATIONAL WEATHER SERVICE CHANHASSEN MN
724 PM CDT SUN AUG 6 2017


...................................

...THE TWIN CITIES MN CLIMATE SUMMARY FOR AUGUST 6 2017...
VALID TODAY AS OF 0700 PM LOCAL TIME.

CLIMATE NORMAL PERIOD 1981 TO 2010
CLIMATE RECORD PERIOD 1871 TO 2017


WEATHER ITEM   OBSERVED TIME   RECORD YEAR NORMAL DEPARTURE LAST
                VALUE   (LST)  VALUE       VALUE  FROM      YEAR
                                                  NORMAL
..................................................................
TEMPERATURE (F)
 TODAY
  MAXIMUM         76   1154 AM  99    2001  82     -6       82
  MINIMUM         62   1209 AM  48    1977  63     -1       62
  AVERAGE         69                        73     -4       72

PRECIPITATION (IN)
  TODAY            T             1.67 1995   0.15  -0.15     0.00
  MONTH TO DATE    0.58                      0.90  -0.32     1.13
  SINCE JUN 1      7.93                      9.19  -1.26    10.71
  SINCE JAN 1     19.48                     18.77   0.71    19.63

SNOWFALL (IN)
  TODAY            0.0           0.0    MM   0.0    0.0      0.0
  MONTH TO DATE    0.0                       0.0    0.0      0.0
  SINCE JUN 1      T                         0.0    0.0      0.0
  SINCE JUL 1      0.0                       0.0    0.0      0.0
  SNOW DEPTH       0

DEGREE DAYS
 HEATING
  TODAY            0                         0      0        0
  MONTH TO DATE    4                         0      4        0
  SINCE JUN 1     16                        49    -33        8
  SINCE JUL 1      4                         5     -1        1

 COOLING
  TODAY            4                         8     -4        7
  MONTH TO DATE   32                        48    -16       74
  SINCE JUN 1    570                       482     88      601
  SINCE JAN 1    591                       524     67      677
..................................................................


WIND (MPH)
  HIGHEST WIND SPEED    15   HIGHEST WIND DIRECTION     S (190)
  HIGHEST GUST SPEED    20   HIGHEST GUST DIRECTION     S (180)
  AVERAGE WIND SPEED     3.5


SKY COVER
  POSSIBLE SUNSHINE  MM
  AVERAGE SKY COVER 0.8


WEATHER CONDITIONS
 THE FOLLOWING WEATHER WAS RECORDED TODAY.
  THUNDERSTORM
  LIGHT RAIN


RELATIVE HUMIDITY (PERCENT)
 HIGHEST    93           400 AM
 LOWEST     50          1200 PM
 AVERAGE    72

..........................................................


THE TWIN CITIES MN CLIMATE NORMALS FOR TOMORROW
                         NORMAL    RECORD    YEAR
 MAXIMUM TEMPERATURE (F)   82        98      2001
 MINIMUM TEMPERATURE (F)   63        45      1972


SUNRISE AND SUNSET
AUGUST  6 2017........SUNRISE   605 AM CDT   SUNSET   832 PM CDT
AUGUST  7 2017........SUNRISE   606 AM CDT   SUNSET   831 PM CDT


-  INDICATES NEGATIVE NUMBERS.
R  INDICATES RECORD WAS SET OR TIED.
MM INDICATES DATA IS MISSING.
T  INDICATES TRACE AMOUNT.




$$
