000
CDUS43 KMPX 200626
CLIMSP


CLIMATE REPORT
NATIONAL WEATHER SERVICE CHANHASSEN MN
125 AM CDT TUE JUN 20 2017


...................................

...THE TWIN CITIES MN CLIMATE SUMMARY FOR JUNE 19 2017...

CLIMATE NORMAL PERIOD 1981 TO 2010
CLIMATE RECORD PERIOD 1871 TO 2017


WEATHER ITEM   OBSERVED TIME   RECORD YEAR NORMAL DEPARTURE LAST
                VALUE   (LST)  VALUE       VALUE  FROM      YEAR
                                                  NORMAL
..................................................................
TEMPERATURE (F)
 YESTERDAY
  MAXIMUM         74    451 PM 100    1933  80     -6       93
  MINIMUM         60    515 AM  41    1950  60      0       71
  AVERAGE         67                        70     -3       82

PRECIPITATION (IN)
  YESTERDAY        0.00          4.13 2014   0.15  -0.15     0.20
  MONTH TO DATE    2.47                      2.64  -0.17     3.92
  SINCE JUN 1      2.47                      2.64  -0.17     3.92
  SINCE JAN 1     14.02                     12.22   1.80    12.84

SNOWFALL (IN)
  YESTERDAY        0.0           0.0    MM   0.0    0.0      0.0
  MONTH TO DATE    T                         0.0    0.0      0.0
  SINCE JUN 1      T                         0.0    0.0      0.0
  SINCE JUL 1     32.0                      54.4  -22.4     36.7
  SNOW DEPTH       0

DEGREE DAYS
 HEATING
  YESTERDAY        0                         1     -1        0
  MONTH TO DATE    1                        38    -37        7
  SINCE JUN 1      1                        38    -37        7
  SINCE JUL 1   6299                      7574  -1275     6283

 COOLING
  YESTERDAY        2                         6     -4       17
  MONTH TO DATE  178                        79     99      120
  SINCE JUN 1    178                        79     99      120
  SINCE JAN 1    199                       121     78      196
..................................................................


WIND (MPH)
  HIGHEST WIND SPEED    23   HIGHEST WIND DIRECTION    NW (320)
  HIGHEST GUST SPEED    29   HIGHEST GUST DIRECTION    NW (320)
  AVERAGE WIND SPEED    12.3


SKY COVER
  POSSIBLE SUNSHINE  MM
  AVERAGE SKY COVER 0.6


WEATHER CONDITIONS
 THE FOLLOWING WEATHER WAS RECORDED YESTERDAY.
  NO SIGNIFICANT WEATHER WAS OBSERVED.


RELATIVE HUMIDITY (PERCENT)
 HIGHEST    84           400 AM
 LOWEST     35           500 PM
 AVERAGE    60

..........................................................


THE TWIN CITIES MN CLIMATE NORMALS FOR TODAY
                         NORMAL    RECORD    YEAR
 MAXIMUM TEMPERATURE (F)   80        98      1933
 MINIMUM TEMPERATURE (F)   61        41      1992


SUNRISE AND SUNSET
JUNE 20 2017..........SUNRISE   526 AM CDT   SUNSET   903 PM CDT
JUNE 21 2017..........SUNRISE   527 AM CDT   SUNSET   903 PM CDT


-  INDICATES NEGATIVE NUMBERS.
R  INDICATES RECORD WAS SET OR TIED.
MM INDICATES DATA IS MISSING.
T  INDICATES TRACE AMOUNT.




$$
