000
CDUS43 KMPX 080805
CLIMSP


CLIMATE REPORT
NATIONAL WEATHER SERVICE CHANHASSEN MN
204 AM CST MON JAN 8 2018


...................................

...THE TWIN CITIES MN CLIMATE SUMMARY FOR JANUARY 7 2018...

CLIMATE NORMAL PERIOD 1981 TO 2010
CLIMATE RECORD PERIOD 1871 TO 2018


WEATHER ITEM   OBSERVED TIME   RECORD YEAR NORMAL DEPARTURE LAST
                VALUE   (LST)  VALUE       VALUE  FROM      YEAR
                                                  NORMAL
..................................................................
TEMPERATURE (F)
 YESTERDAY
  MAXIMUM         32   1031 PM  52    2003  23      9        9
  MINIMUM         12    512 AM -34    1887   8      4       -2
  AVERAGE         22                        16      6        4

PRECIPITATION (IN)
  YESTERDAY        0.00          0.30 1989   0.04  -0.04     0.00
  MONTH TO DATE    T                         0.23  -0.23     0.02
  SINCE DEC 1      0.79                      1.39  -0.60     2.16
  SINCE JAN 1      T                         0.23  -0.23     0.02

SNOWFALL (IN)
  YESTERDAY        0.0           3.6  1989   0.4   -0.4      0.0
  MONTH TO DATE    0.1                       2.7   -2.6       T
  SINCE DEC 1      6.5                      14.6   -8.1     15.8
  SINCE JUL 1      7.2                      24.5  -17.3     18.1
  SNOW DEPTH       2

DEGREE DAYS
 HEATING
  YESTERDAY       43                        49     -6       61
  MONTH TO DATE  434                       343     91      382
  SINCE DEC 1   1857                      1747    110     1740
  SINCE JUL 1   3267                      3366    -99     2784

 COOLING
  YESTERDAY        0                         0      0        0
  MONTH TO DATE    0                         0      0        0
  SINCE DEC 1      0                         0      0        0
  SINCE JAN 1      0                         0      0        0
..................................................................


WIND (MPH)
  HIGHEST WIND SPEED    23   HIGHEST WIND DIRECTION     S (190)
  HIGHEST GUST SPEED    27   HIGHEST GUST DIRECTION     S (180)
  AVERAGE WIND SPEED     9.0


SKY COVER
  POSSIBLE SUNSHINE  MM
  AVERAGE SKY COVER 0.8


WEATHER CONDITIONS
 THE FOLLOWING WEATHER WAS RECORDED YESTERDAY.
  NO SIGNIFICANT WEATHER WAS OBSERVED.


RELATIVE HUMIDITY (PERCENT)
 HIGHEST    85          1000 PM
 LOWEST     64          1200 AM
 AVERAGE    75

..........................................................


THE TWIN CITIES MN CLIMATE NORMALS FOR TODAY
                         NORMAL    RECORD    YEAR
 MAXIMUM TEMPERATURE (F)   23        54      2003
 MINIMUM TEMPERATURE (F)    8       -30      1875


SUNRISE AND SUNSET
JANUARY  8 2018.......SUNRISE   750 AM CST   SUNSET   450 PM CST
JANUARY  9 2018.......SUNRISE   750 AM CST   SUNSET   451 PM CST


-  INDICATES NEGATIVE NUMBERS.
R  INDICATES RECORD WAS SET OR TIED.
MM INDICATES DATA IS MISSING.
T  INDICATES TRACE AMOUNT.




$$
