000
CDUS43 KMPX 031245
CLIMSP


CLIMATE REPORT
NATIONAL WEATHER SERVICE CHANHASSEN MN
745 AM CDT THU SEP 3 2015


...................................

...THE TWIN CITIES MN CLIMATE SUMMARY FOR SEPTEMBER 2 2015...

CLIMATE NORMAL PERIOD 1981 TO 2010
CLIMATE RECORD PERIOD 1871 TO 2015


WEATHER ITEM   OBSERVED TIME   RECORD YEAR NORMAL DEPARTURE LAST
                VALUE   (LST)  VALUE       VALUE  FROM      YEAR
                                                  NORMAL
..................................................................
TEMPERATURE (F)
 YESTERDAY
  MAXIMUM         78    543 PM  97    1937  77      1       78
  MINIMUM         69   1159 PM  42    1974  58     11       62
  AVERAGE         74                        68      6       70

PRECIPITATION (IN)
  YESTERDAY        0.23          1.97 2000   0.11   0.12     0.00
  MONTH TO DATE    0.23                      0.23   0.00     0.17
  SINCE SEP 1      0.23                      0.23   0.00     0.17
  SINCE JAN 1     22.27                     22.40  -0.13    31.17

SNOWFALL (IN)
  YESTERDAY        0.0           0.0    MM   0.0    0.0      0.0
  MONTH TO DATE    0.0                       0.0    0.0      0.0
  SINCE SEP 1      0.0                       0.0    0.0      0.0
  SINCE JUL 1      0.0                       0.0    0.0      0.0
  SNOW DEPTH       0

DEGREE DAYS
 HEATING
  YESTERDAY        0                         2     -2        0
  MONTH TO DATE    0                         3     -3        0
  SINCE SEP 1      0                         3     -3        0
  SINCE JUL 1     15                        22     -7        7

 COOLING
  YESTERDAY        9                         4      5        5
  MONTH TO DATE   22                         8     14       12
  SINCE SEP 1     22                         8     14       12
  SINCE JAN 1    671                       689    -18      708
..................................................................


WIND (MPH)
  HIGHEST WIND SPEED    21   HIGHEST WIND DIRECTION    SW (230)
  HIGHEST GUST SPEED    27   HIGHEST GUST DIRECTION    SW (230)
  AVERAGE WIND SPEED     8.4


SKY COVER
  POSSIBLE SUNSHINE  MM
  AVERAGE SKY COVER 0.8


WEATHER CONDITIONS
 THE FOLLOWING WEATHER WAS RECORDED YESTERDAY.
  THUNDERSTORM
  RAIN
  LIGHT RAIN
  FOG


RELATIVE HUMIDITY (PERCENT)
 HIGHEST    97           600 AM
 LOWEST     74          1100 AM
 AVERAGE    86

..........................................................


THE TWIN CITIES MN CLIMATE NORMALS FOR TODAY
                         NORMAL    RECORD    YEAR
 MAXIMUM TEMPERATURE (F)   77        97      1925
 MINIMUM TEMPERATURE (F)   58        32      1974


SUNRISE AND SUNSET
SEPTEMBER  3 2015.....SUNRISE   637 AM CDT   SUNSET   747 PM CDT
SEPTEMBER  4 2015.....SUNRISE   638 AM CDT   SUNSET   745 PM CDT


-  INDICATES NEGATIVE NUMBERS.
R  INDICATES RECORD WAS SET OR TIED.
MM INDICATES DATA IS MISSING.
T  INDICATES TRACE AMOUNT.




$$
