000
CDUS43 KMPX 210727
CLIMSP


CLIMATE REPORT
NATIONAL WEATHER SERVICE CHANHASSEN MN
227 AM CDT TUE OCT 21 2014


...................................

...THE TWIN CITIES MN CLIMATE SUMMARY FOR OCTOBER 20 2014...

CLIMATE NORMAL PERIOD 1981 TO 2010
CLIMATE RECORD PERIOD 1871 TO 2014


WEATHER ITEM   OBSERVED TIME   RECORD YEAR NORMAL DEPARTURE LAST
                VALUE   (LST)  VALUE       VALUE  FROM      YEAR
                                                  NORMAL
..................................................................
TEMPERATURE (F)
 YESTERDAY
  MAXIMUM         64    248 PM  83    1953  56      8       47
  MINIMUM         42   1154 PM  18    1960  38      4       33
  AVERAGE         53                        47      6       40

PRECIPITATION (IN)
  YESTERDAY        0.00          2.64 1934   0.07  -0.07     0.08
  MONTH TO DATE    1.61                      1.73  -0.12     2.84
  SINCE SEP 1      2.53                      4.81  -2.28     4.19
  SINCE JAN 1     33.53                     26.98   6.55    30.63

SNOWFALL (IN)
  YESTERDAY        0.0           3.0  1916   0.0    0.0      0.0
  MONTH TO DATE    0.0                       0.1   -0.1       T
  SINCE SEP 1      0.0                       0.1   -0.1       T
  SINCE JUL 1      0.0                       0.1   -0.1       T
  SNOW DEPTH       0

DEGREE DAYS
 HEATING
  YESTERDAY       12                        18     -6       25
  MONTH TO DATE  298                       282     16      211
  SINCE SEP 1    422                       436    -14      269
  SINCE JUL 1    429                       455    -26      277

 COOLING
  YESTERDAY        0                         0      0        0
  MONTH TO DATE    0                         3     -3        2
  SINCE SEP 1     63                        69     -6      134
  SINCE JAN 1    759                       750      9      983
..................................................................


WIND (MPH)
  HIGHEST WIND SPEED    17   HIGHEST WIND DIRECTION    NW (310)
  HIGHEST GUST SPEED    24   HIGHEST GUST DIRECTION     N (350)
  AVERAGE WIND SPEED     7.2


SKY COVER
  POSSIBLE SUNSHINE  MM
  AVERAGE SKY COVER 0.0


WEATHER CONDITIONS
 THE FOLLOWING WEATHER WAS RECORDED YESTERDAY.
  HAZE


RELATIVE HUMIDITY (PERCENT)
 HIGHEST    83          1100 PM
 LOWEST     46           400 PM
 AVERAGE    65

..........................................................


THE TWIN CITIES MN CLIMATE NORMALS FOR TODAY
                         NORMAL    RECORD    YEAR
 MAXIMUM TEMPERATURE (F)   56        88      1947
 MINIMUM TEMPERATURE (F)   38        16      1913


SUNRISE AND SUNSET
OCTOBER 21 2014.......SUNRISE   736 AM CDT   SUNSET   618 PM CDT
OCTOBER 22 2014.......SUNRISE   738 AM CDT   SUNSET   616 PM CDT


-  INDICATES NEGATIVE NUMBERS.
R  INDICATES RECORD WAS SET OR TIED.
MM INDICATES DATA IS MISSING.
T  INDICATES TRACE AMOUNT.




$$
