000
CDUS43 KMPX 170643
CLIMSP


CLIMATE REPORT
NATIONAL WEATHER SERVICE CHANHASSEN MN
1242 AM CST FRI NOV 17 2017


...................................

...THE TWIN CITIES MN CLIMATE SUMMARY FOR NOVEMBER 16 2017...

CLIMATE NORMAL PERIOD 1981 TO 2010
CLIMATE RECORD PERIOD 1871 TO 2017


WEATHER ITEM   OBSERVED TIME   RECORD YEAR NORMAL DEPARTURE LAST
                VALUE   (LST)  VALUE       VALUE  FROM      YEAR
                                                  NORMAL
..................................................................
TEMPERATURE (F)
 YESTERDAY
  MAXIMUM         34   1159 PM  68    1953  41     -7       61
                                      1931
  MINIMUM         27    121 AM  -2    1933  26      1       35
  AVERAGE         31                        33     -2       48

PRECIPITATION (IN)
  YESTERDAY        0.00          1.27 1996   0.06  -0.06     0.00
  MONTH TO DATE    0.30                      0.97  -0.67     0.00
  SINCE SEP 1      5.83                      6.48  -0.65     8.88
  SINCE JAN 1     31.48                     28.65   2.83    35.20

SNOWFALL (IN)
  YESTERDAY        0.0          10.5  1909   0.3   -0.3      0.0
  MONTH TO DATE    0.6                       3.7   -3.1      0.0
  SINCE SEP 1      0.7                       4.3   -3.6       T
  SINCE JUL 1      0.7                       4.3   -3.6       T
  SNOW DEPTH       0

DEGREE DAYS
 HEATING
  YESTERDAY       34                        32      2       17
  MONTH TO DATE  523                       437     86      223
  SINCE SEP 1   1005                      1098    -93      642
  SINCE JUL 1   1012                      1117   -105      645

 COOLING
  YESTERDAY        0                         0      0        0
  MONTH TO DATE    0                         0      0        0
  SINCE SEP 1    142                        72     70       93
  SINCE JAN 1    830                       753     77      964
..................................................................


WIND (MPH)
  HIGHEST WIND SPEED    20   HIGHEST WIND DIRECTION    SE (140)
  HIGHEST GUST SPEED    24   HIGHEST GUST DIRECTION    SE (130)
  AVERAGE WIND SPEED    10.8


SKY COVER
  POSSIBLE SUNSHINE  MM
  AVERAGE SKY COVER 1.0


WEATHER CONDITIONS
 THE FOLLOWING WEATHER WAS RECORDED YESTERDAY.
  NO SIGNIFICANT WEATHER WAS OBSERVED.


RELATIVE HUMIDITY (PERCENT)
 HIGHEST    85           400 AM
 LOWEST     72          1100 AM
 AVERAGE    79

..........................................................


THE TWIN CITIES MN CLIMATE NORMALS FOR TODAY
                         NORMAL    RECORD    YEAR
 MAXIMUM TEMPERATURE (F)   40        71      1953
 MINIMUM TEMPERATURE (F)   26        -5      1880


SUNRISE AND SUNSET
NOVEMBER 17 2017......SUNRISE   713 AM CST   SUNSET   442 PM CST
NOVEMBER 18 2017......SUNRISE   715 AM CST   SUNSET   441 PM CST


-  INDICATES NEGATIVE NUMBERS.
R  INDICATES RECORD WAS SET OR TIED.
MM INDICATES DATA IS MISSING.
T  INDICATES TRACE AMOUNT.




$$
