078
CDUS43 KMPX 190758
CLIMSP


CLIMATE REPORT
NATIONAL WEATHER SERVICE CHANHASSEN MN
258 AM CDT FRI AUG 19 2016


...................................

...THE TWIN CITIES MN CLIMATE SUMMARY FOR AUGUST 18 2016...

CLIMATE NORMAL PERIOD 1981 TO 2010
CLIMATE RECORD PERIOD 1871 TO 2016


WEATHER ITEM   OBSERVED TIME   RECORD YEAR NORMAL DEPARTURE LAST
                VALUE   (LST)  VALUE       VALUE  FROM      YEAR
                                                  NORMAL
..................................................................
TEMPERATURE (F)
 YESTERDAY
  MAXIMUM         85   1105 AM  98    1976  80      5       67
  MINIMUM         68    531 AM  41    1977  62      6       63
  AVERAGE         77                        71      6       65

PRECIPITATION (IN)
  YESTERDAY        T             2.26 1907   0.14  -0.14     0.92
  MONTH TO DATE    4.30                      2.63   1.67     2.30
  SINCE JUN 1     13.88                     10.92   2.96    14.02
  SINCE JAN 1     22.80                     20.50   2.30    21.35

SNOWFALL (IN)
  YESTERDAY        0.0           0.0    MM   0.0    0.0      0.0
  MONTH TO DATE    0.0                       0.0    0.0      0.0
  SINCE JUN 1      0.0                       0.0    0.0      0.0
  SINCE JUL 1      0.0                       0.0    0.0      0.0
  SNOW DEPTH       0

DEGREE DAYS
 HEATING
  YESTERDAY        0                         0      0        0
  MONTH TO DATE    0                         0      0        0
  SINCE JUN 1      8                        49    -41        9
  SINCE JUL 1      1                         5     -4        2

 COOLING
  YESTERDAY       12                         6      6        0
  MONTH TO DATE  199                       134     65      163
  SINCE JUN 1    726                       568    158      586
  SINCE JAN 1    802                       610    192      613
..................................................................


WIND (MPH)
  HIGHEST WIND SPEED    16   HIGHEST WIND DIRECTION    SE (140)
  HIGHEST GUST SPEED    20   HIGHEST GUST DIRECTION     S (190)
  AVERAGE WIND SPEED     4.9


SKY COVER
  POSSIBLE SUNSHINE  MM
  AVERAGE SKY COVER 0.6


WEATHER CONDITIONS
 THE FOLLOWING WEATHER WAS RECORDED YESTERDAY.
  LIGHT RAIN


RELATIVE HUMIDITY (PERCENT)
 HIGHEST    84           100 AM
 LOWEST     58          1200 PM
 AVERAGE    71

..........................................................


THE TWIN CITIES MN CLIMATE NORMALS FOR TODAY
                         NORMAL    RECORD    YEAR
 MAXIMUM TEMPERATURE (F)   80        97      1976
 MINIMUM TEMPERATURE (F)   62        39      1967


SUNRISE AND SUNSET
AUGUST 19 2016........SUNRISE   620 AM CDT   SUNSET   812 PM CDT
AUGUST 20 2016........SUNRISE   621 AM CDT   SUNSET   810 PM CDT


-  INDICATES NEGATIVE NUMBERS.
R  INDICATES RECORD WAS SET OR TIED.
MM INDICATES DATA IS MISSING.
T  INDICATES TRACE AMOUNT.




$$
