000
CDUS43 KMPX 230623
CLIMSP


CLIMATE REPORT
NATIONAL WEATHER SERVICE CHANHASSEN MN
1222 AM CST TUE DEC 23 2014


...................................

...THE TWIN CITIES MN CLIMATE SUMMARY FOR DECEMBER 22 2014...

CLIMATE NORMAL PERIOD 1981 TO 2010
CLIMATE RECORD PERIOD 1871 TO 2014


WEATHER ITEM   OBSERVED TIME   RECORD YEAR NORMAL DEPARTURE LAST
                VALUE   (LST)  VALUE       VALUE  FROM      YEAR
                                                  NORMAL
..................................................................
TEMPERATURE (F)
 YESTERDAY
  MAXIMUM         38        MM  53    1890  25     13       19
  MINIMUM         35        MM -20    1983  10     25        5
  AVERAGE         37                        18     19       12

PRECIPITATION (IN)
  YESTERDAY        0.12          0.52 1968   0.03   0.09     0.03
  MONTH TO DATE    0.59                      0.85  -0.26     1.11
  SINCE DEC 1      0.59                      0.85  -0.26     1.11
  SINCE JAN 1     35.13                     30.30   4.83    32.42

SNOWFALL (IN)
  YESTERDAY        0.0           7.6  1968   0.4   -0.4      0.8
  MONTH TO DATE    1.4                       8.7   -7.3     11.5
  SINCE DEC 1      1.4                       8.7   -7.3     11.5
  SINCE JUL 1     10.8                      18.6   -7.8     12.6
  SNOW DEPTH       0

DEGREE DAYS
 HEATING
  YESTERDAY       28                        47    -19       53
  MONTH TO DATE  842                       970   -128     1131
  SINCE DEC 1    842                       970   -128     1131
  SINCE JUL 1   2635                      2589     46     2632

 COOLING
  YESTERDAY        0                         0      0        0
  MONTH TO DATE    0                         0      0        0
  SINCE DEC 1      0                         0      0        0
  SINCE JAN 1    759                       753      6      983
..................................................................


WIND (MPH)
  HIGHEST WIND SPEED    16   HIGHEST WIND DIRECTION    SE (130)
  HIGHEST GUST SPEED    23   HIGHEST GUST DIRECTION    SE (150)
  AVERAGE WIND SPEED    12.5


SKY COVER
  POSSIBLE SUNSHINE  MM
  AVERAGE SKY COVER 1.0


WEATHER CONDITIONS
 THE FOLLOWING WEATHER WAS RECORDED YESTERDAY.
  LIGHT RAIN
  FOG


RELATIVE HUMIDITY (PERCENT)
 HIGHEST    92          1200 AM
 LOWEST     85           800 AM
 AVERAGE    89

..........................................................


THE TWIN CITIES MN CLIMATE NORMALS FOR TODAY
                         NORMAL    RECORD    YEAR
 MAXIMUM TEMPERATURE (F)   25        58      1888
 MINIMUM TEMPERATURE (F)   10       -27      1872


SUNRISE AND SUNSET
DECEMBER 23 2014......SUNRISE   749 AM CST   SUNSET   436 PM CST
DECEMBER 24 2014......SUNRISE   749 AM CST   SUNSET   436 PM CST


-  INDICATES NEGATIVE NUMBERS.
R  INDICATES RECORD WAS SET OR TIED.
MM INDICATES DATA IS MISSING.
T  INDICATES TRACE AMOUNT.




$$
