000
CDUS43 KMPX 280026
CLIMSP


CLIMATE REPORT
NATIONAL WEATHER SERVICE CHANHASSEN MN
726 PM CDT SAT JUN 27 2015


...................................

...THE TWIN CITIES MN CLIMATE SUMMARY FOR JUNE 27 2015...
VALID TODAY AS OF 0700 PM LOCAL TIME.

CLIMATE NORMAL PERIOD 1981 TO 2010
CLIMATE RECORD PERIOD 1871 TO 2015


WEATHER ITEM   OBSERVED TIME   RECORD YEAR NORMAL DEPARTURE LAST
                VALUE   (LST)  VALUE       VALUE  FROM      YEAR
                                                  NORMAL
..................................................................
TEMPERATURE (F)
 TODAY
  MAXIMUM         83    246 PM 104    1934  82      1       81
  MINIMUM         60    448 AM  44    1925  62     -2       70
  AVERAGE         72                        72      0       76

PRECIPITATION (IN)
  TODAY            0.00          2.00 1953   0.15  -0.15      T
  MONTH TO DATE    4.18                      3.82   0.36    10.85
  SINCE JUN 1      4.18                      3.82   0.36    10.85
  SINCE JAN 1     11.51                     13.40  -1.89    25.32

SNOWFALL (IN)
  TODAY            0.0           0.0    MM   0.0    0.0      0.0
  MONTH TO DATE    0.0                       0.0    0.0      0.0
  SINCE JUN 1      0.0                       0.0    0.0      0.0
  SINCE JUL 1     32.4                      54.4  -22.0     69.8
  SNOW DEPTH       0

DEGREE DAYS
 HEATING
  TODAY            0                         0      0        0
  MONTH TO DATE    7                        44    -37       21
  SINCE JUN 1      7                        44    -37       21
  SINCE JUL 1   7528                      7580    -52     8597

 COOLING
  TODAY            7                         8     -1       11
  MONTH TO DATE  134                       135     -1      133
  SINCE JUN 1    134                       135     -1      133
  SINCE JAN 1    161                       177    -16      185
..................................................................


WIND (MPH)
  HIGHEST WIND SPEED    15   HIGHEST WIND DIRECTION    SW (220)
  HIGHEST GUST SPEED    19   HIGHEST GUST DIRECTION     W (250)
  AVERAGE WIND SPEED     3.8


SKY COVER
  POSSIBLE SUNSHINE  MM
  AVERAGE SKY COVER 0.4


WEATHER CONDITIONS
 THE FOLLOWING WEATHER WAS RECORDED TODAY.
  FOG
  HAZE


RELATIVE HUMIDITY (PERCENT)
 HIGHEST    90           300 AM
 LOWEST     39           500 PM
 AVERAGE    65

..........................................................


THE TWIN CITIES MN CLIMATE NORMALS FOR TOMORROW
                         NORMAL    RECORD    YEAR
 MAXIMUM TEMPERATURE (F)   82       102      1931
 MINIMUM TEMPERATURE (F)   63        47      1924
                                             1895


SUNRISE AND SUNSET
JUNE 27 2015..........SUNRISE   528 AM CDT   SUNSET   903 PM CDT
JUNE 28 2015..........SUNRISE   529 AM CDT   SUNSET   903 PM CDT


-  INDICATES NEGATIVE NUMBERS.
R  INDICATES RECORD WAS SET OR TIED.
MM INDICATES DATA IS MISSING.
T  INDICATES TRACE AMOUNT.




$$
