157
CDUS43 KMPX 190634
CLIMSP


CLIMATE REPORT
NATIONAL WEATHER SERVICE CHANHASSEN MN
134 AM CDT WED JUL 19 2017


...................................

...THE TWIN CITIES MN CLIMATE SUMMARY FOR JULY 18 2017...

CLIMATE NORMAL PERIOD 1981 TO 2010
CLIMATE RECORD PERIOD 1871 TO 2017


WEATHER ITEM   OBSERVED TIME   RECORD YEAR NORMAL DEPARTURE LAST
                VALUE   (LST)  VALUE       VALUE  FROM      YEAR
                                                  NORMAL
..................................................................
TEMPERATURE (F)
 YESTERDAY
  MAXIMUM         82   1054 AM 101    1940  84     -2       88
  MINIMUM         66   1148 PM  49    1873  64      2       67
  AVERAGE         74                        74      0       78

PRECIPITATION (IN)
  YESTERDAY        0.08          2.94 1895   0.12  -0.04     0.00
  MONTH TO DATE    1.12                      2.30  -1.18     2.23
  SINCE JUN 1      5.35                      6.55  -1.20     6.72
  SINCE JAN 1     16.90                     16.13   0.77    15.64

SNOWFALL (IN)
  YESTERDAY        0.0           0.0    MM   0.0    0.0      0.0
  MONTH TO DATE    0.0                       0.0    0.0      0.0
  SINCE JUN 1      T                         0.0    0.0      0.0
  SINCE JUL 1      0.0                       0.0    0.0      0.0
  SNOW DEPTH       0

DEGREE DAYS
 HEATING
  YESTERDAY        0                         0      0        0
  MONTH TO DATE    0                         0      0        1
  SINCE JUN 1     12                        44    -32        8
  SINCE JUL 1      0                         0      0        1

 COOLING
  YESTERDAY        9                         9      0       13
  MONTH TO DATE  192                       160     32      159
  SINCE JUN 1    402                       318     84      362
  SINCE JAN 1    423                       360     63      438
..................................................................


WIND (MPH)
  HIGHEST WIND SPEED    17   HIGHEST WIND DIRECTION     S (160)
  HIGHEST GUST SPEED    27   HIGHEST GUST DIRECTION    NE (30)
  AVERAGE WIND SPEED     6.3


SKY COVER
  POSSIBLE SUNSHINE  MM
  AVERAGE SKY COVER 0.5


WEATHER CONDITIONS
 THE FOLLOWING WEATHER WAS RECORDED YESTERDAY.
  LIGHT RAIN
  FOG


RELATIVE HUMIDITY (PERCENT)
 HIGHEST    84           500 AM
 LOWEST     54           700 PM
 AVERAGE    69

..........................................................


THE TWIN CITIES MN CLIMATE NORMALS FOR TODAY
                         NORMAL    RECORD    YEAR
 MAXIMUM TEMPERATURE (F)   84       100      1977
                                             1940
 MINIMUM TEMPERATURE (F)   64        46      1873


SUNRISE AND SUNSET
JULY 19 2017..........SUNRISE   545 AM CDT   SUNSET   853 PM CDT
JULY 20 2017..........SUNRISE   546 AM CDT   SUNSET   852 PM CDT


-  INDICATES NEGATIVE NUMBERS.
R  INDICATES RECORD WAS SET OR TIED.
MM INDICATES DATA IS MISSING.
T  INDICATES TRACE AMOUNT.




$$
