761
CDUS43 KMPX 120646
CLIMSP


CLIMATE REPORT
NATIONAL WEATHER SERVICE CHANHASSEN MN
1245 AM CST SUN NOV 12 2017


...................................

...THE TWIN CITIES MN CLIMATE SUMMARY FOR NOVEMBER 11 2017...

CLIMATE NORMAL PERIOD 1981 TO 2010
CLIMATE RECORD PERIOD 1871 TO 2017


WEATHER ITEM   OBSERVED TIME   RECORD YEAR NORMAL DEPARTURE LAST
                VALUE   (LST)  VALUE       VALUE  FROM      YEAR
                                                  NORMAL
..................................................................
TEMPERATURE (F)
 YESTERDAY
  MAXIMUM         44    338 PM  64    2005  44      0       50
  MINIMUM         24   1203 AM  -1    1986  29     -5       36
  AVERAGE         34                        36     -2       43

PRECIPITATION (IN)
  YESTERDAY        0.00          2.52 1940   0.06  -0.06     0.00
  MONTH TO DATE    0.22                      0.66  -0.44     0.00
  SINCE SEP 1      5.75                      6.17  -0.42     8.88
  SINCE JAN 1     31.40                     28.34   3.06    35.20

SNOWFALL (IN)
  YESTERDAY        0.0           8.2  1940   0.3   -0.3      0.0
  MONTH TO DATE    0.6                       2.2   -1.6      0.0
  SINCE SEP 1      0.7                       2.8   -2.1       T
  SINCE JUL 1      0.7                       2.8   -2.1       T
  SNOW DEPTH       T

DEGREE DAYS
 HEATING
  YESTERDAY       31                        29      2       22
  MONTH TO DATE  374                       285     89      132
  SINCE SEP 1    856                       946    -90      551
  SINCE JUL 1    863                       965   -102      554

 COOLING
  YESTERDAY        0                         0      0        0
  MONTH TO DATE    0                         0      0        0
  SINCE SEP 1    142                        72     70       93
  SINCE JAN 1    830                       753     77      964
..................................................................


WIND (MPH)
  HIGHEST WIND SPEED    15   HIGHEST WIND DIRECTION     S (180)
  HIGHEST GUST SPEED    21   HIGHEST GUST DIRECTION     S (190)
  AVERAGE WIND SPEED     7.1


SKY COVER
  POSSIBLE SUNSHINE  MM
  AVERAGE SKY COVER 0.5


WEATHER CONDITIONS
 THE FOLLOWING WEATHER WAS RECORDED YESTERDAY.
  NO SIGNIFICANT WEATHER WAS OBSERVED.


RELATIVE HUMIDITY (PERCENT)
 HIGHEST    85           700 AM
 LOWEST     53           100 PM
 AVERAGE    69

..........................................................


THE TWIN CITIES MN CLIMATE NORMALS FOR TODAY
                         NORMAL    RECORD    YEAR
 MAXIMUM TEMPERATURE (F)   43        65      2001
 MINIMUM TEMPERATURE (F)   28        -4      1966


SUNRISE AND SUNSET
NOVEMBER 12 2017......SUNRISE   707 AM CST   SUNSET   447 PM CST
NOVEMBER 13 2017......SUNRISE   708 AM CST   SUNSET   446 PM CST


-  INDICATES NEGATIVE NUMBERS.
R  INDICATES RECORD WAS SET OR TIED.
MM INDICATES DATA IS MISSING.
T  INDICATES TRACE AMOUNT.




$$
