000
CDUS43 KMPX 120719
CLIMSP


CLIMATE REPORT
NATIONAL WEATHER SERVICE CHANHASSEN MN
219 AM CDT SAT APR 12 2014


...................................

...THE TWIN CITIES MN CLIMATE SUMMARY FOR APRIL 11 2014...

CLIMATE NORMAL PERIOD 1981 TO 2010
CLIMATE RECORD PERIOD 1871 TO 2014


WEATHER ITEM   OBSERVED TIME   RECORD YEAR NORMAL DEPARTURE LAST
                VALUE   (LST)  VALUE       VALUE  FROM      YEAR
                                                  NORMAL
..................................................................
TEMPERATURE (F)
 YESTERDAY
  MAXIMUM         63    429 PM  83    1968  56      7       36
                                      1890
  MINIMUM         43    355 AM  12    1940  35      8       31
  AVERAGE         53                        45      8       34

PRECIPITATION (IN)
  YESTERDAY        T             1.58 1887   0.08  -0.08     0.76
  MONTH TO DATE    0.81                      0.85  -0.04     2.20
  SINCE MAR 1      1.63                      2.74  -1.11     4.24
  SINCE JAN 1      4.46                      4.41   0.05     6.43

SNOWFALL (IN)
  YESTERDAY        0.0           5.7  1929   0.1   -0.1      4.4
  MONTH TO DATE    6.7                       1.2    5.5      5.8
  SINCE MAR 1     11.4                      11.5   -0.1     19.6
  SINCE JUL 1     69.5                      53.2   16.3     55.1
  SNOW DEPTH       0

DEGREE DAYS
 HEATING
  YESTERDAY       12                        20     -8       31
  MONTH TO DATE  246                       245      1      304
  SINCE MAR 1   1463                      1243    220     1470
  SINCE JUL 1   7916                      7033    883     7004

 COOLING
  YESTERDAY        0                         0      0        0
  MONTH TO DATE    0                         0      0        0
  SINCE MAR 1      0                         0      0        0
  SINCE JAN 1      0                         0      0        0
..................................................................


WIND (MPH)
  HIGHEST WIND SPEED    17   HIGHEST WIND DIRECTION     W (290)
  HIGHEST GUST SPEED    22   HIGHEST GUST DIRECTION     W (290)
  AVERAGE WIND SPEED     6.3


SKY COVER
  POSSIBLE SUNSHINE  MM
  AVERAGE SKY COVER 0.8


WEATHER CONDITIONS
 THE FOLLOWING WEATHER WAS RECORDED YESTERDAY.
  LIGHT RAIN
  HAZE


RELATIVE HUMIDITY (PERCENT)
 HIGHEST    67           400 AM
 LOWEST     25           400 PM
 AVERAGE    46

..........................................................


THE TWIN CITIES MN CLIMATE NORMALS FOR TODAY
                         NORMAL    RECORD    YEAR
 MAXIMUM TEMPERATURE (F)   56        83      1931
 MINIMUM TEMPERATURE (F)   36        12      1962


SUNRISE AND SUNSET
APRIL 12 2014.........SUNRISE   634 AM CDT   SUNSET   754 PM CDT
APRIL 13 2014.........SUNRISE   632 AM CDT   SUNSET   756 PM CDT


-  INDICATES NEGATIVE NUMBERS.
R  INDICATES RECORD WAS SET OR TIED.
MM INDICATES DATA IS MISSING.
T  INDICATES TRACE AMOUNT.




$$
