000
CDUS43 KMPX 162155
CLIMSP


CLIMATE REPORT
NATIONAL WEATHER SERVICE CHANHASSEN MN
455 PM CDT FRI SEP 16 2016


...................................

...THE TWIN CITIES MN CLIMATE SUMMARY FOR SEPTEMBER 16 2016...
VALID AS OF 0400 PM LOCAL TIME.

CLIMATE NORMAL PERIOD 1981 TO 2010
CLIMATE RECORD PERIOD 1871 TO 2016


WEATHER ITEM   OBSERVED TIME   RECORD YEAR NORMAL DEPARTURE LAST
                VALUE   (LST)  VALUE       VALUE  FROM      YEAR
                                                  NORMAL
..................................................................
TEMPERATURE (F)
 TODAY
  MAXIMUM         76    255 PM  94    1955  72      4       84
  MINIMUM         63    608 AM  38    1873  52     11       65
  AVERAGE         70                        62      8       75

PRECIPITATION (IN)
  TODAY            0.00          1.97 1997   0.10  -0.10     0.08
  MONTH TO DATE    2.51                      1.69   0.82     1.49
  SINCE SEP 1      2.51                      1.69   0.82     1.49
  SINCE JAN 1     28.83                     23.86   4.97    23.53

SNOWFALL (IN)
  TODAY            0.0           0.0    MM   0.0    0.0      0.0
  MONTH TO DATE    0.0                       0.0    0.0      0.0
  SINCE SEP 1      0.0                       0.0    0.0      0.0
  SINCE JUL 1      0.0                       0.0    0.0      0.0
  SNOW DEPTH       0

DEGREE DAYS
 HEATING
  TODAY            0                         5     -5        0
  MONTH TO DATE   10                        49    -39       20
  SINCE SEP 1     10                        49    -39       20
  SINCE JUL 1     13                        68    -55       35

 COOLING
  TODAY            5                         2      3       10
  MONTH TO DATE   68                        50     18      119
  SINCE SEP 1     68                        50     18      119
  SINCE JAN 1    939                       731    208      768
..................................................................


WIND (MPH)
  HIGHEST WIND SPEED    14   HIGHEST WIND DIRECTION     S (200)
  HIGHEST GUST SPEED    18   HIGHEST GUST DIRECTION     S (200)
  AVERAGE WIND SPEED     6.8


SKY COVER
  POSSIBLE SUNSHINE  MM
  AVERAGE SKY COVER 0.9


WEATHER CONDITIONS
 THE FOLLOWING WEATHER WAS RECORDED TODAY.
  NO SIGNIFICANT WEATHER WAS OBSERVED.


RELATIVE HUMIDITY (PERCENT)
 HIGHEST    93          1200 AM
 LOWEST     58           300 PM
 AVERAGE    76

..........................................................


THE TWIN CITIES MN CLIMATE NORMALS FOR TOMORROW
                         NORMAL    RECORD    YEAR
 MAXIMUM TEMPERATURE (F)   71        96      1895
 MINIMUM TEMPERATURE (F)   52        34      1943
                                             1875


SUNRISE AND SUNSET
SEPTEMBER 16 2016.....SUNRISE   653 AM CDT   SUNSET   721 PM CDT
SEPTEMBER 17 2016.....SUNRISE   655 AM CDT   SUNSET   719 PM CDT


-  INDICATES NEGATIVE NUMBERS.
R  INDICATES RECORD WAS SET OR TIED.
MM INDICATES DATA IS MISSING.
T  INDICATES TRACE AMOUNT.




$$
