000
CDUS43 KMPX 250658
CLIMSP


CLIMATE REPORT
NATIONAL WEATHER SERVICE CHANHASSEN MN
157 AM CDT WED MAY 25 2016


...................................

...THE TWIN CITIES MN CLIMATE SUMMARY FOR MAY 24 2016...

CLIMATE NORMAL PERIOD 1981 TO 2010
CLIMATE RECORD PERIOD 1871 TO 2016


WEATHER ITEM   OBSERVED TIME   RECORD YEAR NORMAL DEPARTURE LAST
                VALUE   (LST)  VALUE       VALUE  FROM      YEAR
                                                  NORMAL
..................................................................
TEMPERATURE (F)
 YESTERDAY
  MAXIMUM         86    510 PM  95    2010  72     14       64
  MINIMUM         66    600 AM  32    1925  51     15       58
  AVERAGE         76                        62     14       61

PRECIPITATION (IN)
  YESTERDAY        T             2.58 2012   0.11  -0.11     0.52
  MONTH TO DATE    1.25                      2.60  -1.35     2.26
  SINCE MAR 1      6.35                      7.15  -0.80     5.35
  SINCE JAN 1      7.75                      8.82  -1.07     6.04

SNOWFALL (IN)
  YESTERDAY        0.0           T    1924   0.0    0.0      0.0
  MONTH TO DATE    0.0                       0.0    0.0      0.0
  SINCE MAR 1      5.9                      12.7   -6.8      7.1
  SINCE JUL 1     36.7                      54.4  -17.7     32.4
  SNOW DEPTH       0

DEGREE DAYS
 HEATING
  YESTERDAY        0                         5     -5        4
  MONTH TO DATE  174                       188    -14      172
  SINCE MAR 1   1411                      1716   -305     1529
  SINCE JUL 1   6276                      7506  -1230     7494

 COOLING
  YESTERDAY       11                         2      9        0
  MONTH TO DATE   38                        24     14       14
  SINCE MAR 1     46                        29     17       14
  SINCE JAN 1     46                        29     17       14
..................................................................


WIND (MPH)
  HIGHEST WIND SPEED    14   HIGHEST WIND DIRECTION     W (260)
  HIGHEST GUST SPEED    17   HIGHEST GUST DIRECTION    SW (240)
  AVERAGE WIND SPEED     6.9


SKY COVER
  POSSIBLE SUNSHINE  MM
  AVERAGE SKY COVER 0.5


WEATHER CONDITIONS
 THE FOLLOWING WEATHER WAS RECORDED YESTERDAY.
  NO SIGNIFICANT WEATHER WAS OBSERVED.


RELATIVE HUMIDITY (PERCENT)
 HIGHEST    81           100 AM
 LOWEST     29           400 PM
 AVERAGE    55

..........................................................


THE TWIN CITIES MN CLIMATE NORMALS FOR TODAY
                         NORMAL    RECORD    YEAR
 MAXIMUM TEMPERATURE (F)   72        94      1978
 MINIMUM TEMPERATURE (F)   52        33      1901


SUNRISE AND SUNSET
MAY 25 2016...........SUNRISE   534 AM CDT   SUNSET   846 PM CDT
MAY 26 2016...........SUNRISE   533 AM CDT   SUNSET   847 PM CDT


-  INDICATES NEGATIVE NUMBERS.
R  INDICATES RECORD WAS SET OR TIED.
MM INDICATES DATA IS MISSING.
T  INDICATES TRACE AMOUNT.




$$
