000
CDUS43 KMPX 120711
CLIMSP


CLIMATE REPORT
NATIONAL WEATHER SERVICE CHANHASSEN MN
111 AM CST SUN MAR 12 2017


...................................

...THE TWIN CITIES MN CLIMATE SUMMARY FOR MARCH 11 2017...

CLIMATE NORMAL PERIOD 1981 TO 2010
CLIMATE RECORD PERIOD 1871 TO 2017


WEATHER ITEM   OBSERVED TIME   RECORD YEAR NORMAL DEPARTURE LAST
                VALUE   (LST)  VALUE       VALUE  FROM      YEAR
                                                  NORMAL
..................................................................
TEMPERATURE (F)
 YESTERDAY
  MAXIMUM         21    517 PM  66    2016  39    -18       66
                                      2012
  MINIMUM          8    724 AM -27    1948  22    -14       28
  AVERAGE         15                        30    -15       47

PRECIPITATION (IN)
  YESTERDAY        0.00          1.30 1990   0.05  -0.05     0.00
  MONTH TO DATE    0.14                      0.57  -0.43     0.05
  SINCE MAR 1      0.14                      0.57  -0.43     0.05
  SINCE JAN 1      1.76                      2.24  -0.48     1.45

SNOWFALL (IN)
  YESTERDAY        0.0           8.2  1962   0.4   -0.4      0.0
  MONTH TO DATE    1.0                       4.5   -3.5      0.4
  SINCE MAR 1      1.0                       4.5   -3.5      0.4
  SINCE JUL 1     27.8                      46.2  -18.4     31.2
  SNOW DEPTH       0

DEGREE DAYS
 HEATING
  YESTERDAY       50                        35     15       18
  MONTH TO DATE  384                       404    -20      293
  SINCE MAR 1    384                       404    -20      293
  SINCE JUL 1   5085                      6194  -1109     5158

 COOLING
  YESTERDAY        0                         0      0        0
  MONTH TO DATE    0                         0      0        0
  SINCE MAR 1      0                         0      0        0
  SINCE JAN 1      0                         0      0        0
..................................................................


WIND (MPH)
  HIGHEST WIND SPEED    16   HIGHEST WIND DIRECTION     N (20)
  HIGHEST GUST SPEED    21   HIGHEST GUST DIRECTION    NE (30)
  AVERAGE WIND SPEED     7.4


SKY COVER
  POSSIBLE SUNSHINE  MM
  AVERAGE SKY COVER 0.7


WEATHER CONDITIONS
 THE FOLLOWING WEATHER WAS RECORDED YESTERDAY.
  NO SIGNIFICANT WEATHER WAS OBSERVED.


RELATIVE HUMIDITY (PERCENT)
 HIGHEST    41           500 AM
 LOWEST     22           200 PM
 AVERAGE    32

..........................................................


THE TWIN CITIES MN CLIMATE NORMALS FOR TODAY
                         NORMAL    RECORD    YEAR
 MAXIMUM TEMPERATURE (F)   39        70      2016
 MINIMUM TEMPERATURE (F)   23        -8      1956


SUNRISE AND SUNSET
MARCH 12 2017.........SUNRISE   730 AM CDT   SUNSET   715 PM CDT
MARCH 13 2017.........SUNRISE   728 AM CDT   SUNSET   717 PM CDT


-  INDICATES NEGATIVE NUMBERS.
R  INDICATES RECORD WAS SET OR TIED.
MM INDICATES DATA IS MISSING.
T  INDICATES TRACE AMOUNT.




$$
