000
CDUS43 KMPX 150625
CLIMSP


CLIMATE REPORT
NATIONAL WEATHER SERVICE CHANHASSEN MN
125 AM CDT THU JUN 15 2017


...................................

...THE TWIN CITIES MN CLIMATE SUMMARY FOR JUNE 14 2017...

CLIMATE NORMAL PERIOD 1981 TO 2010
CLIMATE RECORD PERIOD 1871 TO 2017


WEATHER ITEM   OBSERVED TIME   RECORD YEAR NORMAL DEPARTURE LAST
                VALUE   (LST)  VALUE       VALUE  FROM      YEAR
                                                  NORMAL
..................................................................
TEMPERATURE (F)
 YESTERDAY
  MAXIMUM         85    445 PM  98    1987  79      6       74
  MINIMUM         66    450 AM  44    1927  59      7       64
                                      1917
                                      1909
  AVERAGE         76                        68      8       69

PRECIPITATION (IN)
  YESTERDAY        0.08          2.48 1924   0.15  -0.07     1.49
  MONTH TO DATE    2.26                      1.89   0.37     3.72
  SINCE JUN 1      2.26                      1.89   0.37     3.72
  SINCE JAN 1     13.81                     11.47   2.34    12.64

SNOWFALL (IN)
  YESTERDAY        0.0           0.0    MM   0.0    0.0      0.0
  MONTH TO DATE    T                         0.0    0.0      0.0
  SINCE JUN 1      T                         0.0    0.0      0.0
  SINCE JUL 1     32.0                      54.4  -22.4     36.7
  SNOW DEPTH       0

DEGREE DAYS
 HEATING
  YESTERDAY        0                         1     -1        0
  MONTH TO DATE    1                        33    -32        7
  SINCE JUN 1      1                        33    -32        7
  SINCE JUL 1   6299                      7569  -1270     6283

 COOLING
  YESTERDAY       11                         5      6        4
  MONTH TO DATE  141                        51     90       64
  SINCE JUN 1    141                        51     90       64
  SINCE JAN 1    162                        93     69      140
..................................................................


WIND (MPH)
  HIGHEST WIND SPEED    24   HIGHEST WIND DIRECTION    SE (120)
  HIGHEST GUST SPEED    29   HIGHEST GUST DIRECTION    SE (120)
  AVERAGE WIND SPEED     9.9


SKY COVER
  POSSIBLE SUNSHINE  MM
  AVERAGE SKY COVER 0.5


WEATHER CONDITIONS
 THE FOLLOWING WEATHER WAS RECORDED YESTERDAY.
  THUNDERSTORM
  RAIN
  LIGHT RAIN
  FOG
  HAZE


RELATIVE HUMIDITY (PERCENT)
 HIGHEST    87           100 AM
 LOWEST     39           800 PM
 AVERAGE    63

..........................................................


THE TWIN CITIES MN CLIMATE NORMALS FOR TODAY
                         NORMAL    RECORD    YEAR
 MAXIMUM TEMPERATURE (F)   79        94      1913
 MINIMUM TEMPERATURE (F)   59        41      1989


SUNRISE AND SUNSET
JUNE 15 2017..........SUNRISE   526 AM CDT   SUNSET   901 PM CDT
JUNE 16 2017..........SUNRISE   526 AM CDT   SUNSET   901 PM CDT


-  INDICATES NEGATIVE NUMBERS.
R  INDICATES RECORD WAS SET OR TIED.
MM INDICATES DATA IS MISSING.
T  INDICATES TRACE AMOUNT.




$$
