000
CDUS43 KMPX 180627
CLIMSP


CLIMATE REPORT
NATIONAL WEATHER SERVICE CHANHASSEN MN
1227 AM CST TUE NOV 18 2014


...................................

...THE TWIN CITIES MN CLIMATE SUMMARY FOR NOVEMBER 17 2014...

CLIMATE NORMAL PERIOD 1981 TO 2010
CLIMATE RECORD PERIOD 1871 TO 2014


WEATHER ITEM   OBSERVED TIME   RECORD YEAR NORMAL DEPARTURE LAST
                VALUE   (LST)  VALUE       VALUE  FROM      YEAR
                                                  NORMAL
..................................................................
TEMPERATURE (F)
 YESTERDAY
  MAXIMUM         15    520 PM  71    1953  40    -25       46
  MINIMUM          6    717 AM  -5    1880  26    -20       32
  AVERAGE         11                        33    -22       39

PRECIPITATION (IN)
  YESTERDAY        0.00          0.80 1886   0.06  -0.06     0.00
  MONTH TO DATE    0.54                      1.03  -0.49     0.51
  SINCE SEP 1      3.21                      6.54  -3.33     4.86
  SINCE JAN 1     34.21                     28.71   5.50    31.30

SNOWFALL (IN)
  YESTERDAY        0.0           9.0  1886   0.4   -0.4      0.0
  MONTH TO DATE    5.0                       4.1    0.9      1.1
  SINCE SEP 1      5.0                       4.7    0.3      1.1
  SINCE JUL 1      5.0                       4.7    0.3      1.1
  SNOW DEPTH       4

DEGREE DAYS
 HEATING
  YESTERDAY       54                        32     22       26
  MONTH TO DATE  599                       469    130      452
  SINCE SEP 1   1206                      1130     76      997
  SINCE JUL 1   1213                      1149     64     1005

 COOLING
  YESTERDAY        0                         0      0        0
  MONTH TO DATE    0                         0      0        0
  SINCE SEP 1     63                        72     -9      134
  SINCE JAN 1    759                       753      6      983
..................................................................


WIND (MPH)
  HIGHEST WIND SPEED    25   HIGHEST WIND DIRECTION    NW (300)
  HIGHEST GUST SPEED    33   HIGHEST GUST DIRECTION    NW (300)
  AVERAGE WIND SPEED    17.0


SKY COVER
  POSSIBLE SUNSHINE  MM
  AVERAGE SKY COVER 0.4


WEATHER CONDITIONS
 THE FOLLOWING WEATHER WAS RECORDED YESTERDAY.
  HAZE
  BLOWING SNOW


RELATIVE HUMIDITY (PERCENT)
 HIGHEST    80           800 AM
 LOWEST     58           400 PM
 AVERAGE    69

..........................................................


THE TWIN CITIES MN CLIMATE NORMALS FOR TODAY
                         NORMAL    RECORD    YEAR
 MAXIMUM TEMPERATURE (F)   40        68      1941
                                             1904
 MINIMUM TEMPERATURE (F)   25        -4      1891


SUNRISE AND SUNSET
NOVEMBER 18 2014......SUNRISE   714 AM CST   SUNSET   441 PM CST
NOVEMBER 19 2014......SUNRISE   716 AM CST   SUNSET   441 PM CST


-  INDICATES NEGATIVE NUMBERS.
R  INDICATES RECORD WAS SET OR TIED.
MM INDICATES DATA IS MISSING.
T  INDICATES TRACE AMOUNT.




$$
