000
CDUS43 KMPX 230632
CLIMSP


CLIMATE REPORT
NATIONAL WEATHER SERVICE CHANHASSEN MN
1232 AM CST MON FEB 23 2015


...................................

...THE TWIN CITIES MN CLIMATE SUMMARY FOR FEBRUARY 22 2015...

CLIMATE NORMAL PERIOD 1981 TO 2010
CLIMATE RECORD PERIOD 1871 TO 2015


WEATHER ITEM   OBSERVED TIME   RECORD YEAR NORMAL DEPARTURE LAST
                VALUE   (LST)  VALUE       VALUE  FROM      YEAR
                                                  NORMAL
..................................................................
TEMPERATURE (F)
 YESTERDAY
  MAXIMUM          0    456 PM  57    1930  31    -31       14
  MINIMUM         -9   1159 PM -22    1873  16    -25        4
  AVERAGE         -4                        23    -27        9

PRECIPITATION (IN)
  YESTERDAY        0.00          1.13 1922   0.04  -0.04     0.00
  MONTH TO DATE    0.32                      0.55  -0.23     1.36
  SINCE DEC 1      1.52                      2.61  -1.09     4.24
  SINCE JAN 1      0.66                      1.45  -0.79     2.78

SNOWFALL (IN)
  YESTERDAY        0.0           8.8  1913   0.3   -0.3      0.0
  MONTH TO DATE    4.6                       5.8   -1.2     17.3
  SINCE DEC 1     15.6                      29.9  -14.3     55.9
  SINCE JUL 1     25.0                      39.8  -14.8     57.0
  SNOW DEPTH       1

DEGREE DAYS
 HEATING
  YESTERDAY       69                        42     27       56
  MONTH TO DATE 1169                       996    173     1195
  SINCE DEC 1   3840                      3931    -91     4579
  SINCE JUL 1   5633                      5550     83     6080

 COOLING
  YESTERDAY        0                         0      0        0
  MONTH TO DATE    0                         0      0        0
  SINCE DEC 1      0                         0      0        0
  SINCE JAN 1      0                         0      0        0
..................................................................


WIND (MPH)
  HIGHEST WIND SPEED    21   HIGHEST WIND DIRECTION    NW (320)
  HIGHEST GUST SPEED    26   HIGHEST GUST DIRECTION    NW (320)
  AVERAGE WIND SPEED    12.5


SKY COVER
  POSSIBLE SUNSHINE  MM
  AVERAGE SKY COVER 0.1


WEATHER CONDITIONS
 THE FOLLOWING WEATHER WAS RECORDED YESTERDAY.
  NO SIGNIFICANT WEATHER WAS OBSERVED.


RELATIVE HUMIDITY (PERCENT)
 HIGHEST    65           100 AM
 LOWEST     51           200 PM
 AVERAGE    58

..........................................................


THE TWIN CITIES MN CLIMATE NORMALS FOR TODAY
                         NORMAL    RECORD    YEAR
 MAXIMUM TEMPERATURE (F)   32        59      1958
 MINIMUM TEMPERATURE (F)   16       -25      1889


SUNRISE AND SUNSET
FEBRUARY 23 2015......SUNRISE   701 AM CST   SUNSET   552 PM CST
FEBRUARY 24 2015......SUNRISE   659 AM CST   SUNSET   553 PM CST


-  INDICATES NEGATIVE NUMBERS.
R  INDICATES RECORD WAS SET OR TIED.
MM INDICATES DATA IS MISSING.
T  INDICATES TRACE AMOUNT.




$$
