000
CDUS43 KMPX 100939
CLIMSP


CLIMATE REPORT
NATIONAL WEATHER SERVICE CHANHASSEN MN
338 AM CST FRI FEB 10 2017


...................................

...THE TWIN CITIES MN CLIMATE SUMMARY FOR FEBRUARY 9 2017...

CLIMATE NORMAL PERIOD 1981 TO 2010
CLIMATE RECORD PERIOD 1871 TO 2017


WEATHER ITEM   OBSERVED TIME   RECORD YEAR NORMAL DEPARTURE LAST
                VALUE   (LST)  VALUE       VALUE  FROM      YEAR
                                                  NORMAL
..................................................................
TEMPERATURE (F)
 YESTERDAY
  MAXIMUM         21   1159 PM  52    1966  27     -6       17
  MINIMUM          3    757 AM -33    1899  11     -8        5
                                      1888
  AVERAGE         12                        19     -7       11

PRECIPITATION (IN)
  YESTERDAY        0.00          0.92 1965   0.02  -0.02      T
  MONTH TO DATE    0.01                      0.20  -0.19     0.60
  SINCE DEC 1      3.13                      2.26   0.87     3.23
  SINCE JAN 1      0.99                      1.10  -0.11     0.91

SNOWFALL (IN)
  YESTERDAY        0.0           8.0  1939   0.2   -0.2       T
  MONTH TO DATE    0.3                       2.4   -2.1     10.1
  SINCE DEC 1     24.5                      26.5   -2.0     23.7
  SINCE JUL 1     26.8                      36.4   -9.6     28.8
  SNOW DEPTH       T

DEGREE DAYS
 HEATING
  YESTERDAY       53                        46      7       54
  MONTH TO DATE  418                       425     -7      391
  SINCE DEC 1   3136                      3360   -224     2925
  SINCE JUL 1   4180                      4979   -799     4100

 COOLING
  YESTERDAY        0                         0      0        0
  MONTH TO DATE    0                         0      0        0
  SINCE DEC 1      0                         0      0        0
  SINCE JAN 1      0                         0      0        0
..................................................................


WIND (MPH)
  HIGHEST WIND SPEED    17   HIGHEST WIND DIRECTION     S (180)
  HIGHEST GUST SPEED    22   HIGHEST GUST DIRECTION    NW (300)
  AVERAGE WIND SPEED     9.2


SKY COVER
  POSSIBLE SUNSHINE  MM
  AVERAGE SKY COVER 0.3


WEATHER CONDITIONS
 THE FOLLOWING WEATHER WAS RECORDED YESTERDAY.
  NO SIGNIFICANT WEATHER WAS OBSERVED.


RELATIVE HUMIDITY (PERCENT)
 HIGHEST    68           300 AM
 LOWEST     41           500 PM
 AVERAGE    55

..........................................................


THE TWIN CITIES MN CLIMATE NORMALS FOR TODAY
                         NORMAL    RECORD    YEAR
 MAXIMUM TEMPERATURE (F)   27        49      1877
 MINIMUM TEMPERATURE (F)   11       -24      1885


SUNRISE AND SUNSET
FEBRUARY 10 2017......SUNRISE   720 AM CST   SUNSET   534 PM CST
FEBRUARY 11 2017......SUNRISE   719 AM CST   SUNSET   536 PM CST


-  INDICATES NEGATIVE NUMBERS.
R  INDICATES RECORD WAS SET OR TIED.
MM INDICATES DATA IS MISSING.
T  INDICATES TRACE AMOUNT.




$$
