000
CDUS43 KMPX 102135
CLIMSP


CLIMATE REPORT
NATIONAL WEATHER SERVICE CHANHASSEN MN
435 PM CDT THU APR 10 2014


...................................

...THE TWIN CITIES MN CLIMATE SUMMARY FOR APRIL 10 2014...
VALID AS OF 0400 PM LOCAL TIME.

CLIMATE NORMAL PERIOD 1981 TO 2010
CLIMATE RECORD PERIOD 1871 TO 2014


WEATHER ITEM   OBSERVED TIME   RECORD YEAR NORMAL DEPARTURE LAST
                VALUE   (LST)  VALUE       VALUE  FROM      YEAR
                                                  NORMAL
..................................................................
TEMPERATURE (F)
 TODAY
  MAXIMUM         62   1225 AM  88    1977  55      7       40
  MINIMUM         45    617 AM  18    1962  35     10       30
  AVERAGE         54                        45      9       35

PRECIPITATION (IN)
  TODAY            T             1.33 1883   0.09  -0.09     0.09
  MONTH TO DATE    0.81                      0.77   0.04     1.44
  SINCE MAR 1      1.63                      2.66  -1.03     3.48
  SINCE JAN 1      4.46                      4.33   0.13     5.67

SNOWFALL (IN)
  TODAY            0.0           6.0  1891   0.1   -0.1      0.7
  MONTH TO DATE    6.7                       1.1    5.6      1.4
  SINCE MAR 1     11.4                      11.4    0.0     15.2
  SINCE JUL 1     69.5                      53.1   16.4     50.7
  SNOW DEPTH       0

DEGREE DAYS
 HEATING
  TODAY           11                        20     -9       30
  MONTH TO DATE  234                       225      9      273
  SINCE MAR 1   1451                      1223    228     1439
  SINCE JUL 1   7904                      7013    891     6973

 COOLING
  TODAY            0                         0      0        0
  MONTH TO DATE    0                         0      0        0
  SINCE MAR 1      0                         0      0        0
  SINCE JAN 1      0                         0      0        0
..................................................................


WIND (MPH)
  HIGHEST WIND SPEED    29   HIGHEST WIND DIRECTION     W (290)
  HIGHEST GUST SPEED    38   HIGHEST GUST DIRECTION     W (290)
  AVERAGE WIND SPEED    16.2


SKY COVER
  POSSIBLE SUNSHINE  MM
  AVERAGE SKY COVER 0.5


WEATHER CONDITIONS
 THE FOLLOWING WEATHER WAS RECORDED TODAY.
  HAZE


RELATIVE HUMIDITY (PERCENT)
 HIGHEST    59           200 AM
 LOWEST     19           100 PM
 AVERAGE    39

..........................................................


THE TWIN CITIES MN CLIMATE NORMALS FOR TOMORROW
                         NORMAL    RECORD    YEAR
 MAXIMUM TEMPERATURE (F)   56        83      1968
                                             1890
 MINIMUM TEMPERATURE (F)   35        12      1940


SUNRISE AND SUNSET
APRIL 10 2014.........SUNRISE   637 AM CDT   SUNSET   752 PM CDT
APRIL 11 2014.........SUNRISE   635 AM CDT   SUNSET   753 PM CDT


-  INDICATES NEGATIVE NUMBERS.
R  INDICATES RECORD WAS SET OR TIED.
MM INDICATES DATA IS MISSING.
T  INDICATES TRACE AMOUNT.




$$
