000
CDUS43 KMPX 200711
CLIMSP


CLIMATE REPORT
NATIONAL WEATHER SERVICE CHANHASSEN MN
110 AM CST THU NOV 20 2014


...................................

...THE TWIN CITIES MN CLIMATE SUMMARY FOR NOVEMBER 19 2014...

CLIMATE NORMAL PERIOD 1981 TO 2010
CLIMATE RECORD PERIOD 1871 TO 2014


WEATHER ITEM   OBSERVED TIME   RECORD YEAR NORMAL DEPARTURE LAST
                VALUE   (LST)  VALUE       VALUE  FROM      YEAR
                                                  NORMAL
..................................................................
TEMPERATURE (F)
 YESTERDAY
  MAXIMUM         23    459 PM  65    1930  39    -16       47
  MINIMUM         16   1159 PM  -5    1932  24     -8       23
  AVERAGE         20                        32    -12       35

PRECIPITATION (IN)
  YESTERDAY        0.02          1.00 1983   0.07  -0.05     0.00
  MONTH TO DATE    0.56                      1.16  -0.60     0.51
  SINCE SEP 1      3.23                      6.67  -3.44     4.86
  SINCE JAN 1     34.23                     28.84   5.39    31.30

SNOWFALL (IN)
  YESTERDAY        0.5           6.2  1981   0.4    0.1      0.0
  MONTH TO DATE    5.5                       4.8    0.7      1.1
  SINCE SEP 1      5.5                       5.4    0.1      1.1
  SINCE JUL 1      5.5                       5.4    0.1      1.1
  SNOW DEPTH       4

DEGREE DAYS
 HEATING
  YESTERDAY       45                        33     12       30
  MONTH TO DATE  696                       535    161      516
  SINCE SEP 1   1303                      1196    107     1061
  SINCE JUL 1   1310                      1215     95     1069

 COOLING
  YESTERDAY        0                         0      0        0
  MONTH TO DATE    0                         0      0        0
  SINCE SEP 1     63                        72     -9      134
  SINCE JAN 1    759                       753      6      983
..................................................................


WIND (MPH)
  HIGHEST WIND SPEED    28   HIGHEST WIND DIRECTION    NW (310)
  HIGHEST GUST SPEED    36   HIGHEST GUST DIRECTION    NW (310)
  AVERAGE WIND SPEED    14.3


SKY COVER
  POSSIBLE SUNSHINE  MM
  AVERAGE SKY COVER 0.8


WEATHER CONDITIONS
 THE FOLLOWING WEATHER WAS RECORDED YESTERDAY.
  LIGHT SNOW
  FOG
  HAZE


RELATIVE HUMIDITY (PERCENT)
 HIGHEST    84           200 AM
 LOWEST     59           200 PM
 AVERAGE    72

..........................................................


THE TWIN CITIES MN CLIMATE NORMALS FOR TODAY
                         NORMAL    RECORD    YEAR
 MAXIMUM TEMPERATURE (F)   38        63      1925
 MINIMUM TEMPERATURE (F)   24        -3      1921


SUNRISE AND SUNSET
NOVEMBER 20 2014......SUNRISE   717 AM CST   SUNSET   440 PM CST
NOVEMBER 21 2014......SUNRISE   718 AM CST   SUNSET   439 PM CST


-  INDICATES NEGATIVE NUMBERS.
R  INDICATES RECORD WAS SET OR TIED.
MM INDICATES DATA IS MISSING.
T  INDICATES TRACE AMOUNT.




$$
