000
CDUS43 KMPX 052243
CLIMSP


CLIMATE REPORT
NATIONAL WEATHER SERVICE CHANHASSEN MN
443 PM CST FRI FEB 5 2016


...................................

...THE TWIN CITIES MN CLIMATE SUMMARY FOR FEBRUARY 5 2016...
VALID AS OF 0400 PM LOCAL TIME.

CLIMATE NORMAL PERIOD 1981 TO 2010
CLIMATE RECORD PERIOD 1871 TO 2016


WEATHER ITEM   OBSERVED TIME   RECORD YEAR NORMAL DEPARTURE LAST
                VALUE   (LST)  VALUE       VALUE  FROM      YEAR
                                                  NORMAL
..................................................................
TEMPERATURE (F)
 TODAY
  MAXIMUM         29    351 PM  51    2005  26      3       19
  MINIMUM          6    813 AM -27    1979  10     -4       -7
  AVERAGE         18                        18      0        6

PRECIPITATION (IN)
  TODAY            0.00          0.52 1908   0.02  -0.02     0.00
  MONTH TO DATE    0.58                      0.12   0.46     0.09
  SINCE DEC 1      3.21                      2.18   1.03     1.29
  SINCE JAN 1      0.89                      1.02  -0.13     0.43

SNOWFALL (IN)
  TODAY            0.0           7.5  1908   0.3   -0.3      0.0
  MONTH TO DATE    9.7                       1.5    8.2      2.4
  SINCE DEC 1     23.3                      25.6   -2.3     13.4
  SINCE JUL 1     28.4                      35.5   -7.1     22.8
  SNOW DEPTH       6

DEGREE DAYS
 HEATING
  TODAY           47                        47      0       59
  MONTH TO DATE  215                       239    -24      280
  SINCE DEC 1   2749                      3174   -425     2951
  SINCE JUL 1   3924                      4793   -869     4744

 COOLING
  TODAY            0                         0      0        0
  MONTH TO DATE    0                         0      0        0
  SINCE DEC 1      0                         0      0        0
  SINCE JAN 1      0                         0      0        0
..................................................................


WIND (MPH)
  HIGHEST WIND SPEED    15   HIGHEST WIND DIRECTION    SW (210)
  HIGHEST GUST SPEED    19   HIGHEST GUST DIRECTION     S (200)
  AVERAGE WIND SPEED     5.7


SKY COVER
  POSSIBLE SUNSHINE  MM
  AVERAGE SKY COVER 0.6


WEATHER CONDITIONS
 THE FOLLOWING WEATHER WAS RECORDED TODAY.
  FOG


RELATIVE HUMIDITY (PERCENT)
 HIGHEST    91           400 AM
 LOWEST     50           400 PM
 AVERAGE    71

..........................................................


THE TWIN CITIES MN CLIMATE NORMALS FOR TOMORROW
                         NORMAL    RECORD    YEAR
 MAXIMUM TEMPERATURE (F)   26        51      1925
 MINIMUM TEMPERATURE (F)   10       -24      1936
                                             1875


SUNRISE AND SUNSET
FEBRUARY  5 2016......SUNRISE   728 AM CST   SUNSET   526 PM CST
FEBRUARY  6 2016......SUNRISE   727 AM CST   SUNSET   528 PM CST


-  INDICATES NEGATIVE NUMBERS.
R  INDICATES RECORD WAS SET OR TIED.
MM INDICATES DATA IS MISSING.
T  INDICATES TRACE AMOUNT.




$$
