000
CDUS43 KMPX 230640
CLIMSP


CLIMATE REPORT
NATIONAL WEATHER SERVICE CHANHASSEN MN
140 AM CDT MON MAR 23 2015


...................................

...THE TWIN CITIES MN CLIMATE SUMMARY FOR MARCH 22 2015...

CLIMATE NORMAL PERIOD 1981 TO 2010
CLIMATE RECORD PERIOD 1871 TO 2015


WEATHER ITEM   OBSERVED TIME   RECORD YEAR NORMAL DEPARTURE LAST
                VALUE   (LST)  VALUE       VALUE  FROM      YEAR
                                                  NORMAL
..................................................................
TEMPERATURE (F)
 YESTERDAY
  MAXIMUM         35    158 PM  71    1945  44     -9       22
  MINIMUM         29   1138 PM -14    1888  27      2        8
  AVERAGE         32                        35     -3       15

PRECIPITATION (IN)
  YESTERDAY        0.20          1.40 1952   0.06   0.14     0.00
  MONTH TO DATE    0.33                      1.26  -0.93     0.29
  SINCE MAR 1      0.33                      1.26  -0.93     0.29
  SINCE JAN 1      1.02                      2.93  -1.91     3.12

SNOWFALL (IN)
  YESTERDAY        3.1          13.7  1952   0.3    2.8      0.0
  MONTH TO DATE    5.0                       8.3   -3.3      3.4
  SINCE MAR 1      5.0                       8.3   -3.3      3.4
  SINCE JUL 1     30.3                      50.0  -19.7     61.5
  SNOW DEPTH       0

DEGREE DAYS
 HEATING
  YESTERDAY       33                        30      3       50
  MONTH TO DATE  648                       754   -106      911
  SINCE MAR 1    648                       754   -106      911
  SINCE JUL 1   6613                      6544     69     7364

 COOLING
  YESTERDAY        0                         0      0        0
  MONTH TO DATE    0                         0      0        0
  SINCE MAR 1      0                         0      0        0
  SINCE JAN 1      0                         0      0        0
..................................................................


WIND (MPH)
  HIGHEST WIND SPEED    18   HIGHEST WIND DIRECTION     E (70)
  HIGHEST GUST SPEED    24   HIGHEST GUST DIRECTION    NE (60)
  AVERAGE WIND SPEED    11.0


SKY COVER
  POSSIBLE SUNSHINE  MM
  AVERAGE SKY COVER 0.9


WEATHER CONDITIONS
 THE FOLLOWING WEATHER WAS RECORDED YESTERDAY.
  SNOW
  LIGHT SNOW
  FOG


RELATIVE HUMIDITY (PERCENT)
 HIGHEST   100           700 PM
 LOWEST     36          1200 AM
 AVERAGE    68

..........................................................


THE TWIN CITIES MN CLIMATE NORMALS FOR TODAY
                         NORMAL    RECORD    YEAR
 MAXIMUM TEMPERATURE (F)   45        83      1910
 MINIMUM TEMPERATURE (F)   27        -4      1965


SUNRISE AND SUNSET
MARCH 23 2015.........SUNRISE   711 AM CDT   SUNSET   729 PM CDT
MARCH 24 2015.........SUNRISE   709 AM CDT   SUNSET   730 PM CDT


-  INDICATES NEGATIVE NUMBERS.
R  INDICATES RECORD WAS SET OR TIED.
MM INDICATES DATA IS MISSING.
T  INDICATES TRACE AMOUNT.




$$
