000
CDUS43 KMPX 200104
CLIMSP


CLIMATE REPORT
NATIONAL WEATHER SERVICE CHANHASSEN MN
804 PM CDT WED APR 19 2017


...................................

...THE TWIN CITIES MN CLIMATE SUMMARY FOR APRIL 19 2017...
VALID TODAY AS OF 0800 PM LOCAL TIME.

CLIMATE NORMAL PERIOD 1981 TO 2010
CLIMATE RECORD PERIOD 1871 TO 2017


WEATHER ITEM   OBSERVED TIME   RECORD YEAR NORMAL DEPARTURE LAST
                VALUE   (LST)  VALUE       VALUE  FROM      YEAR
                                                  NORMAL
..................................................................
TEMPERATURE (F)
 TODAY
  MAXIMUM         51   1206 PM  87    1985  60     -9       59
  MINIMUM         45    811 AM  19    1928  39      6       48
  AVERAGE         48                        49     -1       54

PRECIPITATION (IN)
  TODAY            0.53          1.28 1871   0.09   0.44     0.08
  MONTH TO DATE    2.46                      1.55   0.91     0.42
  SINCE MAR 1      3.14                      3.44  -0.30     2.68
  SINCE JAN 1      4.76                      5.11  -0.35     4.08

SNOWFALL (IN)
  TODAY            0.0           1.2  1982   0.0    0.0      0.0
  MONTH TO DATE    0.5                       1.8   -1.3      0.5
  SINCE MAR 1      5.2                      12.1   -6.9      5.9
  SINCE JUL 1     32.0                      53.8  -21.8     36.7
  SNOW DEPTH       0

DEGREE DAYS
 HEATING
  TODAY           17                        16      1       11
  MONTH TO DATE  250                       385   -135      357
  SINCE MAR 1   1205                      1383   -178     1085
  SINCE JUL 1   5906                      7173  -1267     5950

 COOLING
  TODAY            0                         0      0        0
  MONTH TO DATE    0                         0      0        8
  SINCE MAR 1      0                         0      0        8
  SINCE JAN 1      0                         0      0        8
..................................................................


WIND (MPH)
  HIGHEST WIND SPEED    26   HIGHEST WIND DIRECTION    NE (60)
  HIGHEST GUST SPEED    33   HIGHEST GUST DIRECTION    NE (60)
  AVERAGE WIND SPEED    11.3


SKY COVER
  POSSIBLE SUNSHINE  MM
  AVERAGE SKY COVER 1.0


WEATHER CONDITIONS
 THE FOLLOWING WEATHER WAS RECORDED TODAY.
  THUNDERSTORM
  HEAVY RAIN
  RAIN
  LIGHT RAIN
  FOG


RELATIVE HUMIDITY (PERCENT)
 HIGHEST    86           300 PM
 LOWEST     61          1200 PM
 AVERAGE    74

..........................................................


THE TWIN CITIES MN CLIMATE NORMALS FOR TOMORROW
                         NORMAL    RECORD    YEAR
 MAXIMUM TEMPERATURE (F)   60        83      1980
 MINIMUM TEMPERATURE (F)   39        21      2013


SUNRISE AND SUNSET
APRIL 19 2017.........SUNRISE   621 AM CDT   SUNSET   804 PM CDT
APRIL 20 2017.........SUNRISE   619 AM CDT   SUNSET   805 PM CDT


-  INDICATES NEGATIVE NUMBERS.
R  INDICATES RECORD WAS SET OR TIED.
MM INDICATES DATA IS MISSING.
T  INDICATES TRACE AMOUNT.




$$
