000
CDUS43 KMPX 212254
CLIMSP


CLIMATE REPORT
NATIONAL WEATHER SERVICE CHANHASSEN MN
453 PM CST SUN DEC 21 2014


...................................

...THE TWIN CITIES MN CLIMATE SUMMARY FOR DECEMBER 21 2014...
VALID AS OF 0400 PM LOCAL TIME.

CLIMATE NORMAL PERIOD 1981 TO 2010
CLIMATE RECORD PERIOD 1871 TO 2014


WEATHER ITEM   OBSERVED TIME   RECORD YEAR NORMAL DEPARTURE LAST
                VALUE   (LST)  VALUE       VALUE  FROM      YEAR
                                                  NORMAL
..................................................................
TEMPERATURE (F)
 TODAY
  MAXIMUM         38    133 PM  56    1877  25     13       23
  MINIMUM         31    350 AM -24    1916  11     20       16
  AVERAGE         35                        18     17       20

PRECIPITATION (IN)
  TODAY            0.15          0.71 2006   0.04   0.11     0.00
  MONTH TO DATE    0.43                      0.82  -0.39     1.08
  SINCE DEC 1      0.43                      0.82  -0.39     1.08
  SINCE JAN 1     34.97                     30.27   4.70    32.39

SNOWFALL (IN)
  TODAY            0.1           5.3  1920   0.4   -0.3      0.0
  MONTH TO DATE    1.4                       8.3   -6.9     10.7
  SINCE DEC 1      1.4                       8.3   -6.9     10.7
  SINCE JUL 1     10.8                      18.2   -7.4     11.8
  SNOW DEPTH       1

DEGREE DAYS
 HEATING
  TODAY           30                        47    -17       45
  MONTH TO DATE  814                       923   -109     1078
  SINCE DEC 1    814                       923   -109     1078
  SINCE JUL 1   2607                      2542     65     2579

 COOLING
  TODAY            0                         0      0        0
  MONTH TO DATE    0                         0      0        0
  SINCE DEC 1      0                         0      0        0
  SINCE JAN 1    759                       753      6      983
..................................................................


WIND (MPH)
  HIGHEST WIND SPEED    16   HIGHEST WIND DIRECTION    SE (150)
  HIGHEST GUST SPEED    23   HIGHEST GUST DIRECTION     S (160)
  AVERAGE WIND SPEED    10.6


SKY COVER
  POSSIBLE SUNSHINE  MM
  AVERAGE SKY COVER 1.0


WEATHER CONDITIONS
 THE FOLLOWING WEATHER WAS RECORDED TODAY.
  LIGHT RAIN
  SNOW
  LIGHT SNOW
  SLEET
  FOG


RELATIVE HUMIDITY (PERCENT)
 HIGHEST   100          1000 AM
 LOWEST     85          1200 AM
 AVERAGE    93

..........................................................


THE TWIN CITIES MN CLIMATE NORMALS FOR TOMORROW
                         NORMAL    RECORD    YEAR
 MAXIMUM TEMPERATURE (F)   25        53      1890
 MINIMUM TEMPERATURE (F)   10       -20      1983


SUNRISE AND SUNSET
DECEMBER 21 2014......SUNRISE   748 AM CST   SUNSET   434 PM CST
DECEMBER 22 2014......SUNRISE   748 AM CST   SUNSET   435 PM CST


-  INDICATES NEGATIVE NUMBERS.
R  INDICATES RECORD WAS SET OR TIED.
MM INDICATES DATA IS MISSING.
T  INDICATES TRACE AMOUNT.




$$
