000
CDUS43 KMPX 150724
CLIMSP


CLIMATE REPORT
NATIONAL WEATHER SERVICE CHANHASSEN MN
124 AM CST THU FEB 15 2018


...................................

...THE TWIN CITIES MN CLIMATE SUMMARY FOR FEBRUARY 14 2018...

CLIMATE NORMAL PERIOD 1981 TO 2010
CLIMATE RECORD PERIOD 1871 TO 2018


WEATHER ITEM   OBSERVED TIME   RECORD YEAR NORMAL DEPARTURE LAST
                VALUE   (LST)  VALUE       VALUE  FROM      YEAR
                                                  NORMAL
..................................................................
TEMPERATURE (F)
 YESTERDAY
  MAXIMUM         43    347 PM  50    1882  29     14       43
  MINIMUM         17    800 AM -25    1875  12      5       26
  AVERAGE         30                        20     10       35

PRECIPITATION (IN)
  YESTERDAY        0.00          0.43 1950   0.02  -0.02     0.00
  MONTH TO DATE    0.18                      0.32  -0.14     0.03
  SINCE DEC 1      2.52                      2.38   0.14     3.15
  SINCE JAN 1      1.73                      1.22   0.51     1.01

SNOWFALL (IN)
  YESTERDAY        0.0           6.4  1950   0.2   -0.2      0.0
  MONTH TO DATE    3.2                       3.6   -0.4      0.3
  SINCE DEC 1     30.0                      27.7    2.3     24.5
  SINCE JUL 1     30.7                      37.6   -6.9     26.8
  SNOW DEPTH       5

DEGREE DAYS
 HEATING
  YESTERDAY       35                        45    -10       30
  MONTH TO DATE  785                       652    133      562
  SINCE DEC 1   3699                      3587    112     3280
  SINCE JUL 1   5109                      5206    -97     4324

 COOLING
  YESTERDAY        0                         0      0        0
  MONTH TO DATE    0                         0      0        0
  SINCE DEC 1      0                         0      0        0
  SINCE JAN 1      0                         0      0        0
..................................................................


WIND (MPH)
  HIGHEST WIND SPEED    16   HIGHEST WIND DIRECTION     S (200)
  HIGHEST GUST SPEED    21   HIGHEST GUST DIRECTION     S (190)
  AVERAGE WIND SPEED     7.5


SKY COVER
  POSSIBLE SUNSHINE  MM
  AVERAGE SKY COVER 0.0


WEATHER CONDITIONS
 THE FOLLOWING WEATHER WAS RECORDED YESTERDAY.
  FOG


RELATIVE HUMIDITY (PERCENT)
 HIGHEST   100           800 AM
 LOWEST     57           300 PM
 AVERAGE    79

..........................................................


THE TWIN CITIES MN CLIMATE NORMALS FOR TODAY
                         NORMAL    RECORD    YEAR
 MAXIMUM TEMPERATURE (F)   29        63      1921
 MINIMUM TEMPERATURE (F)   13       -25      1875


SUNRISE AND SUNSET
FEBRUARY 15 2018......SUNRISE   713 AM CST   SUNSET   541 PM CST
FEBRUARY 16 2018......SUNRISE   712 AM CST   SUNSET   543 PM CST


-  INDICATES NEGATIVE NUMBERS.
R  INDICATES RECORD WAS SET OR TIED.
MM INDICATES DATA IS MISSING.
T  INDICATES TRACE AMOUNT.




$$
