000
CDUS43 KMPX 270026
CLIMSP


CLIMATE REPORT
NATIONAL WEATHER SERVICE CHANHASSEN MN
726 PM CDT TUE AUG 26 2014


...................................

...THE TWIN CITIES MN CLIMATE SUMMARY FOR AUGUST 26 2014...
VALID TODAY AS OF 0700 PM LOCAL TIME.

CLIMATE NORMAL PERIOD 1981 TO 2010
CLIMATE RECORD PERIOD 1871 TO 2014


WEATHER ITEM   OBSERVED TIME   RECORD YEAR NORMAL DEPARTURE LAST
                VALUE   (LST)  VALUE       VALUE  FROM      YEAR
                                                  NORMAL
..................................................................
TEMPERATURE (F)
 TODAY
  MAXIMUM         76    321 PM  97    2013  79     -3       97
  MINIMUM         56    652 AM  44    1968  60     -4       80
                                      1964
  AVERAGE         66                        70     -4       89

PRECIPITATION (IN)
  TODAY            0.00          2.04 2005   0.12  -0.12     0.00
  MONTH TO DATE    1.43                      3.69  -2.26     1.98
  SINCE JUN 1     15.06                     11.98   3.08    10.66
  SINCE JAN 1     29.53                     21.56   7.97    26.35

SNOWFALL (IN)
  TODAY            0.0           0.0    MM   0.0    0.0      0.0
  MONTH TO DATE    0.0                       0.0    0.0       T
  SINCE JUN 1      0.0                       0.0    0.0       T
  SINCE JUL 1      0.0                       0.0    0.0       T
  SNOW DEPTH       0

DEGREE DAYS
 HEATING
  TODAY            0                         1     -1        0
  MONTH TO DATE    0                         5     -5        0
  SINCE JUN 1     28                        54    -26       50
  SINCE JUL 1      7                        10     -3        8

 COOLING
  TODAY            1                         5     -4       24
  MONTH TO DATE  236                       180     56      222
  SINCE JUN 1    615                       614      1      708
  SINCE JAN 1    667                       656     11      761
..................................................................


WIND (MPH)
  HIGHEST WIND SPEED    20   HIGHEST WIND DIRECTION    NW (320)
  HIGHEST GUST SPEED    26   HIGHEST GUST DIRECTION    NW (320)
  AVERAGE WIND SPEED     8.3


SKY COVER
  POSSIBLE SUNSHINE  MM
  AVERAGE SKY COVER 0.5


WEATHER CONDITIONS
 THE FOLLOWING WEATHER WAS RECORDED TODAY.
  NO SIGNIFICANT WEATHER WAS OBSERVED.


RELATIVE HUMIDITY (PERCENT)
 HIGHEST    78           200 AM
 LOWEST     41           200 PM
 AVERAGE    60

..........................................................


THE TWIN CITIES MN CLIMATE NORMALS FOR TOMORROW
                         NORMAL    RECORD    YEAR
 MAXIMUM TEMPERATURE (F)   79        99      1926
 MINIMUM TEMPERATURE (F)   60        42      1887


SUNRISE AND SUNSET
AUGUST 26 2014........SUNRISE   628 AM CDT   SUNSET   800 PM CDT
AUGUST 27 2014........SUNRISE   629 AM CDT   SUNSET   759 PM CDT


-  INDICATES NEGATIVE NUMBERS.
R  INDICATES RECORD WAS SET OR TIED.
MM INDICATES DATA IS MISSING.
T  INDICATES TRACE AMOUNT.




$$
