000
CDUS43 KMPX 070910
CLIMSP


CLIMATE REPORT
NATIONAL WEATHER SERVICE CHANHASSEN MN
309 AM CST SAT JAN 7 2017


...................................

...THE TWIN CITIES MN CLIMATE SUMMARY FOR JANUARY 6 2017...

CLIMATE NORMAL PERIOD 1981 TO 2010
CLIMATE RECORD PERIOD 1871 TO 2017


WEATHER ITEM   OBSERVED TIME   RECORD YEAR NORMAL DEPARTURE LAST
                VALUE   (LST)  VALUE       VALUE  FROM      YEAR
                                                  NORMAL
..................................................................
TEMPERATURE (F)
 YESTERDAY
  MAXIMUM          5    512 PM  49    1900  23    -18       33
  MINIMUM         -9    908 AM -27    1912   8    -17       23
                                      1887
  AVERAGE         -2                        16    -18       28

PRECIPITATION (IN)
  YESTERDAY        0.00          0.40 1967   0.03  -0.03     0.05
  MONTH TO DATE    0.02                      0.19  -0.17     0.05
  SINCE DEC 1      2.16                      1.35   0.81     2.37
  SINCE JAN 1      0.02                      0.19  -0.17     0.05

SNOWFALL (IN)
  YESTERDAY        0.0           5.2  1932   0.4   -0.4      0.4
  MONTH TO DATE    T                         2.3   -2.3      0.4
  SINCE DEC 1     15.8                      14.2    1.6      9.9
  SINCE JUL 1     18.1                      24.1   -6.0     15.0
  SNOW DEPTH       1

DEGREE DAYS
 HEATING
  YESTERDAY       67                        49     18       37
  MONTH TO DATE  321                       294     27      247
  SINCE DEC 1   1679                      1698    -19     1318
  SINCE JUL 1   2723                      3317   -594     2493

 COOLING
  YESTERDAY        0                         0      0        0
  MONTH TO DATE    0                         0      0        0
  SINCE DEC 1      0                         0      0        0
  SINCE JAN 1      0                         0      0        0
..................................................................


WIND (MPH)
  HIGHEST WIND SPEED    10   HIGHEST WIND DIRECTION    NW (300)
  HIGHEST GUST SPEED    15   HIGHEST GUST DIRECTION     W (280)
  AVERAGE WIND SPEED     5.8


SKY COVER
  POSSIBLE SUNSHINE  MM
  AVERAGE SKY COVER 0.2


WEATHER CONDITIONS
 THE FOLLOWING WEATHER WAS RECORDED YESTERDAY.
  HAZE


RELATIVE HUMIDITY (PERCENT)
 HIGHEST    79           100 AM
 LOWEST     56           200 PM
 AVERAGE    68

..........................................................


THE TWIN CITIES MN CLIMATE NORMALS FOR TODAY
                         NORMAL    RECORD    YEAR
 MAXIMUM TEMPERATURE (F)   23        52      2003
 MINIMUM TEMPERATURE (F)    8       -34      1887


SUNRISE AND SUNSET
JANUARY  7 2017.......SUNRISE   750 AM CST   SUNSET   449 PM CST
JANUARY  8 2017.......SUNRISE   750 AM CST   SUNSET   450 PM CST


-  INDICATES NEGATIVE NUMBERS.
R  INDICATES RECORD WAS SET OR TIED.
MM INDICATES DATA IS MISSING.
T  INDICATES TRACE AMOUNT.




$$
