000
CDUS43 KMPX 120628
CLIMSP


CLIMATE REPORT
NATIONAL WEATHER SERVICE CHANHASSEN MN
128 AM CDT TUE SEP 12 2017


...................................

...THE TWIN CITIES MN CLIMATE SUMMARY FOR SEPTEMBER 11 2017...

CLIMATE NORMAL PERIOD 1981 TO 2010
CLIMATE RECORD PERIOD 1871 TO 2017


WEATHER ITEM   OBSERVED TIME   RECORD YEAR NORMAL DEPARTURE LAST
                VALUE   (LST)  VALUE       VALUE  FROM      YEAR
                                                  NORMAL
..................................................................
TEMPERATURE (F)
 YESTERDAY
  MAXIMUM         82    414 PM  96    1931  74      8       80
                                      1895
  MINIMUM         60    609 AM  35    1962  55      5       57
  AVERAGE         71                        64      7       69

PRECIPITATION (IN)
  YESTERDAY        0.00          3.11 1900   0.10  -0.10     0.00
  MONTH TO DATE    0.07                      1.19  -1.12     1.66
  SINCE SEP 1      0.07                      1.19  -1.12     1.66
  SINCE JAN 1     25.72                     23.36   2.36    27.98

SNOWFALL (IN)
  YESTERDAY        0.0           0.0    MM   0.0    0.0      0.0
  MONTH TO DATE    0.0                       0.0    0.0      0.0
  SINCE SEP 1      0.0                       0.0    0.0      0.0
  SINCE JUL 1      0.0                       0.0    0.0      0.0
  SNOW DEPTH       0

DEGREE DAYS
 HEATING
  YESTERDAY        0                         4     -4        0
  MONTH TO DATE   22                        27     -5        0
  SINCE SEP 1     22                        27     -5        0
  SINCE JUL 1     29                        46    -17        3

 COOLING
  YESTERDAY        6                         3      3        4
  MONTH TO DATE   29                        39    -10       54
  SINCE SEP 1     29                        39    -10       54
  SINCE JAN 1    717                       720     -3      925
..................................................................


WIND (MPH)
  HIGHEST WIND SPEED    16   HIGHEST WIND DIRECTION     S (170)
  HIGHEST GUST SPEED    21   HIGHEST GUST DIRECTION     S (170)
  AVERAGE WIND SPEED     6.3


SKY COVER
  POSSIBLE SUNSHINE  MM
  AVERAGE SKY COVER 0.2


WEATHER CONDITIONS
 THE FOLLOWING WEATHER WAS RECORDED YESTERDAY.
  NO SIGNIFICANT WEATHER WAS OBSERVED.


RELATIVE HUMIDITY (PERCENT)
 HIGHEST    90          1000 PM
 LOWEST     51           300 PM
 AVERAGE    71

..........................................................


THE TWIN CITIES MN CLIMATE NORMALS FOR TODAY
                         NORMAL    RECORD    YEAR
 MAXIMUM TEMPERATURE (F)   73        94      1948
                                             1908
 MINIMUM TEMPERATURE (F)   54        36      1940
                                             1878


SUNRISE AND SUNSET
SEPTEMBER 12 2017.....SUNRISE   648 AM CDT   SUNSET   729 PM CDT
SEPTEMBER 13 2017.....SUNRISE   650 AM CDT   SUNSET   727 PM CDT


-  INDICATES NEGATIVE NUMBERS.
R  INDICATES RECORD WAS SET OR TIED.
MM INDICATES DATA IS MISSING.
T  INDICATES TRACE AMOUNT.




$$
