000
CDUS43 KMPX 120714
CLIMSP


CLIMATE REPORT
NATIONAL WEATHER SERVICE CHANHASSEN MN
213 AM CDT WED APR 12 2017


...................................

...THE TWIN CITIES MN CLIMATE SUMMARY FOR APRIL 11 2017...

CLIMATE NORMAL PERIOD 1981 TO 2010
CLIMATE RECORD PERIOD 1871 TO 2017


WEATHER ITEM   OBSERVED TIME   RECORD YEAR NORMAL DEPARTURE LAST
                VALUE   (LST)  VALUE       VALUE  FROM      YEAR
                                                  NORMAL
..................................................................
TEMPERATURE (F)
 YESTERDAY
  MAXIMUM         53    506 PM  83    1968  56     -3       44
                                      1890
  MINIMUM         32    604 AM  12    1940  35     -3       31
  AVERAGE         43                        45     -2       38

PRECIPITATION (IN)
  YESTERDAY        T             1.58 1887   0.08  -0.08     0.00
  MONTH TO DATE    0.32                      0.85  -0.53     0.15
  SINCE MAR 1      1.00                      2.74  -1.74     2.41
  SINCE JAN 1      2.62                      4.41  -1.79     3.81

SNOWFALL (IN)
  YESTERDAY        T             5.7  1929   0.1   -0.1      0.0
  MONTH TO DATE    0.5                       1.2   -0.7      0.5
  SINCE MAR 1      5.2                      11.5   -6.3      5.9
  SINCE JUL 1     32.0                      53.2  -21.2     36.7
  SNOW DEPTH       1

DEGREE DAYS
 HEATING
  YESTERDAY       22                        20      2       27
  MONTH TO DATE  163                       245    -82      306
  SINCE MAR 1   1118                      1243   -125     1034
  SINCE JUL 1   5819                      7033  -1214     5899

 COOLING
  YESTERDAY        0                         0      0        0
  MONTH TO DATE    0                         0      0        0
  SINCE MAR 1      0                         0      0        0
  SINCE JAN 1      0                         0      0        0
..................................................................


WIND (MPH)
  HIGHEST WIND SPEED    15   HIGHEST WIND DIRECTION    NW (320)
  HIGHEST GUST SPEED    19   HIGHEST GUST DIRECTION    NW (320)
  AVERAGE WIND SPEED     6.4


SKY COVER
  POSSIBLE SUNSHINE  MM
  AVERAGE SKY COVER 0.6


WEATHER CONDITIONS
 THE FOLLOWING WEATHER WAS RECORDED YESTERDAY.
  LIGHT SNOW
  FOG


RELATIVE HUMIDITY (PERCENT)
 HIGHEST    89          1200 AM
 LOWEST     38           500 PM
 AVERAGE    64

..........................................................


THE TWIN CITIES MN CLIMATE NORMALS FOR TODAY
                         NORMAL    RECORD    YEAR
 MAXIMUM TEMPERATURE (F)   56        83      1931
 MINIMUM TEMPERATURE (F)   36        12      1962


SUNRISE AND SUNSET
APRIL 12 2017.........SUNRISE   633 AM CDT   SUNSET   755 PM CDT
APRIL 13 2017.........SUNRISE   631 AM CDT   SUNSET   756 PM CDT


-  INDICATES NEGATIVE NUMBERS.
R  INDICATES RECORD WAS SET OR TIED.
MM INDICATES DATA IS MISSING.
T  INDICATES TRACE AMOUNT.




$$
