000
CDUS43 KMPX 110052
CLIMSP


CLIMATE REPORT
NATIONAL WEATHER SERVICE CHANHASSEN MN
750 PM CDT TUE OCT 10 2017


...................................

...THE TWIN CITIES MN CLIMATE SUMMARY FOR OCTOBER 10 2017...
VALID TODAY AS OF 0700 PM LOCAL TIME.

CLIMATE NORMAL PERIOD 1981 TO 2010
CLIMATE RECORD PERIOD 1871 TO 2017


WEATHER ITEM   OBSERVED TIME   RECORD YEAR NORMAL DEPARTURE LAST
                VALUE   (LST)  VALUE       VALUE  FROM      YEAR
                                                  NORMAL
..................................................................
TEMPERATURE (F)
 TODAY
  MAXIMUM         52    257 PM  90    1928  61     -9       74
  MINIMUM         34    616 AM  25    1987  42     -8       49
                                      1964
  AVERAGE         43                        51     -8       62

PRECIPITATION (IN)
  TODAY            0.00          1.89 1898   0.08  -0.08     0.00
  MONTH TO DATE    3.20                      0.92   2.28     1.78
  SINCE SEP 1      4.24                      4.00   0.24     7.25
  SINCE JAN 1     29.89                     26.17   3.72    33.57

SNOWFALL (IN)
  TODAY            0.0           2.5  1977   0.0    0.0      0.0
  MONTH TO DATE    0.0                       0.0    0.0      0.0
  SINCE SEP 1      0.0                       T      0.0       T
  SINCE JUL 1      0.0                       T      0.0       T
  SNOW DEPTH       0

DEGREE DAYS
 HEATING
  TODAY           22                        14      8        3
  MONTH TO DATE   88                       122    -34       81
  SINCE SEP 1    153                       276   -123      131
  SINCE JUL 1    160                       295   -135      134

 COOLING
  TODAY            0                         0      0        0
  MONTH TO DATE    0                         3     -3        2
  SINCE SEP 1    141                        69     72       93
  SINCE JAN 1    829                       750     79      964
..................................................................


WIND (MPH)
  HIGHEST WIND SPEED    14   HIGHEST WIND DIRECTION    NE (40)
  HIGHEST GUST SPEED    21   HIGHEST GUST DIRECTION     N (20)
  AVERAGE WIND SPEED     5.5


SKY COVER
  POSSIBLE SUNSHINE  MM
  AVERAGE SKY COVER 0.4


WEATHER CONDITIONS
 THE FOLLOWING WEATHER WAS RECORDED TODAY.
  NO SIGNIFICANT WEATHER WAS OBSERVED.


RELATIVE HUMIDITY (PERCENT)
 HIGHEST    92           500 AM
 LOWEST     44           200 PM
 AVERAGE    68

..........................................................


THE TWIN CITIES MN CLIMATE NORMALS FOR TOMORROW
                         NORMAL    RECORD    YEAR
 MAXIMUM TEMPERATURE (F)   61        85      2015
 MINIMUM TEMPERATURE (F)   41        22      1876


SUNRISE AND SUNSET
OCTOBER 10 2017.......SUNRISE   722 AM CDT   SUNSET   636 PM CDT
OCTOBER 11 2017.......SUNRISE   724 AM CDT   SUNSET   635 PM CDT


-  INDICATES NEGATIVE NUMBERS.
R  INDICATES RECORD WAS SET OR TIED.
MM INDICATES DATA IS MISSING.
T  INDICATES TRACE AMOUNT.




$$
