000
CDUS43 KMPX 210100
CLIMSP


CLIMATE REPORT
NATIONAL WEATHER SERVICE CHANHASSEN MN
700 PM CST FRI FEB 20 2015


...................................

...THE TWIN CITIES MN CLIMATE SUMMARY FOR FEBRUARY 20 2015...
VALID TODAY AS OF 0700 PM LOCAL TIME.

CLIMATE NORMAL PERIOD 1981 TO 2010
CLIMATE RECORD PERIOD 1871 TO 2015


WEATHER ITEM   OBSERVED TIME   RECORD YEAR NORMAL DEPARTURE LAST
                VALUE   (LST)  VALUE       VALUE  FROM      YEAR
                                                  NORMAL
..................................................................
TEMPERATURE (F)
 TODAY
  MAXIMUM         25    529 PM  57    1981  31     -6       36
  MINIMUM          5   1222 AM -20    1889  15    -10       15
  AVERAGE         15                        23     -8       26

PRECIPITATION (IN)
  TODAY            0.07          0.85 2011   0.03   0.04     0.83
  MONTH TO DATE    0.31                      0.48  -0.17     1.30
  SINCE DEC 1      1.51                      2.54  -1.03     4.18
  SINCE JAN 1      0.65                      1.38  -0.73     2.72

SNOWFALL (IN)
  TODAY            0.8          11.8  2011   0.3    0.5      8.4
  MONTH TO DATE    4.5                       5.3   -0.8     15.8
  SINCE DEC 1     15.5                      29.4  -13.9     54.4
  SINCE JUL 1     24.9                      39.3  -14.4     55.5
  SNOW DEPTH       1

DEGREE DAYS
 HEATING
  TODAY           50                        42      8       39
  MONTH TO DATE 1047                       912    135     1085
  SINCE DEC 1   3718                      3847   -129     4469
  SINCE JUL 1   5511                      5466     45     5970

 COOLING
  TODAY            0                         0      0        0
  MONTH TO DATE    0                         0      0        0
  SINCE DEC 1      0                         0      0        0
  SINCE JAN 1      0                         0      0        0
..................................................................


WIND (MPH)
  HIGHEST WIND SPEED    18   HIGHEST WIND DIRECTION     S (170)
  HIGHEST GUST SPEED    24   HIGHEST GUST DIRECTION     S (180)
  AVERAGE WIND SPEED     9.3


SKY COVER
  POSSIBLE SUNSHINE  MM
  AVERAGE SKY COVER 1.0


WEATHER CONDITIONS
 THE FOLLOWING WEATHER WAS RECORDED TODAY.
  LIGHT SNOW
  FOG
  HAZE


RELATIVE HUMIDITY (PERCENT)
 HIGHEST    88           400 AM
 LOWEST     60           500 PM
 AVERAGE    74

..........................................................


THE TWIN CITIES MN CLIMATE NORMALS FOR TOMORROW
                         NORMAL    RECORD    YEAR
 MAXIMUM TEMPERATURE (F)   31        59      1930
 MINIMUM TEMPERATURE (F)   15       -21      1873


SUNRISE AND SUNSET
FEBRUARY 20 2015......SUNRISE   706 AM CST   SUNSET   548 PM CST
FEBRUARY 21 2015......SUNRISE   704 AM CST   SUNSET   549 PM CST


-  INDICATES NEGATIVE NUMBERS.
R  INDICATES RECORD WAS SET OR TIED.
MM INDICATES DATA IS MISSING.
T  INDICATES TRACE AMOUNT.




$$
