000
CDUS43 KMPX 152127
CLIMSP


CLIMATE REPORT
NATIONAL WEATHER SERVICE CHANHASSEN MN
427 PM CDT SUN MAY 15 2016


...................................

...THE TWIN CITIES MN CLIMATE SUMMARY FOR MAY 15 2016...
VALID AS OF 0400 PM LOCAL TIME.

CLIMATE NORMAL PERIOD 1981 TO 2010
CLIMATE RECORD PERIOD 1871 TO 2016


WEATHER ITEM   OBSERVED TIME   RECORD YEAR NORMAL DEPARTURE LAST
                VALUE   (LST)  VALUE       VALUE  FROM      YEAR
                                                  NORMAL
..................................................................
TEMPERATURE (F)
 TODAY
  MAXIMUM         65    210 PM  94    2001  69     -4       67
  MINIMUM         34    503 AM  31    1980  49    -15       53
                                      1907
  AVERAGE         50                        59     -9       60

PRECIPITATION (IN)
  TODAY            0.00          1.95 1911   0.10  -0.10     0.00
  MONTH TO DATE    1.25                      1.63  -0.38     1.60
  SINCE MAR 1      6.35                      6.18   0.17     4.69
  SINCE JAN 1      7.75                      7.85  -0.10     5.38

SNOWFALL (IN)
  TODAY            0.0           0.8  1907   0.0    0.0      0.0
  MONTH TO DATE    0.0                       0.0    0.0      0.0
  SINCE MAR 1      5.9                      12.7   -6.8      7.1
  SINCE JUL 1     36.7                      54.4  -17.7     32.4
  SNOW DEPTH       0

DEGREE DAYS
 HEATING
  TODAY           15                         7      8        5
  MONTH TO DATE  147                       134     13      100
  SINCE MAR 1   1384                      1662   -278     1457
  SINCE JUL 1   6249                      7452  -1203     7422

 COOLING
  TODAY            0                         1     -1        0
  MONTH TO DATE   11                        13     -2       12
  SINCE MAR 1     19                        18      1       12
  SINCE JAN 1     19                        18      1       12
..................................................................


WIND (MPH)
  HIGHEST WIND SPEED    20   HIGHEST WIND DIRECTION     W (270)
  HIGHEST GUST SPEED    28   HIGHEST GUST DIRECTION     W (250)
  AVERAGE WIND SPEED     8.3


SKY COVER
  POSSIBLE SUNSHINE  MM
  AVERAGE SKY COVER 0.2


WEATHER CONDITIONS
 THE FOLLOWING WEATHER WAS RECORDED TODAY.
  NO SIGNIFICANT WEATHER WAS OBSERVED.


RELATIVE HUMIDITY (PERCENT)
 HIGHEST    64           200 AM
 LOWEST     28           300 PM
 AVERAGE    46

..........................................................


THE TWIN CITIES MN CLIMATE NORMALS FOR TOMORROW
                         NORMAL    RECORD    YEAR
 MAXIMUM TEMPERATURE (F)   69        94      1934
 MINIMUM TEMPERATURE (F)   49        31      1929
                                             1890


SUNRISE AND SUNSET
MAY 15 2016...........SUNRISE   544 AM CDT   SUNSET   836 PM CDT
MAY 16 2016...........SUNRISE   543 AM CDT   SUNSET   837 PM CDT


-  INDICATES NEGATIVE NUMBERS.
R  INDICATES RECORD WAS SET OR TIED.
MM INDICATES DATA IS MISSING.
T  INDICATES TRACE AMOUNT.




$$
