000
CDUS43 KMPX 080154
CLIMSP


CLIMATE REPORT
NATIONAL WEATHER SERVICE CHANHASSEN MN
753 PM CST TUE NOV 7 2017


...................................

...THE TWIN CITIES MN CLIMATE SUMMARY FOR NOVEMBER 7 2017...
VALID TODAY AS OF 0700 PM LOCAL TIME.

CLIMATE NORMAL PERIOD 1981 TO 2010
CLIMATE RECORD PERIOD 1871 TO 2017


WEATHER ITEM   OBSERVED TIME   RECORD YEAR NORMAL DEPARTURE LAST
                VALUE   (LST)  VALUE       VALUE  FROM      YEAR
                                                  NORMAL
..................................................................
TEMPERATURE (F)
 TODAY
  MAXIMUM         36    321 PM  72    1874  46    -10       65
  MINIMUM         28    958 AM  -6    1991  31     -3       47
  AVERAGE         32                        39     -7       56

PRECIPITATION (IN)
  TODAY            0.00          1.67 1915   0.06  -0.06     0.00
  MONTH TO DATE    0.19                      0.42  -0.23     0.00
  SINCE SEP 1      5.72                      5.93  -0.21     8.88
  SINCE JAN 1     31.37                     28.10   3.27    35.20

SNOWFALL (IN)
  TODAY            0.0           4.2  1947   0.2   -0.2      0.0
  MONTH TO DATE    0.5                       1.2   -0.7      0.0
  SINCE SEP 1      0.6                       1.8   -1.2       T
  SINCE JUL 1      0.6                       1.8   -1.2       T
  SNOW DEPTH       0

DEGREE DAYS
 HEATING
  TODAY           33                        26      7        9
  MONTH TO DATE  222                       173     49       69
  SINCE SEP 1    704                       834   -130      488
  SINCE JUL 1    711                       853   -142      491

 COOLING
  TODAY            0                         0      0        0
  MONTH TO DATE    0                         0      0        0
  SINCE SEP 1    142                        72     70       93
  SINCE JAN 1    830                       753     77      964
..................................................................


WIND (MPH)
  HIGHEST WIND SPEED    13   HIGHEST WIND DIRECTION     N (360)
  HIGHEST GUST SPEED    17   HIGHEST GUST DIRECTION     N (20)
  AVERAGE WIND SPEED     6.7


SKY COVER
  POSSIBLE SUNSHINE  MM
  AVERAGE SKY COVER 0.6


WEATHER CONDITIONS
 THE FOLLOWING WEATHER WAS RECORDED TODAY.
  NO SIGNIFICANT WEATHER WAS OBSERVED.


RELATIVE HUMIDITY (PERCENT)
 HIGHEST    78          1200 AM
 LOWEST     47           100 PM
 AVERAGE    63

..........................................................


THE TWIN CITIES MN CLIMATE NORMALS FOR TOMORROW
                         NORMAL    RECORD    YEAR
 MAXIMUM TEMPERATURE (F)   46        77      1999
 MINIMUM TEMPERATURE (F)   30         1      1991


SUNRISE AND SUNSET
NOVEMBER  7 2017......SUNRISE   700 AM CST   SUNSET   453 PM CST
NOVEMBER  8 2017......SUNRISE   701 AM CST   SUNSET   452 PM CST


-  INDICATES NEGATIVE NUMBERS.
R  INDICATES RECORD WAS SET OR TIED.
MM INDICATES DATA IS MISSING.
T  INDICATES TRACE AMOUNT.




$$
