000
CDUS43 KMPX 062134
CLIMSP


CLIMATE REPORT
NATIONAL WEATHER SERVICE CHANHASSEN MN
433 PM CDT WED SEP 6 2017


...................................

...THE TWIN CITIES MN CLIMATE SUMMARY FOR SEPTEMBER 6 2017...
VALID TODAY AS OF 0400 PM LOCAL TIME.

CLIMATE NORMAL PERIOD 1981 TO 2010
CLIMATE RECORD PERIOD 1871 TO 2017


WEATHER ITEM   OBSERVED TIME   RECORD YEAR NORMAL DEPARTURE LAST
                VALUE   (LST)  VALUE       VALUE  FROM      YEAR
                                                  NORMAL
..................................................................
TEMPERATURE (F)
 TODAY
  MAXIMUM         68    133 PM  98    1922  76     -8       81
  MINIMUM         49    505 AM  35    1885  57     -8       71
  AVERAGE         59                        66     -7       76

PRECIPITATION (IN)
  TODAY            0.00          1.61 1881   0.11  -0.11     0.88
  MONTH TO DATE    0.07                      0.66  -0.59     1.41
  SINCE SEP 1      0.07                      0.66  -0.59     1.41
  SINCE JAN 1     25.72                     22.83   2.89    27.73

SNOWFALL (IN)
  TODAY            0.0           0.0    MM   0.0    0.0      0.0
  MONTH TO DATE    0.0                       0.0    0.0      0.0
  SINCE SEP 1      0.0                       0.0    0.0      0.0
  SINCE JUL 1      0.0                       0.0    0.0      0.0
  SNOW DEPTH       0

DEGREE DAYS
 HEATING
  TODAY            6                         2      4        0
  MONTH TO DATE   15                        11      4        0
  SINCE SEP 1     15                        11      4        0
  SINCE JUL 1     22                        30     -8        3

 COOLING
  TODAY            0                         4     -4       11
  MONTH TO DATE   17                        24     -7       34
  SINCE SEP 1     17                        24     -7       34
  SINCE JAN 1    705                       705      0      905
..................................................................


WIND (MPH)
  HIGHEST WIND SPEED    14   HIGHEST WIND DIRECTION    NW (330)
  HIGHEST GUST SPEED    23   HIGHEST GUST DIRECTION     N (350)
  AVERAGE WIND SPEED     6.9


SKY COVER
  POSSIBLE SUNSHINE  MM
  AVERAGE SKY COVER 0.6


WEATHER CONDITIONS
 THE FOLLOWING WEATHER WAS RECORDED TODAY.
  NO SIGNIFICANT WEATHER WAS OBSERVED.


RELATIVE HUMIDITY (PERCENT)
 HIGHEST    86           500 AM
 LOWEST     45           100 PM
 AVERAGE    66

..........................................................


THE TWIN CITIES MN CLIMATE NORMALS FOR TOMORROW
                         NORMAL    RECORD    YEAR
 MAXIMUM TEMPERATURE (F)   75        98      1976
 MINIMUM TEMPERATURE (F)   56        40      1956


SUNRISE AND SUNSET
SEPTEMBER  6 2017.....SUNRISE   641 AM CDT   SUNSET   740 PM CDT
SEPTEMBER  7 2017.....SUNRISE   642 AM CDT   SUNSET   738 PM CDT


-  INDICATES NEGATIVE NUMBERS.
R  INDICATES RECORD WAS SET OR TIED.
MM INDICATES DATA IS MISSING.
T  INDICATES TRACE AMOUNT.




$$
